NOAA Reports/Αναφορές NOAA

Select a Year or Month report
2024 > Jan Feb Mar Apr May Jun Jul Aug Sep Oct Nov Dec
2023 > Jan Feb Mar Apr May Jun Jul Aug Sep Oct Nov Dec
2022 > Jan Feb Mar Apr May Jun Jul Aug Sep Oct Nov Dec
2021 > Jan Feb Mar Apr May Jun Jul Aug Sep Oct Nov Dec
2020 > Jan Feb Mar Apr May Jun Jul Aug Sep Oct Nov Dec
2019 > Jan Feb Mar Apr May Jun Jul Aug Sep Oct Nov Dec
2018 > Jan Feb Mar Apr May Jun Jul Aug Sep Oct Nov Dec
2017 > Jan Feb Mar Apr May Jun Jul Aug Sep Oct Nov Dec
2016 > Jan Feb Mar Apr May Jun Jul Aug Sep Oct Nov Dec

Report for 2016 Feb
                   MONTHLY CLIMATOLOGICAL SUMMARY for FEB. 2016

NAME: anovianos   CITY: Ano Vianno   STATE: Greece 
ELEV:   545 m  LAT:  35 20' 00" N  LONG:  24 10' 00" E

                   TEMPERATURE (C), RAIN  (mm), WIND SPEED (km/hr)

                                      HEAT  COOL        AVG
    MEAN                              DEG   DEG         WIND                 DOM
DAY TEMP  HIGH   TIME   LOW    TIME   DAYS  DAYS  RAIN  SPEED HIGH   TIME    DIR
------------------------------------------------------------------------------------
 1
 2
 3  12.4  17.2   15:10  10.1   22:20   2.2   0.0   0.0   2.9  12.9   15:20    NE
 4  11.1  13.9   12:30   8.9    2:00   7.2   0.0   1.8   3.1  19.3   21:50    NE
 5   9.1  11.7   11:50   4.3   23:10   9.2   0.0  35.4  14.2  54.7   12:00   WNW
 6   5.5   7.1   14:50   3.6   11:10  12.8   0.0  15.8  17.4  95.0    7:40    NE
 7   6.1   8.3   14:30   4.6    5:00  12.2   0.0   0.0  15.9  67.6    4:40    NE
 8   7.6  12.1   14:30   3.8    6:30  10.8   0.0   0.0   4.7  41.8    3:00    NE
 9   8.4  13.6   15:40   4.5    5:10   9.9   0.0   0.0   5.1  27.4   13:10    NE
10  10.6  13.7   14:00   7.4    2:20   7.7   0.0   6.2   5.5  30.6    9:30   WNW
11  12.8  16.0   12:30  10.3   23:50   5.4   0.0   1.2   7.6  37.0    9:10    NW
12  14.6  18.3   16:50   9.1    1:10   3.7   0.0   0.0   5.1  25.7    3:00   ENE
13  15.3  17.3   15:50  12.9    6:40   3.0   0.0   0.0   4.0  22.5    0:10    NE
14  16.7  20.8   12:30  13.4    0:10   1.8   0.2   0.0   4.2  20.9   14:30    NE
15  20.3  23.4   12:50  15.8    2:50   0.2   2.2   0.0   6.6  35.4   22:10   ENE
16  20.8  24.3   13:30  18.1   21:30   0.0   2.5   0.0  10.5  35.4   10:50     E
17  20.1  23.8   12:20  15.6   23:40   0.2   1.9   0.0   4.8  27.4   15:40   ENE
18  18.8  22.2   15:40  12.7   22:30   0.9   1.4   0.0  14.6  53.1   11:40   ESE
19  14.9  19.2   13:20  11.9    3:00   3.4   0.0   0.0  10.0  41.8    9:20    NW
20  14.3  20.3   12:40  11.0    6:10   4.1   0.1   0.0   6.1  38.6   16:00    NE
21  10.1  12.4   15:50   7.5    3:50   8.2   0.0  11.2  18.3  91.7    7:10    NE
22  14.1  19.0   16:40  10.1    4:00   4.2   0.0   0.0  10.6  78.9    1:10    NE
23  16.5  20.8   12:00  10.8   23:50   2.3   0.5   0.0   4.0  30.6    2:20    NE
24  12.4  16.5   13:40   9.4    3:00   5.8   0.0   0.0   3.2  30.6   15:20    NE
25  14.7  19.6   12:50  10.3    7:50   3.8   0.1   0.0   2.9  16.1    1:50    NE
26  12.7  16.7   15:50   9.3   23:50   5.6   0.0   0.0   3.5  17.7   15:20    NE
27  12.7  17.1   14:00   8.9    2:40   5.6   0.0   0.0   3.5  17.7    5:30    NE
28  12.7  16.2   12:50   8.9    4:40   5.6   0.0   0.0   7.2  40.2   16:00    NE
29  18.9  23.1   13:30  12.1    0:30   0.7   1.3   0.0  16.6  45.1   17:40   ESE
-------------------------------------------------------------------------------------
    13.5  24.3    16     3.6     6   136.5  10.4  71.6   7.9  95.0     6      NE

Max >=  32.0:  0
Max <=   0.0:  0
Min <=   0.0:  0
Min <= -18.0:  0
Max Rain: 35.41 ON 05/02/16
Days of Rain: 6 (> .2 mm) 4 (> 2 mm) 1 (> 20 mm)
Heat Base:  18.3  Cool Base:  18.3  Method: Integration