NOAA Reports/Αναφορές NOAA

Select a Year or Month report
2024 > Jan Feb Mar Apr May Jun Jul Aug Sep Oct Nov Dec
2023 > Jan Feb Mar Apr May Jun Jul Aug Sep Oct Nov Dec
2022 > Jan Feb Mar Apr May Jun Jul Aug Sep Oct Nov Dec
2021 > Jan Feb Mar Apr May Jun Jul Aug Sep Oct Nov Dec
2020 > Jan Feb Mar Apr May Jun Jul Aug Sep Oct Nov Dec
2019 > Jan Feb Mar Apr May Jun Jul Aug Sep Oct Nov Dec
2018 > Jan Feb Mar Apr May Jun Jul Aug Sep Oct Nov Dec
2017 > Jan Feb Mar Apr May Jun Jul Aug Sep Oct Nov Dec
2016 > Jan Feb Mar Apr May Jun Jul Aug Sep Oct Nov Dec

Report for 2016 Apr
                   MONTHLY CLIMATOLOGICAL SUMMARY for APR. 2016

NAME: anovianos   CITY: Ano Vianno   STATE: Greece 
ELEV:   545 m  LAT:  35 20' 00" N  LONG:  24 10' 00" E

                   TEMPERATURE (C), RAIN  (mm), WIND SPEED (km/hr)

                                      HEAT  COOL        AVG
    MEAN                              DEG   DEG         WIND                 DOM
DAY TEMP  HIGH   TIME   LOW    TIME   DAYS  DAYS  RAIN  SPEED HIGH   TIME    DIR
------------------------------------------------------------------------------------
 1  15.9  20.8   15:30  12.2    7:10   2.8   0.4   0.0   3.9  19.3   16:00    NE
 2  15.8  20.5   15:20  11.7    7:10   2.8   0.3   0.0   3.1  16.1   12:50    NE
 3  16.3  21.8   16:00  12.0    6:00   2.6   0.6   0.0   2.3  20.9   15:50    NE
 4  16.1  22.7   15:10  10.2    6:10   3.1   0.9   0.0   2.3  17.7   11:30    NE
 5  19.2  24.4   14:40  12.8    0:30   1.1   2.1   0.0   3.4  17.7   13:40    NE
 6  19.2  24.0   11:50  15.6    6:30   0.7   1.6   0.0   2.7  17.7   12:30    NE
 7  20.8  26.7   15:40  15.7    3:30   0.5   3.0   0.0   8.4  53.1   20:20   ESE
 8  23.6  28.7   14:30  16.5    7:40   0.1   5.3   0.0   8.4  53.1    3:40   WNW
 9  16.7  21.6   15:00  12.1   22:50   2.1   0.5   0.0   8.0  41.8   17:20   WNW
10  15.8  19.9   12:30  11.6   23:10   2.5   0.1   0.0  10.0  40.2   17:20    NE
11  14.2  18.7   14:50  10.6    7:00   4.1   0.0   0.6  11.6  45.1   10:00    NW
12  16.1  19.2   14:20  13.5    4:40   2.3   0.1   0.0  11.4  56.3   16:00   WNW
13  19.3  23.8   16:30  15.6    7:30   0.8   1.8   0.0   8.2  37.0    2:40    NE
14  22.2  27.3   17:20  16.8    7:20   0.2   4.0   0.0   4.2  19.3    0:10    NE
15  23.4  27.5   15:50  17.4   23:20   0.0   5.2   0.0   8.4  40.2   13:30    NE
16  21.2  27.2   14:30  15.7    4:30   0.5   3.4   0.0   4.7  22.5   14:50    NE
17  22.1  26.5   15:00  17.5    7:30   0.1   3.9   0.0   4.5  22.5   13:10    NE
18  24.1  28.0   12:30  17.4    7:50   0.0   5.8   0.0   5.8  30.6   12:10    NE
19  21.4  26.7   13:30  17.4    7:20   0.1   3.2   0.0   5.8  20.9   14:40    NE
20  21.3  25.0   12:20  16.6    3:50   0.2   3.2   0.0   2.7  12.9   20:40    NE
21  20.2  24.6    0:10  14.4   20:40   0.4   2.3   0.0  18.3  59.5    8:00    NE
22  17.1  23.0   17:30  12.2    7:00   2.4   1.2   0.0   5.5  27.4   15:50   ENE
23  17.4  23.2   13:20  13.8    2:10   1.8   0.9   0.0   4.0  30.6   12:40    NE
24  18.6  23.0   16:20  14.2    6:40   1.2   1.4   0.0   6.3  45.1   00:00   WNW
25  17.0  20.6   14:10  13.6    5:20   1.5   0.2   0.0   6.8  45.1    0:20    NW
26  16.0  20.4   14:40  10.8    7:10   2.6   0.2   0.0   7.2  35.4    5:10   WNW
27  14.8  19.9   12:20   9.9    6:50   3.6   0.1   0.0   4.5  24.1    0:30    NE
28  18.8  23.2   12:50  12.5    0:10   0.9   1.4   0.0   6.1  32.2   11:50    NE
29  21.2  25.7   11:50  15.7    3:40   0.5   3.3   0.0   6.4  48.3   23:40    NE
30  21.6  25.6   13:50  17.6   20:00   0.0   3.4   0.0  13.0  51.5   16:10    NE
-------------------------------------------------------------------------------------
    18.9  28.7     8     9.9    27    41.5  59.9   0.6   6.6  59.5    21      NE

Max >=  32.0:  0
Max <=   0.0:  0
Min <=   0.0:  0
Min <= -18.0:  0
Max Rain: 0.61 ON 11/04/16
Days of Rain: 1 (> .2 mm) 0 (> 2 mm) 0 (> 20 mm)
Heat Base:  18.3  Cool Base:  18.3  Method: Integration