NOAA Reports/Αναφορές NOAA

Select a Year or Month report
2024 > Jan Feb Mar Apr May Jun Jul Aug Sep Oct Nov Dec
2023 > Jan Feb Mar Apr May Jun Jul Aug Sep Oct Nov Dec
2022 > Jan Feb Mar Apr May Jun Jul Aug Sep Oct Nov Dec
2021 > Jan Feb Mar Apr May Jun Jul Aug Sep Oct Nov Dec
2020 > Jan Feb Mar Apr May Jun Jul Aug Sep Oct Nov Dec
2019 > Jan Feb Mar Apr May Jun Jul Aug Sep Oct Nov Dec
2018 > Jan Feb Mar Apr May Jun Jul Aug Sep Oct Nov Dec
2017 > Jan Feb Mar Apr May Jun Jul Aug Sep Oct Nov Dec
2016 > Jan Feb Mar Apr May Jun Jul Aug Sep Oct Nov Dec

Report for 2016 May
                   MONTHLY CLIMATOLOGICAL SUMMARY for MAY. 2016

NAME: anovianos   CITY: Ano Vianno   STATE: Greece 
ELEV:   545 m  LAT:  35 20' 00" N  LONG:  24 10' 00" E

                   TEMPERATURE (C), RAIN  (mm), WIND SPEED (km/hr)

                                      HEAT  COOL        AVG
    MEAN                              DEG   DEG         WIND                 DOM
DAY TEMP  HIGH   TIME   LOW    TIME   DAYS  DAYS  RAIN  SPEED HIGH   TIME    DIR
------------------------------------------------------------------------------------
 1  20.4  25.1   13:50  17.3   22:50   0.1   2.2   0.0  10.5  45.1    4:20    NE
 2  18.2  22.6   17:40  15.3    8:20   0.8   0.8   6.0   3.5  25.7    7:40    NE
 3  15.4  18.3   14:30  12.3   20:00   2.9   0.0   1.0  12.6  54.7   16:30   WNW
 4  14.6  18.8   15:10  12.2    6:00   3.8   0.0   3.2  13.5  46.7   18:40    NW
 5  14.3  18.4   13:20  12.2    6:10   4.0   0.0   0.8  10.1  46.7   17:20    NW
 6  15.1  20.2   15:10  12.2    6:10   3.3   0.1   0.0   9.0  41.8   15:20    NE
 7  14.7  18.8   14:00  12.3   00:00   3.6   0.0   0.0   5.6  35.4    5:50    NE
 8  15.1  18.8   14:50  12.3    0:10   3.2   0.0   0.0   3.9  24.1   13:30    NE
 9  17.2  22.2   15:20  13.1    7:00   1.9   0.9   0.0   3.2  22.5    1:40    NE
10  20.9  24.6   15:20  15.1    0:50   0.2   2.8   0.0   7.9  40.2   14:30    NW
11  22.4  26.3   12:40  18.8    7:30   0.0   4.1   0.2   6.0  35.4    0:20    NE
12  24.3  29.7   15:50  19.6    1:10   0.0   6.0   1.8   5.1  38.6    1:10    NE
13  27.3  29.9   10:30  22.9    0:10   0.0   9.0   0.0   7.1  35.4   22:50   WNW
14  24.9  27.7    0:40  21.6    5:40   0.0   6.7   0.0   4.5  45.1   16:30    NE
15  21.8  25.8    7:50  16.2   23:50   0.2   3.7   2.0   5.3  46.7   16:30    NE
16  19.2  24.1   14:40  13.7    3:40   1.2   2.1   0.0   4.5  25.7   00:00    NE
17  19.4  23.4   16:10  14.8    5:00   0.6   1.7   0.0   6.0  33.8    8:10    NE
18  19.1  23.1   14:20  15.7    6:50   0.7   1.6   0.0   7.9  37.0   13:40    NE
19  18.3  22.8   12:50  13.8    3:30   1.3   1.3   0.0   3.1  20.9   16:10    NE
20  20.7  25.2   14:20  15.6    5:00   0.4   2.9   0.0   3.7  30.6    6:00   ENE
21  19.8  23.7    3:40  14.7   23:50   0.5   2.0   0.6   9.0  45.1    8:00   ESE
22  16.5  21.1   13:10  13.5    5:40   2.3   0.5   1.8  10.3  51.5   15:20    NW
23  17.5  21.1   16:40  14.7    3:40   1.4   0.6   0.0  13.8  56.3   15:40    NE
24  21.1  25.2   14:50  16.9    7:00   0.1   2.9   0.0  10.3  43.5   23:20   WNW
25  20.9  25.1   14:00  16.6   23:20   0.2   2.8   0.0  11.3  45.1    8:50    NW
26  20.2  25.2   15:30  15.3    3:10   0.6   2.5   0.0   7.7  45.1   18:50    NE
27  21.5  24.9   16:00  18.4    4:50   0.0   3.2   0.0   9.2  51.5    9:20   WNW
28  21.3  24.4   18:00  18.4    2:00   0.0   3.0   0.0   7.9  56.3   13:10    NE
29  23.6  27.7   16:50  19.4    0:20   0.0   5.2   0.0   5.6  29.0   10:30    NE
30  24.8  29.2   18:00  21.3    1:40   0.0   6.5   0.0   4.3  22.5   14:00    NE
31  28.4  34.7   13:50  20.4    5:40   0.0  10.2   0.0   5.8  33.8   15:20    NE
-------------------------------------------------------------------------------------
    20.0  34.7    31    12.2     4    33.3  85.0  17.4   7.4  56.3    23      NE

Max >=  32.0:  1
Max <=   0.0:  0
Min <=   0.0:  0
Min <= -18.0:  0
Max Rain: 5.99 ON 02/05/16
Days of Rain: 9 (> .2 mm) 3 (> 2 mm) 0 (> 20 mm)
Heat Base:  18.3  Cool Base:  18.3  Method: Integration