NOAA Reports/Αναφορές NOAA

Select a Year or Month report
2024 > Jan Feb Mar Apr May Jun Jul Aug Sep Oct Nov Dec
2023 > Jan Feb Mar Apr May Jun Jul Aug Sep Oct Nov Dec
2022 > Jan Feb Mar Apr May Jun Jul Aug Sep Oct Nov Dec
2021 > Jan Feb Mar Apr May Jun Jul Aug Sep Oct Nov Dec
2020 > Jan Feb Mar Apr May Jun Jul Aug Sep Oct Nov Dec
2019 > Jan Feb Mar Apr May Jun Jul Aug Sep Oct Nov Dec
2018 > Jan Feb Mar Apr May Jun Jul Aug Sep Oct Nov Dec
2017 > Jan Feb Mar Apr May Jun Jul Aug Sep Oct Nov Dec
2016 > Jan Feb Mar Apr May Jun Jul Aug Sep Oct Nov Dec

Report for 2016 Jul
                   MONTHLY CLIMATOLOGICAL SUMMARY for JUL. 2016

NAME: anovianos   CITY: Ano Vianno   STATE: Greece 
ELEV:   545 m  LAT:  35 20' 00" N  LONG:  24 10' 00" E

                   TEMPERATURE (C), RAIN  (mm), WIND SPEED (km/hr)

                                      HEAT  COOL        AVG
    MEAN                              DEG   DEG         WIND                 DOM
DAY TEMP  HIGH   TIME   LOW    TIME   DAYS  DAYS  RAIN  SPEED HIGH   TIME    DIR
------------------------------------------------------------------------------------
 1  27.1  31.3   13:20  22.7    5:20   0.0   8.8   0.0  11.9  40.2   15:10    NE
 2  28.0  32.1   13:50  24.8    5:40   0.0   9.7   0.0  13.5  43.5   15:50    NE
 3  27.8  31.3   12:40  25.4    5:20   0.0   9.5   0.0  12.4  43.5    4:50    NE
 4  25.7  28.8   15:30  23.4    6:40   0.0   7.4   0.0  15.0  57.9   23:20    NE
 5  25.9  29.1   16:00  22.9    7:00   0.0   7.6   0.0  18.3  62.8   14:00    NE
 6  27.6  32.2   14:20  23.6    5:30   0.0   9.2   0.0  14.5  46.7    9:50    NE
 7  26.0  29.0   14:50  22.7   23:10   0.0   7.7   0.0  13.0  49.9   23:00    NE
 8  24.6  28.9   15:50  22.3    6:00   0.0   6.3   0.0  20.3  66.0    3:20    NE
 9  25.7  29.9   15:00  23.1    6:00   0.0   7.4   0.0  18.7  59.5    0:50    NE
10  26.6  30.6   13:10  22.7    7:00   0.0   8.3   0.0  16.4  53.1    3:40    NE
11  27.1  31.4   14:00  24.4    8:20   0.0   8.8   0.0  15.6  51.5   10:00    NE
12  26.9  30.3   16:10  23.2   00:00   0.0   8.6   0.0  10.6  38.6    4:50   WNW
13  26.1  30.8   16:10  21.1    4:30   0.0   7.8   0.0   3.9  33.8   14:30    NE
14  28.2  33.3   17:30  21.7    6:20   0.0   9.9   0.0   7.1  40.2   15:10    NE
15  29.7  35.8   13:10  23.6    6:20   0.0  11.4   0.0   3.7  22.5   12:00    NE
16  28.4  33.2   16:20  20.7   00:00   0.0  10.1   0.0   7.2  32.2   17:10    NE
17  24.7  29.6   16:20  19.7    7:30   0.0   6.4   0.0   7.6  40.2   15:40   WNW
18  24.8  28.6   14:20  20.6    3:30   0.0   6.5   0.0  11.1  49.9   23:00    NE
19  23.7  27.3   12:50  21.5    5:50   0.0   5.4   0.0  18.0  53.1    6:00    NE
20  23.9  28.6   15:50  21.4    2:50   0.0   5.6   0.0  16.1  53.1   19:50    NE
21  23.3  27.0   14:40  20.6    5:50   0.0   5.0   0.0  16.9  56.3    6:30    NE
22  25.7  29.8   16:10  21.1    4:00   0.0   7.4   0.0  11.7  41.8    4:10    NE
23  26.8  30.4   14:30  23.4    7:30   0.0   8.5   0.0  11.3  40.2   16:00    NE
24  29.1  33.4   15:20  26.3    0:10   0.0  10.8   0.0  15.9  48.3   19:50    NE
25  28.9  33.7   13:40  26.4    0:10   0.0  10.7   0.0  15.0  46.7    1:00    NE
26  28.0  30.9   14:10  25.1    6:50   0.0   9.7   0.0  14.6  49.9   14:50    NE
27  27.3  31.6   15:20  23.7    7:00   0.0   9.0   0.0  14.6  54.7    8:10    NE
28  26.7  31.2   15:40  23.2    5:20   0.0   8.4   0.0  16.3  48.3    6:00    NE
29  26.9  31.6   15:00  23.6    7:00   0.0   8.6   0.0  16.7  48.3   16:40    NE
30  26.9  31.2   15:40  24.4    7:40   0.0   8.7   0.0  18.3  57.9   18:00    NE
31  27.3  31.0   15:50  24.5    4:00   0.0   9.0   0.0  18.0  53.1    2:00    NE
-------------------------------------------------------------------------------------
    26.6  35.8    15    19.7    17     0.0 258.2   0.0  13.7  66.0     8      NE

Max >=  32.0:  7
Max <=   0.0:  0
Min <=   0.0:  0
Min <= -18.0:  0
Max Rain: 0.00 ON 01/07/16
Days of Rain: 0 (> .2 mm) 0 (> 2 mm) 0 (> 20 mm)
Heat Base:  18.3  Cool Base:  18.3  Method: Integration