NOAA Reports/Αναφορές NOAA

Select a Year or Month report
2024 > Jan Feb Mar Apr May Jun Jul Aug Sep Oct Nov Dec
2023 > Jan Feb Mar Apr May Jun Jul Aug Sep Oct Nov Dec
2022 > Jan Feb Mar Apr May Jun Jul Aug Sep Oct Nov Dec
2021 > Jan Feb Mar Apr May Jun Jul Aug Sep Oct Nov Dec
2020 > Jan Feb Mar Apr May Jun Jul Aug Sep Oct Nov Dec
2019 > Jan Feb Mar Apr May Jun Jul Aug Sep Oct Nov Dec
2018 > Jan Feb Mar Apr May Jun Jul Aug Sep Oct Nov Dec
2017 > Jan Feb Mar Apr May Jun Jul Aug Sep Oct Nov Dec
2016 > Jan Feb Mar Apr May Jun Jul Aug Sep Oct Nov Dec

Report for 2016 Sep
                   MONTHLY CLIMATOLOGICAL SUMMARY for SEP. 2016

NAME: anovianos   CITY: Ano Vianno   STATE: Greece 
ELEV:   545 m  LAT:  35 20' 00" N  LONG:  24 10' 00" E

                   TEMPERATURE (C), RAIN  (mm), WIND SPEED (km/hr)

                                      HEAT  COOL        AVG
    MEAN                              DEG   DEG         WIND                 DOM
DAY TEMP  HIGH   TIME   LOW    TIME   DAYS  DAYS  RAIN  SPEED HIGH   TIME    DIR
------------------------------------------------------------------------------------
 1  25.5  29.2   13:40  22.9    7:20   0.0   7.2   0.0  16.9  53.1   15:10    NE
 2  24.2  28.2   13:50  21.6    7:20   0.0   5.9   0.0  19.0  61.2    5:00    NE
 3  22.3  26.2   13:00  20.2   00:00   0.0   4.0   0.0  15.4  54.7   23:00    NE
 4  22.7  26.7   16:20  20.2    0:10   0.0   4.4   0.0  14.2  51.5    1:50    NE
 5  23.0  27.3   17:10  19.6    7:10   0.0   4.7   0.0   8.4  38.6    0:30    NE
 6  22.1  26.1   13:10  18.3    5:40   0.0   3.8   0.0   5.3  27.4   15:20    NE
 7  24.5  29.8   15:20  19.2    7:10   0.0   6.2   0.0   3.7  20.9   15:50    NE
 8  28.2  32.7   13:30  24.1    1:00   0.0   9.9   0.0   4.8  22.5   14:20    NE
 9  28.3  32.4   13:30  21.7   00:00   0.0  10.0   0.0   3.5  24.1   12:40   ENE
10  23.7  28.7   15:00  19.3    4:50   0.0   5.4   0.0   4.0  25.7   18:20   WNW
11  22.9  27.0   15:00  18.8    7:40   0.0   4.6   1.0   4.0  22.5   19:20    NE
12  23.2  28.1   17:10  18.6    7:20   0.0   4.9   0.0   6.1  35.4   13:30    NE
13  23.3  27.7   15:20  20.6   22:40   0.0   5.0   0.0   8.5  41.8   12:40    NW
14  22.8  26.9   16:00  18.4    4:20   0.0   4.5   0.0   7.7  35.4    0:50    NW
15  23.7  27.7   13:40  20.9    6:10   0.0   5.4   0.0  10.9  46.7    5:30    NE
16  23.6  27.4   14:20  21.3    3:30   0.0   5.3   0.0  10.6  49.9    1:40    NE
17  25.9  29.8   16:30  23.0    6:20   0.0   7.6   0.0  11.3  41.8    1:40    NE
18  27.9  32.6   16:50  22.9    7:40   0.0   9.6   0.0   4.8  30.6    0:10   ENE
19  28.3  33.2   14:40  24.7    6:50   0.0  10.0   0.0   7.6  41.8   14:40    NE
20  24.0  27.5    1:10  20.9   20:10   0.0   5.7   1.6   5.8  30.6   20:10    NE
21  21.7  25.8   11:50  18.7    5:50   0.0   3.4   4.0   4.5  27.4   22:10    NE
22  21.4  24.6   11:00  18.1    7:40   0.0   3.1   2.8   6.4  30.6   15:00    NE
23  19.7  22.7   14:10  17.0   23:10   0.1   1.5   0.6  13.8  57.9   22:00    NE
24  18.7  22.8   14:30  16.6    5:50   0.7   1.1   0.0  17.7  51.5    6:30    NE
25  18.7  22.6   14:10  16.7    7:40   0.7   1.1   0.0  14.2  51.5    2:00    NE
26  19.0  22.9   15:50  16.7    5:20   0.5   1.2   0.0  12.1  41.8   13:40    NE
27  19.7  23.5   14:20  17.5    7:30   0.1   1.5   0.0  11.7  46.7   21:40    NE
28  20.3  24.4   15:20  17.4    7:10   0.2   2.2   0.0  11.1  46.7    0:10    NE
29  21.7  27.2   14:20  17.2    0:40   0.1   3.5   0.0   6.9  37.0    3:20   ENE
30  21.1  27.1   14:40  15.9    8:00   0.3   3.2   0.0   3.5  30.6   14:50   ENE
-------------------------------------------------------------------------------------
    23.1  33.2    19    15.9    30     2.7 146.0  10.0   9.2  61.2     2      NE

Max >=  32.0:  4
Max <=   0.0:  0
Min <=   0.0:  0
Min <= -18.0:  0
Max Rain: 3.99 ON 21/09/16
Days of Rain: 5 (> .2 mm) 2 (> 2 mm) 0 (> 20 mm)
Heat Base:  18.3  Cool Base:  18.3  Method: Integration