NOAA Reports/Αναφορές NOAA

Select a Year or Month report

Report for 2016 Oct
                   MONTHLY CLIMATOLOGICAL SUMMARY for OCT. 2016

NAME: anovianos   CITY: Ano Vianno   STATE: Greece 
ELEV:   545 m  LAT:  35 20' 00" N  LONG:  24 10' 00" E

                   TEMPERATURE (C), RAIN  (mm), WIND SPEED (km/hr)

                                      HEAT  COOL        AVG
    MEAN                              DEG   DEG         WIND                 DOM
DAY TEMP  HIGH   TIME   LOW    TIME   DAYS  DAYS  RAIN  SPEED HIGH   TIME    DIR
------------------------------------------------------------------------------------
 1  21.3  28.3   15:10  16.6    5:20   0.3   3.3   0.0   4.5  35.4   13:30   ENE
 2  21.5  27.9   14:30  17.2    6:50   0.1   3.3   0.0   2.9  14.5   12:50    NE
 3  24.3  29.8   15:00  19.1    5:50   0.0   6.0   0.0   5.1  35.4   13:30    NE
 4  24.5  28.8   14:20  20.5   23:10   0.0   6.2   0.0   3.5  30.6   11:20   ENE
 5  22.5  26.6   15:40  18.8   22:50   0.0   4.2   0.0   7.2  38.6   12:30    NE
 6  20.9  24.8   12:00  18.2    4:30   0.0   2.6   1.4   4.3  22.5   17:10    NE
 7  22.0  25.7   17:20  19.2    2:30   0.0   3.7   0.0   5.6  24.1   11:50    NE
 8  23.7  28.7   14:20  19.8    8:40   0.0   5.4   0.0   4.7  29.0   16:50   WNW
 9  20.7  25.3   14:10  17.7    7:00   0.1   2.5   0.0   3.5  19.3   14:50    NE
10  20.0  24.6   16:00  16.4    6:40   0.4   2.1   0.0   2.3  14.5   13:20    NE
11  24.8  30.2   14:50  19.4    4:10   0.0   6.5   0.0   3.5  25.7   16:00   ENE
12  23.1  27.3   11:40  17.8   23:30   0.0   4.8   0.0   5.8  33.8   20:50   WNW
13  20.3  25.4   14:10  16.6    3:50   0.4   2.3   0.0   4.2  29.0   13:50    NE
14  20.0  25.8   15:40  14.1    6:50   1.0   2.7   0.0   4.3  27.4   14:30    NE
15  22.3  25.2   14:30  20.3   23:50   0.0   4.0   0.0  11.9  51.5   23:30    NE
16  22.9  27.4   12:40  17.6    7:40   0.0   4.6   0.0   6.3  54.7    2:10    NE
17  21.4  25.8   12:40  17.9   22:20   0.0   3.2   0.0   7.7  45.1   22:50    NE
18  16.3  18.7   13:10  14.4   19:50   1.9   0.0   0.0  21.1  64.4   21:30    NE
19  16.7  21.1   17:10  14.0    6:50   2.1   0.5   0.0  11.3  53.1    2:50    NE
20  17.0  21.7   13:00  13.6    4:40   2.1   0.8   0.0   3.9  29.0   15:40   WNW
21  17.6  22.3   14:30  14.0    3:30   1.6   0.9   0.0   2.1  16.1   12:10   ENE
22  20.2  25.9   15:40  15.9    7:40   0.6   2.5   0.0   3.9  27.4   11:10   ENE
23  21.3  26.1   12:10  18.1    7:40   0.0   3.0   0.0   2.6  27.4   00:00   ENE
24  20.2  23.0   12:50  17.3   23:40   0.1   1.9   0.0  11.6  49.9   20:50    NE
25  17.7  20.4   13:40  15.8   23:10   1.0   0.3   0.0  21.1  69.2    9:30    NE
26  18.3  22.6   14:00  15.6    7:50   1.0   1.0   0.0  19.6  72.4    6:30    NE
27  17.4  21.6   16:10  14.4    7:40   1.5   0.7   0.0   3.4  40.2    1:10   ENE
28  17.6  22.8   13:40  14.4    3:50   1.4   0.7   0.0   3.7  29.0    7:50   ENE
29  17.2  22.2   14:10  13.9   00:00   1.9   0.7   0.0   3.1  25.7   18:30   ENE
30  17.2  22.4   12:30  12.8    5:20   2.1   1.0   0.0   4.0  35.4   13:50   WNW
31  15.8  18.6   14:00  12.2   19:10   2.5   0.0  72.6  11.1  64.4   16:10    NE
-------------------------------------------------------------------------------------
    20.2  30.2    11    12.2    31    22.2  81.8  74.0   6.8  72.4    26      NE

Max >=  32.0:  0
Max <=   0.0:  0
Min <=   0.0:  0
Min <= -18.0:  0
Max Rain: 72.59 ON 31/10/16
Days of Rain: 2 (> .2 mm) 1 (> 2 mm) 1 (> 20 mm)
Heat Base:  18.3  Cool Base:  18.3  Method: Integration