NOAA Reports/Αναφορές NOAA

Select a Year or Month report
2024 > Jan Feb Mar Apr May Jun Jul Aug Sep Oct Nov Dec
2023 > Jan Feb Mar Apr May Jun Jul Aug Sep Oct Nov Dec
2022 > Jan Feb Mar Apr May Jun Jul Aug Sep Oct Nov Dec
2021 > Jan Feb Mar Apr May Jun Jul Aug Sep Oct Nov Dec
2020 > Jan Feb Mar Apr May Jun Jul Aug Sep Oct Nov Dec
2019 > Jan Feb Mar Apr May Jun Jul Aug Sep Oct Nov Dec
2018 > Jan Feb Mar Apr May Jun Jul Aug Sep Oct Nov Dec
2017 > Jan Feb Mar Apr May Jun Jul Aug Sep Oct Nov Dec
2016 > Jan Feb Mar Apr May Jun Jul Aug Sep Oct Nov Dec

Report for 2016 Nov
                   MONTHLY CLIMATOLOGICAL SUMMARY for NOV. 2016

NAME: anovianos   CITY: Ano Vianno   STATE: Greece 
ELEV:   545 m  LAT:  35 20' 00" N  LONG:  24 10' 00" E

                   TEMPERATURE (C), RAIN  (mm), WIND SPEED (km/hr)

                                      HEAT  COOL        AVG
    MEAN                              DEG   DEG         WIND                 DOM
DAY TEMP  HIGH   TIME   LOW    TIME   DAYS  DAYS  RAIN  SPEED HIGH   TIME    DIR
------------------------------------------------------------------------------------
 1  12.6  14.6   13:10  11.2    5:10   5.8   0.0   0.0  22.2  69.2   11:10    NE
 2  13.8  18.4   14:30  10.6   23:40   4.5   0.0   0.0   7.1  48.3    2:50    NE
 3  14.5  19.3   14:20  10.1    0:20   3.8   0.0   0.0   3.9  19.3   14:50    NE
 4  15.8  19.6   13:20  12.4    6:40   2.6   0.2   0.0   4.3  16.1    4:30    NE
 5  17.6  21.9   14:40  14.4    6:20   1.5   0.8   0.0   2.3  14.5   13:30    NE
 6  17.3  21.5   15:00  14.9    5:20   1.7   0.7   0.0   3.2  16.1   13:10    NE
 7  18.6  22.7   14:40  15.2    6:20   0.9   1.1   0.0   3.5  16.1   12:30   ENE
 8  20.8  25.0   11:40  17.9    0:10   0.0   2.5   0.0   4.8  20.9   13:10   ESE
 9  18.4  20.7    1:00  13.9   20:40   0.7   0.8   0.4  11.1  51.5   19:30   ESE
10  16.4  19.6   15:20  14.0    6:30   2.0   0.1   0.0   9.2  46.7    3:10    NW
11  17.0  20.3   12:40  14.7   21:40   1.6   0.3   0.0   6.6  27.4   11:40   WNW
12  16.8  20.8   12:40  14.3    3:40   1.8   0.3   0.0   3.4  17.7   11:00    NE
13  16.9  20.2   13:40  14.6   20:50   1.6   0.2   0.6   6.1  29.0    8:10   WNW
14  15.1  18.8   15:00  12.7   23:10   3.2   0.0   0.0   3.9  25.7   12:40    NW
15  13.6  17.4   11:00  11.6   22:20   4.7   0.0   0.0   8.7  48.3   20:30    NE
16  12.6  14.7   10:20  11.1   23:30   5.7   0.0   0.0  11.7  53.1    1:20    NE
17  11.9  14.5   14:10  10.4    6:30   6.4   0.0   0.0  10.6  41.8    3:40    NE
18  12.1  16.2   13:20   8.8    6:00   6.2   0.0   0.0   1.9  12.9   12:20   ENE
19  14.1  18.1   11:30  10.8    0:40   4.2   0.0   0.0   2.9  17.7   11:10    NE
20  14.2  19.3   14:40  11.3    4:00   4.1   0.0   0.0   2.4  19.3   14:30   ENE
21  14.6  20.1   13:40  10.9    6:10   3.8   0.1   0.0   2.9  22.5   15:20   ENE
22  14.7  19.8   13:10  11.9   00:00   3.7   0.1   0.0   2.1  24.1   12:30   ENE
23  14.7  20.0   11:50  11.6   23:30   3.7   0.2   0.0   2.9  24.1   13:20   ENE
24  13.4  18.3   14:00  10.6    3:30   4.9   0.0   0.0   2.9  22.5   15:20   ENE
25  13.5  18.1   12:30  10.7    6:50   4.8   0.0   0.0   2.9  17.7   13:50    NE
26  14.2  18.8   13:30  11.3    7:40   4.2   0.0   0.0   3.4  14.5   14:50    NE
27  14.8  18.2   13:20  12.1    4:00   3.5   0.0   0.0   4.3  27.4   12:40   ESE
28  15.9  17.9   12:30  15.3    1:30   2.3   0.0   0.0   5.6  37.0   12:00   ESE
29  14.9  18.0   12:50  12.4   17:10   3.4   0.0   7.6   5.6  53.1   17:00   ENE
30  11.7  15.4   13:40   7.1   21:50   6.6   0.0   6.2  10.6  40.2    5:00    NE
-------------------------------------------------------------------------------------
    15.1  25.0     8     7.1    30   104.0   7.5  14.8   5.8  69.2     1      NE

Max >=  32.0:  0
Max <=   0.0:  0
Min <=   0.0:  0
Min <= -18.0:  0
Max Rain: 7.59 ON 29/11/16
Days of Rain: 4 (> .2 mm) 2 (> 2 mm) 0 (> 20 mm)
Heat Base:  18.3  Cool Base:  18.3  Method: Integration