NOAA Reports/Αναφορές NOAA

Select a Year or Month report
2024 > Jan Feb Mar Apr May Jun Jul Aug Sep Oct Nov Dec
2023 > Jan Feb Mar Apr May Jun Jul Aug Sep Oct Nov Dec
2022 > Jan Feb Mar Apr May Jun Jul Aug Sep Oct Nov Dec
2021 > Jan Feb Mar Apr May Jun Jul Aug Sep Oct Nov Dec
2020 > Jan Feb Mar Apr May Jun Jul Aug Sep Oct Nov Dec
2019 > Jan Feb Mar Apr May Jun Jul Aug Sep Oct Nov Dec
2018 > Jan Feb Mar Apr May Jun Jul Aug Sep Oct Nov Dec
2017 > Jan Feb Mar Apr May Jun Jul Aug Sep Oct Nov Dec
2016 > Jan Feb Mar Apr May Jun Jul Aug Sep Oct Nov Dec

Report for 2017 Jan
                   MONTHLY CLIMATOLOGICAL SUMMARY for JAN. 2017

NAME: anovianos   CITY: Ano Vianno   STATE: Greece 
ELEV:   545 m  LAT:  35 20' 00" N  LONG:  24 10' 00" E

                   TEMPERATURE (C), RAIN  (mm), WIND SPEED (km/hr)

                                      HEAT  COOL        AVG
    MEAN                              DEG   DEG         WIND                 DOM
DAY TEMP  HIGH   TIME   LOW    TIME   DAYS  DAYS  RAIN  SPEED HIGH   TIME    DIR
------------------------------------------------------------------------------------
 1   4.9   9.5   15:40   2.8    4:40  13.4   0.0   0.0   4.8  29.0   22:40    NE
 2   7.8  11.2   14:10   4.6    0:50  10.5   0.0   0.0   6.8  25.7   13:10    NE
 3   9.7  13.5   14:10   7.1    1:30   8.6   0.0   2.6   7.1  38.6   15:10    NE
 4  10.4  13.2   13:00   7.7    6:40   7.9   0.0  11.6   4.5  29.0   23:20    NE
 5  10.8  11.6   15:50   9.1    4:00   7.5   0.0  49.4   8.7  45.1   16:50   WSW
 6   9.3  11.6    1:00   6.1   23:00   8.9   0.0  18.4  10.0  53.1   13:00   WSW
 7   5.3   7.8   12:30   2.7   00:00  13.0   0.0   2.8   8.9  48.3    0:10    NW
 8   2.0   3.7    0:30   0.7    5:10  16.3   0.0   5.2   7.4  35.4   21:50    NE
 9   3.3   6.8   13:50  -0.1    5:20  15.0   0.0   7.2   4.0  19.3    0:20    NE
10   5.3   8.1   14:40   2.9    0:20  13.0   0.0  13.8   7.9  35.4   11:00    NW
11   7.8  11.4   13:10   4.0    3:00  10.5   0.0   2.6   5.0  30.6   14:40   ENE
12   9.7  12.6   14:00   7.8    2:20   8.6   0.0   1.2   7.7  38.6   14:00    NE
13   9.0  13.0   16:20   5.4    7:10   9.3   0.0   0.0   4.3  24.1    2:10    NE
14   9.6  13.1   12:40   5.8    4:40   8.7   0.0   2.4   4.8  25.7    9:50    NE
15  11.0  13.4   14:50   9.3    7:50   7.3   0.0   0.8   5.0  30.6   20:10    NE
16  10.9  12.3   13:30   9.2   20:40   7.4   0.0   1.2   5.5  32.2   14:10   WSW
17  10.8  13.2   15:40   8.4   22:40   7.5   0.0   0.0   5.5  27.4   14:10   ENE
18  10.4  13.6   15:30   7.8    8:00   7.9   0.0   0.0   3.9  20.9   11:30   ENE
19  10.6  14.4   11:50   7.6    2:10   7.7   0.0   0.0   5.8  35.4   12:10    NE
20   9.3  11.7   14:50   7.2   23:20   9.0   0.0   0.0   9.7  45.1   22:10    NE
21   7.9  10.3   13:00   6.4   00:00  10.4   0.0   0.0  13.5  51.5   14:40    NE
22   7.6  12.0   13:40   4.8   23:50  10.8   0.0   0.0   6.8  46.7    3:20    NE
23   8.3  11.2   11:00   4.4    7:30  10.0   0.0   1.8   6.9  53.1   22:40   ESE
24  11.2  12.3   12:00   9.9    2:30   7.1   0.0   9.2  16.7  54.7    1:50   ESE
25  10.3  12.9   13:50   8.8    5:50   8.0   0.0   0.0   9.5  43.5   15:00    NE
26   7.5  10.4   11:30   5.1   00:00  10.8   0.0   0.6  11.4  49.9   13:50    NE
27   3.8   5.7   14:00   1.4    8:10  14.5   0.0   0.0  14.6  66.0    5:30    NE
28   6.1   9.6   16:20   3.7    0:10  12.2   0.0   0.0  11.1  48.3   13:30    NE
29   6.6  11.8   13:30   3.5    7:10  11.7   0.0   0.8   2.3  19.3   15:30   ENE
30   7.3  10.5   14:40   5.6    7:20  11.0   0.0   0.6   5.5  38.6   14:40    NE
31   6.8   8.4   14:30   5.4    7:10  11.5   0.0   0.0  11.9  57.9   21:40    NE
-------------------------------------------------------------------------------------
     8.1  14.4    19    -0.1     9   315.9   0.0 132.1   7.7  66.0    27      NE

Max >=  32.0:  0
Max <=   0.0:  0
Min <=   0.0:  1
Min <= -18.0:  0
Max Rain: 49.40 ON 05/01/17
Days of Rain: 18 (> .2 mm) 11 (> 2 mm) 1 (> 20 mm)
Heat Base:  18.3  Cool Base:  18.3  Method: Integration