NOAA Reports/Αναφορές NOAA

Select a Year or Month report
2024 > Jan Feb Mar Apr May Jun Jul Aug Sep Oct Nov Dec
2023 > Jan Feb Mar Apr May Jun Jul Aug Sep Oct Nov Dec
2022 > Jan Feb Mar Apr May Jun Jul Aug Sep Oct Nov Dec
2021 > Jan Feb Mar Apr May Jun Jul Aug Sep Oct Nov Dec
2020 > Jan Feb Mar Apr May Jun Jul Aug Sep Oct Nov Dec
2019 > Jan Feb Mar Apr May Jun Jul Aug Sep Oct Nov Dec
2018 > Jan Feb Mar Apr May Jun Jul Aug Sep Oct Nov Dec
2017 > Jan Feb Mar Apr May Jun Jul Aug Sep Oct Nov Dec
2016 > Jan Feb Mar Apr May Jun Jul Aug Sep Oct Nov Dec

Report for 2017 Feb
                   MONTHLY CLIMATOLOGICAL SUMMARY for FEB. 2017

NAME: anovianos   CITY: Ano Vianno   STATE: Greece 
ELEV:   545 m  LAT:  35 20' 00" N  LONG:  24 10' 00" E

                   TEMPERATURE (C), RAIN  (mm), WIND SPEED (km/hr)

                                      HEAT  COOL        AVG
    MEAN                              DEG   DEG         WIND                 DOM
DAY TEMP  HIGH   TIME   LOW    TIME   DAYS  DAYS  RAIN  SPEED HIGH   TIME    DIR
------------------------------------------------------------------------------------
 1   8.5  13.4   15:20   5.3    8:00   9.8   0.0   0.0   8.5  46.7    4:30    NE
 2   9.0  13.9   12:10   5.3    7:40   9.3   0.0   0.0   2.4  19.3   12:30    NE
 3  10.1  13.4   11:50   7.8    2:20   8.2   0.0   0.0   4.7  19.3   13:40    NE
 4  10.3  14.1   11:00   7.5    6:50   8.0   0.0   0.0   5.1  25.7   17:20    NE
 5  11.1  14.7   14:30   7.6    5:10   7.3   0.0   0.0   7.4  33.8   15:00    NW
 6  12.8  16.5   13:40   9.4    8:00   5.5   0.0   0.0   4.8  40.2   23:40    NE
 7  11.7  12.6   11:20  10.6   19:20   6.6   0.0   0.0   8.0  35.4    0:30   ESE
 8  11.3  15.4   15:10   7.9    5:00   7.0   0.0   0.0   4.2  25.7    0:10    NE
 9  11.3  14.8   12:40   8.6    0:10   7.0   0.0   0.0   3.9  25.7    6:10    NE
10  10.8  15.4   12:10   7.9    6:40   7.5   0.0   4.8   4.0  27.4   13:50    NE
11   9.6  13.5   14:20   7.6    4:50   8.8   0.0   2.0   6.4  53.1   23:30    NE
12   7.3   8.9   13:20   5.9   23:50  11.0   0.0   0.0  21.9  67.6   16:10    NE
13   5.2   7.2   11:30   3.7   16:10  13.1   0.0   5.2  19.5  61.2   15:10    NE
14   4.7   6.6   16:40   3.3    4:50  13.6   0.0   6.2  16.4  51.5   20:40    NE
15   6.8   9.4   15:20   4.3    6:00  11.5   0.0   0.0  16.6  67.6   22:00    NE
16   7.3   9.6   16:40   5.8   21:20  11.0   0.0   0.0  18.8  69.2   11:50    NE
17   8.8  14.1   16:10   4.9    2:10   9.4   0.0   0.0   5.8  46.7    4:50   ENE
18   9.3  13.9   13:30   4.9    6:50   9.0   0.0   0.0   3.4  19.3    5:00    NE
19  10.4  14.6   13:00   7.2    7:00   7.9   0.0   0.0   4.2  16.1   11:40    NE
20  10.3  14.0   13:20   8.0    4:00   8.0   0.0   0.0   4.5  22.5   14:10    NE
21  10.9  14.9   14:00   7.4    6:00   7.4   0.0   5.2   6.8  32.2   20:00   ESE
22  10.8  15.3   11:30   7.7    1:40   7.5   0.0   0.0   4.3  25.7   11:10    NE
23  10.9  14.4   14:10   7.4    7:40   7.4   0.0   0.0   9.2  30.6    9:40   WNW
24  10.7  11.8   10:00  10.0    2:40   7.6   0.0   2.0   3.1  20.9   13:20    NE
25  12.9  17.5   15:20   8.6    6:40   5.4   0.0   0.0   4.5  16.1   11:40   ENE
26  12.7  16.5   11:30  10.2    7:00   5.6   0.0   0.8   4.2  29.0   20:40    NE
27  12.4  17.0   11:50   9.3    5:20   5.9   0.0   0.0   2.7  22.5   13:40    NE
28  13.7  17.8   13:10   9.9   23:30   4.6   0.0   0.2   4.7  32.2    3:50   ENE
-------------------------------------------------------------------------------------
    10.1  17.8    28     3.3    14   230.8   0.0  26.4   7.5  69.2    16      NE

Max >=  32.0:  0
Max <=   0.0:  0
Min <=   0.0:  0
Min <= -18.0:  0
Max Rain: 6.20 ON 14/02/17
Days of Rain: 8 (> .2 mm) 6 (> 2 mm) 0 (> 20 mm)
Heat Base:  18.3  Cool Base:  18.3  Method: Integration