NOAA Reports/Αναφορές NOAA

Select a Year or Month report
2024 > Jan Feb Mar Apr May Jun Jul Aug Sep Oct Nov Dec
2023 > Jan Feb Mar Apr May Jun Jul Aug Sep Oct Nov Dec
2022 > Jan Feb Mar Apr May Jun Jul Aug Sep Oct Nov Dec
2021 > Jan Feb Mar Apr May Jun Jul Aug Sep Oct Nov Dec
2020 > Jan Feb Mar Apr May Jun Jul Aug Sep Oct Nov Dec
2019 > Jan Feb Mar Apr May Jun Jul Aug Sep Oct Nov Dec
2018 > Jan Feb Mar Apr May Jun Jul Aug Sep Oct Nov Dec
2017 > Jan Feb Mar Apr May Jun Jul Aug Sep Oct Nov Dec
2016 > Jan Feb Mar Apr May Jun Jul Aug Sep Oct Nov Dec

Report for 2017 May
                   MONTHLY CLIMATOLOGICAL SUMMARY for MAY. 2017

NAME: anovianos   CITY: Ano Vianno   STATE: Greece 
ELEV:   545 m  LAT:  35 20' 00" N  LONG:  24 10' 00" E

                   TEMPERATURE (C), RAIN  (mm), WIND SPEED (km/hr)

                                      HEAT  COOL        AVG
    MEAN                              DEG   DEG         WIND                 DOM
DAY TEMP  HIGH   TIME   LOW    TIME   DAYS  DAYS  RAIN  SPEED HIGH   TIME    DIR
------------------------------------------------------------------------------------
 1  16.9  20.9   14:40  14.1    5:10   1.8   0.4   0.8   8.5  38.6   22:30    NE
 2  20.4  24.6   14:00  15.8   23:20   0.2   2.3   0.0   7.4  35.4    2:00    NE
 3  18.9  24.6   14:00  13.6    7:10   1.1   1.8   0.0   3.7  30.6   12:50   ENE
 4  20.5  25.3   16:10  15.0    3:20   0.4   2.6   0.0   4.7  29.0    6:40    NE
 5  21.5  25.4   12:00  16.8    5:20   0.1   3.3   0.0   5.6  32.2   19:20    NE
 6  22.3  26.9   14:20  19.3    6:20   0.0   4.0   0.0  11.1  51.5   22:40    NE
 7  23.2  27.4   13:50  16.9    6:40   0.0   5.0   0.0   8.7  48.3    0:50    NW
 8  24.8  26.8   14:40  22.1   23:00   0.0   6.5   0.0   3.9  30.6    0:10    NE
 9  23.3  27.3   12:50  13.4   23:50   0.5   5.5   0.0   6.0  35.4   16:40   ESE
10  18.2  22.5   16:10  13.1    0:40   1.5   1.4   0.0   5.6  38.6   19:00   ENE
11  20.2  24.9   13:30  15.9    4:40   0.5   2.4   0.0   4.5  37.0   13:00    NE
12  24.4  30.8   16:10  17.3    1:00   0.0   6.1   0.0   2.9  17.7   14:30   ENE
13  28.7  34.0   12:10  24.3    1:30   0.0  10.4   0.0   7.6  33.8   13:10   WNW
14  29.7  33.4   12:40  24.9    0:10   0.0  11.4   0.0   8.4  43.5   16:20    NE
15  25.7  29.3   13:10  21.3   23:40   0.0   7.4   0.0  10.0  40.2    7:40    NE
16  21.4  26.0   14:50  16.4   00:00   0.1   3.2   0.0   8.7  40.2    4:00    NE
17  18.1  23.2   13:40  14.2    3:50   1.3   1.0   0.0   2.6  20.9   16:30   ENE
18  15.8  19.0   11:50  13.7    1:50   2.5   0.0  11.0   2.7  20.9   12:10   ENE
19  15.0  17.8   16:10  13.6    4:40   3.3   0.0  30.8  11.4  51.5   10:40    NE
20  18.8  23.1   16:30  14.4    1:10   1.0   1.5   0.0  10.9  53.1    3:40    NE
21  17.8  22.2   15:30  13.8    7:20   1.5   1.1   0.0   9.3  41.8   16:00   WNW
22  16.2  19.7   12:20  13.7    2:50   2.2   0.1   1.8   9.0  43.5   19:00    NE
23  19.0  23.8   17:20  15.7    6:10   0.9   1.6   0.0   8.0  38.6   13:40    NE
24  20.1  23.8   13:20  16.2    5:10   0.2   2.0   0.0   3.7  17.7    1:20   ENE
25  19.6  23.1    9:20  16.0    6:50   0.5   1.7   0.2   4.3  22.5   14:20    NE
26  19.2  23.4   16:20  15.4    5:00   0.8   1.8   0.0   5.3  35.4   12:10    NE
27  16.2  19.7   10:10  14.0    4:50   2.1   0.0   5.6   2.4  25.7   17:40    NW
28  16.4  19.9   11:10  13.7    2:30   2.0   0.1   0.4   5.0  29.0   11:30   ENE
29  15.9  19.6    9:20  13.6    3:10   2.5   0.1   4.8   2.6  24.1   13:10   ENE
30  17.1  20.7   16:40  13.7    0:40   1.5   0.3   0.0   3.7  22.5   11:00    NE
31  19.2  23.6   19:10  14.3    3:30   1.0   1.9   0.0   3.1  17.7   19:10    NE
-------------------------------------------------------------------------------------
    20.1  34.0    13    13.1    10    29.7  86.6  55.4   6.2  53.1    20      NE

Max >=  32.0:  2
Max <=   0.0:  0
Min <=   0.0:  0
Min <= -18.0:  0
Max Rain: 30.81 ON 19/05/17
Days of Rain: 8 (> .2 mm) 4 (> 2 mm) 1 (> 20 mm)
Heat Base:  18.3  Cool Base:  18.3  Method: Integration