NOAA Reports/Αναφορές NOAA

Select a Year or Month report
2024 > Jan Feb Mar Apr May Jun Jul Aug Sep Oct Nov Dec
2023 > Jan Feb Mar Apr May Jun Jul Aug Sep Oct Nov Dec
2022 > Jan Feb Mar Apr May Jun Jul Aug Sep Oct Nov Dec
2021 > Jan Feb Mar Apr May Jun Jul Aug Sep Oct Nov Dec
2020 > Jan Feb Mar Apr May Jun Jul Aug Sep Oct Nov Dec
2019 > Jan Feb Mar Apr May Jun Jul Aug Sep Oct Nov Dec
2018 > Jan Feb Mar Apr May Jun Jul Aug Sep Oct Nov Dec
2017 > Jan Feb Mar Apr May Jun Jul Aug Sep Oct Nov Dec
2016 > Jan Feb Mar Apr May Jun Jul Aug Sep Oct Nov Dec

Report for 2017 Jun
                   MONTHLY CLIMATOLOGICAL SUMMARY for JUN. 2017

NAME: anovianos   CITY: Ano Vianno   STATE: Greece 
ELEV:   545 m  LAT:  35 20' 00" N  LONG:  24 10' 00" E

                   TEMPERATURE (C), RAIN  (mm), WIND SPEED (km/hr)

                                      HEAT  COOL        AVG
    MEAN                              DEG   DEG         WIND                 DOM
DAY TEMP  HIGH   TIME   LOW    TIME   DAYS  DAYS  RAIN  SPEED HIGH   TIME    DIR
------------------------------------------------------------------------------------
 1  22.6  27.1   16:50  17.3    2:50   0.1   4.4   0.0   5.8  30.6   12:00    NE
 2  24.8  28.8   12:10  20.4    6:50   0.0   6.5   0.0   4.2  19.3   16:50    NE
 3  24.1  28.8   14:10  20.9   22:00   0.0   5.8   0.0   4.2  19.3   11:30    NE
 4  23.5  28.2   15:30  18.7    5:40   0.0   5.2   0.0   3.4  29.0   14:20   ENE
 5  21.9  26.1   15:20  18.3   23:10   0.0   3.7   0.0   3.7  22.5   15:30    NE
 6  22.3  26.8   15:40  18.2    7:10   0.0   4.0   0.0   3.2  20.9   13:10    NE
 7  23.6  30.2   16:00  19.4    4:20   0.0   5.2   4.6   3.5  54.7   00:00    NE
 8  23.6  27.6    2:10  19.9    0:10   0.0   5.3   0.4   8.0  57.9    0:10   WNW
 9  23.6  27.9   14:40  19.8    2:50   0.0   5.3   0.0   9.0  40.2    5:40    NE
10  23.0  28.2   14:10  18.6    6:30   0.0   4.7   0.0   3.1  27.4   10:20    NE
11  22.7  26.9   14:20  18.8   23:50   0.0   4.4   0.0   3.1  22.5   14:40   ENE
12  21.4  25.1   15:50  18.3   00:00   0.0   3.1   0.0   7.6  33.8    4:50   ENE
13  21.7  26.2   14:40  17.7    1:10   0.0   3.4   0.0  10.0  40.2    6:00    NE
14  24.9  29.4   15:50  20.8    2:30   0.0   6.6   0.0   8.9  35.4    7:00    NE
15  27.2  32.9   14:10  23.4    7:10   0.0   8.9   0.0   4.2  24.1   12:20    NE
16  26.4  30.2   13:30  22.1   23:50   0.0   8.1   0.0   3.5  19.3   14:50    NE
17  25.5  29.6   16:20  21.1    6:50   0.0   7.2   0.0   3.4  27.4   17:00   WNW
18  23.1  26.4   10:50  19.8    7:00   0.0   4.8   0.0   2.6  20.9   19:00    NW
19  20.9  24.4   13:00  18.1   23:40   0.0   2.6   0.0  11.3  46.7   22:20    NE
20  20.2  23.6   15:40  17.8    5:20   0.1   2.0   0.0  12.2  48.3   10:20    NE
21  22.1  26.3   16:20  18.9    5:00   0.0   3.8   0.0   8.9  49.9   11:00    NE
22  24.4  29.0   13:50  20.9    3:00   0.0   6.1   0.0   8.7  38.6   12:20    NE
23  26.7  32.5   14:00  21.2    2:00   0.0   8.4   0.0   6.9  33.8   12:30    NE
24  27.6  31.7   12:40  23.2    6:00   0.0   9.3   0.0   4.7  20.9    8:50    NE
25  28.6  33.7   16:20  24.2    7:10   0.0  10.3   0.0   5.5  29.0   11:20    NE
26  29.3  34.1   14:20  26.2    6:10   0.0  11.0   0.0   7.4  29.0    1:00    NE
27  29.0  32.2   14:10  26.1    7:40   0.0  10.7   0.0   7.6  43.5   12:20    NE
28  29.9  33.9   12:00  26.0    6:20   0.0  11.7   0.0   5.5  27.4   12:30    NE
29  31.8  36.3   16:10  26.9    0:10   0.0  13.5   0.0   6.3  33.8   15:40    NE
30  35.3  40.3   14:20  29.5    0:50   0.0  17.0   0.0   6.0  29.0   11:20   ENE
-------------------------------------------------------------------------------------
    25.1  40.3    30    17.3     1     0.2 202.6   5.0   6.1  57.9     8      NE

Max >=  32.0:  8
Max <=   0.0:  0
Min <=   0.0:  0
Min <= -18.0:  0
Max Rain: 4.60 ON 07/06/17
Days of Rain: 2 (> .2 mm) 1 (> 2 mm) 0 (> 20 mm)
Heat Base:  18.3  Cool Base:  18.3  Method: Integration