NOAA Reports/Αναφορές NOAA

Select a Year or Month report
2024 > Jan Feb Mar Apr May Jun Jul Aug Sep Oct Nov Dec
2023 > Jan Feb Mar Apr May Jun Jul Aug Sep Oct Nov Dec
2022 > Jan Feb Mar Apr May Jun Jul Aug Sep Oct Nov Dec
2021 > Jan Feb Mar Apr May Jun Jul Aug Sep Oct Nov Dec
2020 > Jan Feb Mar Apr May Jun Jul Aug Sep Oct Nov Dec
2019 > Jan Feb Mar Apr May Jun Jul Aug Sep Oct Nov Dec
2018 > Jan Feb Mar Apr May Jun Jul Aug Sep Oct Nov Dec
2017 > Jan Feb Mar Apr May Jun Jul Aug Sep Oct Nov Dec
2016 > Jan Feb Mar Apr May Jun Jul Aug Sep Oct Nov Dec

Report for 2017 Dec
                   MONTHLY CLIMATOLOGICAL SUMMARY for DEC. 2017

NAME: anovianos   CITY: Ano Vianno   STATE: Greece 
ELEV:   545 m  LAT:  35 20' 00" N  LONG:  24 10' 00" E

                   TEMPERATURE (C), RAIN  (mm), WIND SPEED (km/hr)

                                      HEAT  COOL        AVG
    MEAN                              DEG   DEG         WIND                 DOM
DAY TEMP  HIGH   TIME   LOW    TIME   DAYS  DAYS  RAIN  SPEED HIGH   TIME    DIR
------------------------------------------------------------------------------------
 1  14.8  16.9   14:10  13.5    1:40   3.5   0.0   0.0   6.0  30.6   22:10   ESE
 2  15.6  17.2   13:00  14.6   23:30   2.8   0.0   0.0   6.8  35.4    1:20   ESE
 3  15.3  18.4   14:00  13.0   23:10   3.0   0.0   0.0   3.2  22.5    1:00   ESE
 4  14.6  18.8   14:00  11.4   00:00   3.8   0.0   0.0   5.1  24.1   14:50    NE
 5  11.7  14.6   13:30   6.2   23:30   6.6   0.0   6.4  10.0  41.8    1:50    NE
 6   7.1   8.8   14:30   5.2    4:40  11.3   0.0   7.6  14.3  67.6   22:40    NE
 7   9.9  14.0   14:00   7.4   23:00   8.4   0.0   0.0   6.3  45.1    0:10    NE
 8  10.7  14.4   14:20   6.8    6:40   7.6   0.0   0.0   4.3  20.9   17:20    NE
 9  12.0  15.1   14:10   9.8    6:30   6.3   0.0   0.2   4.2  24.1   11:50    NE
10  12.2  14.4   14:30  10.6   19:50   6.1   0.0   2.0   2.9  24.1   12:10   ENE
11  11.6  13.8   13:50   9.6    3:50   6.8   0.0   0.0   2.7  14.5    1:00    NE
12  12.6  17.2   15:00  10.2    3:50   5.7   0.0   0.0   3.7  24.1   15:30    NE
13  14.1  18.8   11:20   9.9   23:00   4.3   0.0   0.0   4.8  30.6   13:40    NE
14  13.3  17.4   14:20   9.2    2:50   5.0   0.0   0.0  10.5  41.8    6:50   WNW
15  13.4  15.5   14:00  12.3    4:00   4.7   0.0   0.0   9.3  32.2    6:30    NW
16  13.9  16.6   14:50  11.5    5:30   4.4   0.0   0.6   5.0  27.4   14:30    NE
17  14.6  16.9   15:10  13.2   22:20   3.7   0.0   0.0   5.8  32.2    0:20   SSE
18  12.1  14.4   13:10  10.1   16:20   6.2   0.0   0.8   9.8  45.1   12:40    NW
19  10.9  12.6   13:00   8.6   23:30   7.4   0.0   0.0   3.9  29.0    6:20    NE
20   9.9  12.7   13:00   7.8   21:50   8.4   0.0   0.0   0.8  16.1   17:30   ENE
21  10.2  14.5   14:30   6.9    8:00   8.1   0.0   0.0   2.9  30.6   19:10    NE
22  13.7  17.8   11:50   9.8    5:00   4.6   0.0   1.6   6.1  38.6   13:30   ESE
23   8.7  12.2    0:10   6.3   00:00   9.6   0.0   6.6  17.9  61.2    9:20    NE
24   5.4   9.1   23:20   1.9   10:00  12.9   0.0  17.2  15.8  98.2   12:20    NE
25  11.4  15.9   14:30   8.2   22:50   6.9   0.0   0.0   8.0  54.7    3:00    NE
26  10.7  14.1   13:20   7.6    5:00   7.6   0.0   0.0   4.0  19.3   13:50    NE
27  11.3  14.9   11:30   9.2   23:30   7.0   0.0   0.0   2.6  16.1   12:30    NE
28  11.7  14.3   13:10   9.4    6:20   6.6   0.0   1.6   5.3  29.0   21:30   WSW
29  10.9  13.2    2:30   9.3   12:20   7.3   0.0  15.6   6.1  48.3    7:20   WSW
30   9.7  12.6   12:20   8.5    5:30   8.6   0.0   5.8   7.6  37.0    0:20    NE
31   9.2  11.8   12:00   6.8    3:50   9.1   0.0   3.4  10.5  51.5   17:40    NE
-------------------------------------------------------------------------------------
    11.7  18.8     4     1.9    24   204.0   0.0  69.4   6.7  98.2    24      NE

Max >=  32.0:  0
Max <=   0.0:  0
Min <=   0.0:  0
Min <= -18.0:  0
Max Rain: 17.20 ON 24/12/17
Days of Rain: 13 (> .2 mm) 8 (> 2 mm) 0 (> 20 mm)
Heat Base:  18.3  Cool Base:  18.3  Method: Integration