NOAA Reports/Αναφορές NOAA

Select a Year or Month report
2024 > Jan Feb Mar Apr May Jun Jul Aug Sep Oct Nov Dec
2023 > Jan Feb Mar Apr May Jun Jul Aug Sep Oct Nov Dec
2022 > Jan Feb Mar Apr May Jun Jul Aug Sep Oct Nov Dec
2021 > Jan Feb Mar Apr May Jun Jul Aug Sep Oct Nov Dec
2020 > Jan Feb Mar Apr May Jun Jul Aug Sep Oct Nov Dec
2019 > Jan Feb Mar Apr May Jun Jul Aug Sep Oct Nov Dec
2018 > Jan Feb Mar Apr May Jun Jul Aug Sep Oct Nov Dec
2017 > Jan Feb Mar Apr May Jun Jul Aug Sep Oct Nov Dec
2016 > Jan Feb Mar Apr May Jun Jul Aug Sep Oct Nov Dec

Report for 2018 Mar
                   MONTHLY CLIMATOLOGICAL SUMMARY for MAR. 2018

NAME: anovianos   CITY: Ano Vianno   STATE: Greece 
ELEV:   545 m  LAT:  35 20' 00" N  LONG:  24 10' 00" E

                   TEMPERATURE (C), RAIN  (mm), WIND SPEED (km/hr)

                                      HEAT  COOL        AVG
    MEAN                              DEG   DEG         WIND                 DOM
DAY TEMP  HIGH   TIME   LOW    TIME   DAYS  DAYS  RAIN  SPEED HIGH   TIME    DIR
------------------------------------------------------------------------------------
 1  12.3  16.1   14:30   8.0    6:40   6.0   0.0   0.0   3.9  30.6   12:20   ENE
 2  14.2  17.9   14:20   9.7    5:10   4.2   0.0   0.0   5.8  38.6   00:00   ESE
 3  16.6  20.7   15:10  12.4    4:50   1.9   0.2   0.0   3.7  35.4    1:10   WNW
 4  18.2  20.8   14:10  14.9    0:10   0.6   0.5   0.0   7.4  35.4    4:40    NW
 5  17.6  21.8   11:50  12.1   00:00   1.4   0.7   0.0   9.5  45.1   22:50   ESE
 6  14.7  18.0   23:20  10.6    7:00   3.6   0.0   0.0   8.4  45.1    0:10    NW
 7  19.0  24.1   14:30  14.6   23:10   0.7   1.4   0.0   4.5  37.0    5:40   ENE
 8  14.9  17.1   13:20  10.8    7:30   3.4   0.0   0.0  12.4  57.9   19:20    NW
 9  13.3  18.1   12:40   9.6   00:00   5.0   0.0   0.0   2.9  29.0    1:00    NE
10  12.8  17.4   12:30   9.1    6:00   5.5   0.0   0.0   3.5  35.4   14:20    NE
11  13.1  18.7   13:50   9.2    5:10   5.2   0.0   0.0   3.2  27.4   17:30    NE
12  14.2  20.5   23:30   9.1    6:10   4.2   0.1   0.2   3.1  17.7   23:00   ENE
13  14.0  20.3    0:10  11.0   23:30   4.3   0.0   0.0   9.5  33.8   18:50    NW
14  12.4  17.1   14:50   9.1    5:00   5.9   0.0   0.0  10.0  37.0   11:30   WNW
15  12.8  16.1   13:10  10.5    3:30   5.5   0.0   0.0   8.5  32.2   14:20    NW
16  13.6  19.3   17:40   8.4    6:40   4.8   0.0   0.0   3.2  27.4   16:30    NE
17  17.4  22.6   12:40  12.5    4:30   1.7   0.8   0.0   4.8  35.4   23:40   ESE
18  16.7  20.4   12:40  11.6   22:50   1.8   0.2   0.0  11.1  45.1    4:10   ESE
19  14.5  19.0   12:30  10.2    6:30   3.8   0.0   0.0   4.0  30.6   18:10    NE
20  14.0  17.2   15:40   9.4   23:40   4.3   0.0   0.0   7.2  37.0   12:20   WNW
21  15.6  21.2   23:40   8.7    7:10   3.1   0.4   0.0   5.6  46.7   23:50    NE
22  21.6  25.3   19:20  17.1   23:40   0.0   3.4   0.0  16.7  82.1    8:00   ESE
23  12.2  17.7    0:10   9.3   00:00   6.1   0.0   0.2  12.9  48.3    5:40    NW
24   9.6  12.6   11:00   7.0    1:50   8.7   0.0   7.2  10.1  62.8   11:10    NW
25  13.1  17.2   15:50   9.4    0:10   5.0   0.0   0.0   7.4  43.5   23:20   ESE
26  15.1  17.6   14:20  13.2   22:30   3.2   0.0   0.0  13.4  59.5    2:30   ESE
27  14.9  19.5   12:30  10.9   23:40   3.4   0.1   0.0   4.0  38.6   14:50    NE
28  13.0  17.1   11:30  10.0   21:00   5.3   0.0   2.0   5.6  37.0   10:10    NE
29  10.6  13.1   16:40   7.6    5:20   7.7   0.0   7.0  15.0  80.5   12:00    NW
30  14.9  20.1   16:40   9.4    2:10   3.6   0.2   0.0   4.3  25.7   13:00    NE
31  14.2  19.9   14:50  10.7    7:20   4.2   0.1   0.0   2.6  17.7   11:10    NE
-------------------------------------------------------------------------------------
    14.6  25.3    22     7.0    24   123.9   8.1  16.6   7.2  82.1    22      NE

Max >=  32.0:  0
Max <=   0.0:  0
Min <=   0.0:  0
Min <= -18.0:  0
Max Rain: 7.19 ON 24/03/18
Days of Rain: 5 (> .2 mm) 3 (> 2 mm) 0 (> 20 mm)
Heat Base:  18.3  Cool Base:  18.3  Method: Integration