NOAA Reports/Αναφορές NOAA

Select a Year or Month report
2024 > Jan Feb Mar Apr May Jun Jul Aug Sep Oct Nov Dec
2023 > Jan Feb Mar Apr May Jun Jul Aug Sep Oct Nov Dec
2022 > Jan Feb Mar Apr May Jun Jul Aug Sep Oct Nov Dec
2021 > Jan Feb Mar Apr May Jun Jul Aug Sep Oct Nov Dec
2020 > Jan Feb Mar Apr May Jun Jul Aug Sep Oct Nov Dec
2019 > Jan Feb Mar Apr May Jun Jul Aug Sep Oct Nov Dec
2018 > Jan Feb Mar Apr May Jun Jul Aug Sep Oct Nov Dec
2017 > Jan Feb Mar Apr May Jun Jul Aug Sep Oct Nov Dec
2016 > Jan Feb Mar Apr May Jun Jul Aug Sep Oct Nov Dec

Report for 2018 May
                   MONTHLY CLIMATOLOGICAL SUMMARY for MAY. 2018

NAME: anovianos   CITY: Ano Vianno   STATE: Greece 
ELEV:   545 m  LAT:  35 20' 00" N  LONG:  24 10' 00" E

                   TEMPERATURE (C), RAIN  (mm), WIND SPEED (km/hr)

                                      HEAT  COOL        AVG
    MEAN                              DEG   DEG         WIND                 DOM
DAY TEMP  HIGH   TIME   LOW    TIME   DAYS  DAYS  RAIN  SPEED HIGH   TIME    DIR
------------------------------------------------------------------------------------
 1  22.5  27.9   15:50  16.4    2:00   0.1   4.3   0.0   2.7  19.3   12:20    NE
 2  22.7  27.8   17:20  19.0    6:40   0.0   4.4   0.0   3.5  22.5   16:30    NE
 3  25.1  29.6   13:30  19.5    0:10   0.0   6.7   0.0   7.2  35.4   11:00   ESE
 4  21.3  25.9   13:50  16.9   00:00   0.0   3.0   0.0   4.5  32.2   16:10    NE
 5  19.8  25.5   14:50  14.9    4:30   0.8   2.3   0.0   4.2  32.2   13:40   WNW
 6  19.0  23.8   15:30  15.0    4:10   0.9   1.6   0.0   3.5  25.7   20:10   WSW
 7  15.8  17.9    8:50  13.4   11:30   2.5   0.0  13.2   7.4  38.6    9:10    NW
 8  17.9  23.3   15:50  14.8    7:40   1.3   1.0   3.8   7.1  35.4    9:10    NW
 9  19.3  24.9   15:50  15.2    5:00   0.8   1.8   0.0   3.2  22.5   12:20    NE
10  19.8  24.9   13:40  16.1    6:30   0.4   2.0   0.0   3.1  17.7    2:30   WNW
11  18.4  22.2   16:10  13.6    3:00   1.0   1.1   0.0   8.2  43.5   13:30    NW
12  17.9  20.6   15:10  16.0   21:40   0.7   0.4   0.0  13.4  57.9   14:40    NE
13  19.2  23.9   16:20  15.3    6:10   0.8   1.7   0.0  12.7  57.9    7:20    NE
14  21.6  25.4   15:50  17.7    5:50   0.0   3.3   0.0   4.0  20.9   13:20    NE
15  22.7  27.9   13:20  17.9    6:20   0.0   4.4   0.0   3.4  19.3   11:30    NE
16  25.3  29.3   16:10  20.5    0:20   0.0   7.0   0.0   4.0  19.3   14:10    NE
17  26.7  32.1   15:10  22.0    5:40   0.0   8.4   0.0   4.2  19.3   12:40    NE
18  26.3  31.3   13:10  22.7    6:00   0.0   8.0   0.0   3.5  24.1   16:20    NE
19  26.7  30.6   17:20  23.4    1:20   0.0   8.4   0.0   3.2  20.9   21:50    NE
20  25.6  31.6   14:30  21.8   22:40   0.0   7.3   0.0   2.9  19.3    6:40   WNW
21  25.8  30.6   11:20  21.3    3:50   0.0   7.5   0.0   4.0  27.4   10:30   ENE
22  24.8  30.1   12:00  20.0   23:10   0.0   6.5   0.0   4.0  27.4    6:50    NE
23  24.8  30.3   13:10  19.6    1:00   0.0   6.5   0.0   2.7  32.2   17:50   ENE
24  23.2  27.3   13:20  18.6    7:10   0.0   4.9   0.0   5.3  32.2   16:00    NE
25  21.4  25.9   16:30  18.8    0:50   0.0   3.1   0.0   8.7  41.8   13:50    NE
26  19.9  23.3   16:50  17.3    9:20   0.0   1.7   3.0  10.8  41.8    7:50    NE
27  20.1  23.8   14:20  17.7    3:40   0.1   1.9  14.0  11.1  45.1    2:20    NE
28  19.9  23.6   15:20  17.4    4:40   0.1   1.8  18.0  10.3  43.5    1:00    NE
29  19.5  22.3   12:00  17.9   20:50   0.0   1.2   0.0  16.9  51.5   14:10    NE
30  20.8  24.3   16:30  18.3    4:40   0.0   2.5   0.0  15.9  53.1    4:10    NE
31  20.7  24.1   14:30  18.4    4:40   0.0   2.4   0.0  14.5  46.7    2:50    NE
-------------------------------------------------------------------------------------
    21.8  32.1    17    13.4     7     9.7 116.9  52.0   6.8  57.9    12      NE

Max >=  32.0:  1
Max <=   0.0:  0
Min <=   0.0:  0
Min <= -18.0:  0
Max Rain: 18.01 ON 28/05/18
Days of Rain: 5 (> .2 mm) 5 (> 2 mm) 0 (> 20 mm)
Heat Base:  18.3  Cool Base:  18.3  Method: Integration