NOAA Reports/Αναφορές NOAA

Select a Year or Month report
2024 > Jan Feb Mar Apr May Jun Jul Aug Sep Oct Nov Dec
2023 > Jan Feb Mar Apr May Jun Jul Aug Sep Oct Nov Dec
2022 > Jan Feb Mar Apr May Jun Jul Aug Sep Oct Nov Dec
2021 > Jan Feb Mar Apr May Jun Jul Aug Sep Oct Nov Dec
2020 > Jan Feb Mar Apr May Jun Jul Aug Sep Oct Nov Dec
2019 > Jan Feb Mar Apr May Jun Jul Aug Sep Oct Nov Dec
2018 > Jan Feb Mar Apr May Jun Jul Aug Sep Oct Nov Dec
2017 > Jan Feb Mar Apr May Jun Jul Aug Sep Oct Nov Dec
2016 > Jan Feb Mar Apr May Jun Jul Aug Sep Oct Nov Dec

Report for 2018 Oct
                   MONTHLY CLIMATOLOGICAL SUMMARY for OCT. 2018

NAME: anovianos   CITY: Ano Viannos   STATE: Greece 
ELEV:   545 m  LAT:  35 20' 00" N  LONG:  24 10' 00" E

                   TEMPERATURE (C), RAIN  (mm), WIND SPEED (km/hr)

                                      HEAT  COOL        AVG
    MEAN                              DEG   DEG         WIND                 DOM
DAY TEMP  HIGH   TIME   LOW    TIME   DAYS  DAYS  RAIN  SPEED HIGH   TIME    DIR
------------------------------------------------------------------------------------
 1  19.7  23.8   15:30  16.8   00:00   0.1   1.5   0.0   7.9  38.6   16:20    NW
 2  19.1  23.4   14:20  16.2    3:40   0.6   1.4   0.0   4.0  24.1   13:40    NE
 3  20.4  24.6   15:30  16.8    2:20   0.2   2.4   0.0   2.7  19.3   13:40    NE
 4  23.5  28.5   13:40  18.8    0:10   0.0   5.1   3.0   3.1  24.1   17:20    NE
 5  23.2  27.8   13:50  19.3    0:40   0.0   4.9   0.0  10.0  43.5   16:20    NE
 6  22.1  26.6   11:40  18.2   23:30   0.0   3.8   0.0  10.6  41.8    5:20    NE
 7  21.3  25.6   15:10  17.4    1:20   0.0   3.0   0.0   5.3  30.6   15:30    NE
 8  20.9  24.6   13:20  17.4   23:50   0.0   2.6   0.0   4.8  32.2   13:30    NE
 9  19.7  23.8   13:50  16.1    4:50   0.3   1.6   0.0   8.9  48.3   21:00    NE
10  19.2  23.1   15:40  16.9    5:20   0.3   1.2   0.0  11.6  46.7   21:40    NE
11  18.7  22.7   13:30  16.8   19:50   0.5   0.9   0.0  15.6  54.7   17:10    NE
12  18.7  21.7   12:40  16.6    3:30   0.5   0.9   0.0  11.7  45.1    0:30    NE
13  18.6  22.3   14:10  16.6    4:40   0.7   1.0   1.8   7.4  32.2    1:50    NE
14  18.9  23.3   14:30  16.6   00:00   0.5   1.1   0.0   5.6  30.6    5:20    NE
15  18.9  22.9   13:40  15.8    5:00   0.5   1.2   0.0   4.5  33.8   14:40    NE
16  18.9  22.0   15:40  16.1    6:50   0.5   1.1   0.0   6.0  38.6   14:30    NW
17  18.2  22.5   15:00  14.8    6:00   1.2   1.0   0.0   4.3  33.8   16:30    NE
18  18.4  23.4   12:30  14.1    7:10   1.3   1.4   0.0   2.9  17.7   14:30    NE
19  19.0  23.6   15:00  15.7    1:10   0.8   1.5   0.0   1.9  17.7   14:30    NE
20  20.4  26.1   13:50  15.9    6:50   0.4   2.4   0.0   1.9  25.7   15:00   SSE
21  20.2  24.8   12:40  15.8   23:40   0.3   2.2   0.0   3.9  35.4   11:20   ENE
22  18.4  23.3   14:10  15.3    3:40   1.0   1.2   0.0   1.9  19.3   13:10    NE
23  18.2  21.9   16:50  16.0    7:50   0.7   0.6   3.4   2.7  20.9   14:10    NE
24  17.1  20.4   13:10  15.3    7:20   1.4   0.2   3.6   2.3  33.8   14:40    NE
25  14.9  18.8    9:50  11.1   22:30   3.4   0.0   1.0  12.2  59.5   13:20    NE
26  14.8  19.7   14:50  10.1    8:10   3.7   0.2   0.0   5.6  45.1    2:00    NE
27  16.4  21.6   14:40  12.1    0:30   2.5   0.6   0.0   3.4  19.3   12:50    NE
28  16.7  20.2   13:50  13.6    5:20   1.8   0.2   0.0   4.2  25.7   10:00   SSE
29  17.8  20.8   11:10  14.6    5:20   1.2   0.6   0.0   4.5  19.3    9:30   ENE
30  18.1  22.3   12:20  15.5    6:50   1.0   0.8   0.0   2.7  17.7   12:30    NE
31  20.1  25.7   14:30  15.4    0:40   0.3   2.1   0.0   1.9  14.5   13:20    NE
-------------------------------------------------------------------------------------
    19.0  28.5     4    10.1    26    25.7  48.6  12.8   5.7  59.5    25      NE

Max >=  32.0:  0
Max <=   0.0:  0
Min <=   0.0:  0
Min <= -18.0:  0
Max Rain: 3.61 ON 24/10/18
Days of Rain: 5 (> .2 mm) 3 (> 2 mm) 0 (> 20 mm)
Heat Base:  18.3  Cool Base:  18.3  Method: Integration