NOAA Reports/Αναφορές NOAA

Select a Year or Month report
2024 > Jan Feb Mar Apr May Jun Jul Aug Sep Oct Nov Dec
2023 > Jan Feb Mar Apr May Jun Jul Aug Sep Oct Nov Dec
2022 > Jan Feb Mar Apr May Jun Jul Aug Sep Oct Nov Dec
2021 > Jan Feb Mar Apr May Jun Jul Aug Sep Oct Nov Dec
2020 > Jan Feb Mar Apr May Jun Jul Aug Sep Oct Nov Dec
2019 > Jan Feb Mar Apr May Jun Jul Aug Sep Oct Nov Dec
2018 > Jan Feb Mar Apr May Jun Jul Aug Sep Oct Nov Dec
2017 > Jan Feb Mar Apr May Jun Jul Aug Sep Oct Nov Dec
2016 > Jan Feb Mar Apr May Jun Jul Aug Sep Oct Nov Dec

Report for 2018 Dec
                   MONTHLY CLIMATOLOGICAL SUMMARY for DEC. 2018

NAME: anovianos   CITY: Ano Viannos   STATE: Greece 
ELEV:   545 m  LAT:  35 20' 00" N  LONG:  24 10' 00" E

                   TEMPERATURE (C), RAIN  (mm), WIND SPEED (km/hr)

                                      HEAT  COOL        AVG
    MEAN                              DEG   DEG         WIND                 DOM
DAY TEMP  HIGH   TIME   LOW    TIME   DAYS  DAYS  RAIN  SPEED HIGH   TIME    DIR
------------------------------------------------------------------------------------
 1   9.6  12.0   12:20   8.0   20:50   8.7   0.0   0.0   8.5  45.1    1:50    NE
 2  10.8  14.1   13:10   8.7    6:20   7.5   0.0   0.0   1.8  17.7    0:10    NE
 3  10.9  11.8   11:00  10.0    5:00   7.3   0.0   5.0   2.7  27.4   19:00    NE
 4  12.1  15.3   13:30  10.4    6:00   6.2   0.0   0.0   9.5  40.2    5:30    NE
 5  11.7  14.0   12:50  10.5    3:10   6.7   0.0   9.6  10.5  48.3   12:20    NW
 6   9.7  11.2    0:10   7.4   23:40   8.6   0.0   4.2  18.0 104.6   13:10   WNW
 7   8.5  11.0   22:50   6.7    3:00   9.8   0.0   0.2  18.2  96.6    2:50    NE
 8  11.4  15.7   14:30   6.2    7:10   6.9   0.0   0.0   7.1  46.7    1:40    NE
 9  12.7  14.2   13:40  11.4    1:00   5.6   0.0  33.6   5.8  33.8   16:30    NW
10  13.0  16.0   13:00  11.1   23:10   5.3   0.0   1.2  10.1  51.5   15:30    NW
11  11.2  13.1   15:40   9.6   23:20   7.1   0.0   1.2   8.9  48.3   15:00    NE
12   9.4  12.2   15:10   7.2    6:00   8.9   0.0   0.8  10.3  59.5    1:30    NW
13  10.8  13.0   16:00   7.6    2:40   7.5   0.0  28.8   5.3  37.0   15:30    NE
14  13.6  16.7   14:10  11.7    6:50   4.8   0.0   0.0   2.9  20.9   23:10   ENE
15  13.8  15.1   14:50  12.5    6:50   4.4   0.0   6.2   8.0  45.1   23:30     E
16  12.9  14.4    3:30  11.0   19:20   5.4   0.0   6.4   7.6  41.8    0:40   SSE
17  12.1  14.4   12:00   9.8    5:50   6.2   0.0   0.0   5.8  35.4   12:10    NE
18  11.4  13.4    2:40   9.6   23:50   6.9   0.0  32.0   9.7  74.0    4:40    NW
19   8.7  10.4   15:20   7.2   20:20   9.6   0.0  10.4  12.7  59.5   17:00    NW
20   8.8  10.2   20:20   7.4    0:20   9.5   0.0   0.2  11.3  51.5    0:10    NE
21   9.8  14.3   14:00   6.1    8:00   8.4   0.0   0.0   3.4  33.8   15:40    NE
22  11.7  16.4   12:50   7.4    2:50   6.6   0.0   0.0   4.0  27.4   11:00    NW
23  12.1  14.3   16:20   9.5   23:50   6.2   0.0   0.0   5.1  38.6   12:00    NW
24  11.8  14.9   11:20   8.7    4:20   6.5   0.0   0.0   4.7  25.7   21:00    NE
25  12.7  15.6   13:10   8.7   00:00   5.6   0.0   7.0  11.1  53.1   16:20    NW
26   6.6   8.7    0:10   4.1   20:50  11.7   0.0   0.6  16.9  54.7    9:40    NE
27   6.3   7.3   00:00   5.1    8:40  12.0   0.0   2.0  13.7  53.1    1:20    NE
28   8.0   9.8   14:10   7.0    6:10  10.3   0.0   0.0  13.4  54.7    2:10    NE
29   9.7  13.9   15:00   7.4   22:10   8.6   0.0   0.0   4.0  33.8    4:50    NE
30  10.1  12.8   10:30   6.8    6:30   8.2   0.0   0.4   4.5  25.7    3:10    NE
31   8.9  11.5   11:10   6.6    6:50   9.3   0.0  41.0   4.2  37.0   23:40    NE
-------------------------------------------------------------------------------------
    10.7  16.7    14     4.1    26   236.3   0.0 190.8   8.4 104.6     6      NE

Max >=  32.0:  0
Max <=   0.0:  0
Min <=   0.0:  0
Min <= -18.0:  0
Max Rain: 41.00 ON 31/12/18
Days of Rain: 19 (> .2 mm) 12 (> 2 mm) 4 (> 20 mm)
Heat Base:  18.3  Cool Base:  18.3  Method: Integration