NOAA Reports/Αναφορές NOAA

Select a Year or Month report

Report for 2019 Apr
                   MONTHLY CLIMATOLOGICAL SUMMARY for APR. 2019

NAME: anovianos   CITY: Ano Viannos   STATE: Greece 
ELEV:   545 m  LAT:  35 20' 00" N  LONG:  24 10' 00" E

                   TEMPERATURE (C), RAIN  (mm), WIND SPEED (km/hr)

                                      HEAT  COOL        AVG
    MEAN                              DEG   DEG         WIND                 DOM
DAY TEMP  HIGH   TIME   LOW    TIME   DAYS  DAYS  RAIN  SPEED HIGH   TIME    DIR
------------------------------------------------------------------------------------
 1  10.6  13.0   14:00   8.9    0:50   7.8   0.0   0.0  12.9  51.5   20:20    NE
 2  12.1  15.9   12:20   9.3    6:20   6.3   0.0   0.0   7.1  37.0    0:50    NE
 3  12.2  16.1   14:00   8.8    0:50   6.1   0.0   0.0   2.7  22.5   12:00    NE
 4  11.8  16.5   14:00   9.5   23:10   6.5   0.0   2.0   2.7  17.7   14:00    NE
 5  11.3  13.7   13:10   9.4    5:20   7.0   0.0   9.2   6.6  51.5   23:30    NE
 6  12.7  14.3   16:10  10.3    2:40   5.6   0.0  92.6   8.7  54.7    0:30     E
 7  13.7  17.9   14:30  11.5   00:00   4.6   0.0   8.4   1.6  19.3   13:00   SSE
 8  11.9  16.5   11:50   9.4    7:10   6.4   0.0   2.4   5.8  40.2   19:00    NE
 9  11.6  14.8   14:20   9.4    1:40   6.7   0.0   0.0  17.4  56.3   14:30    NW
10  12.3  16.1   14:50  10.3    2:40   6.0   0.0   0.0  15.1  46.7   14:10    NW
11  16.3  20.4   17:20  12.3    0:10   2.2   0.3   0.0   4.8  29.0    0:40    NE
12  16.6  21.1   11:20  11.6    4:50   2.1   0.4   0.0   6.3  33.8   20:50     E
13  17.1  21.8   14:00  13.7   23:40   1.5   0.2   0.0   7.9  35.4    3:30   ESE
14  13.7  17.2   13:30  11.6   23:10   4.6   0.0   0.0  10.5  40.2   18:10    NW
15  12.2  15.2   13:50   8.8   23:10   6.1   0.0   5.4   6.9  32.2   12:10    NW
16  11.2  14.6   14:00   9.1    0:10   7.1   0.0   2.6   8.9  46.7   21:30    NE
17  13.1  17.5   15:40   9.9    6:50   5.2   0.0   0.0   8.9  40.2    8:00    NE
18  13.1  17.0   14:30  10.4    3:40   5.2   0.0   0.0   5.5  30.6   17:50    NE
19  11.4  14.0   12:00   9.7   22:20   6.9   0.0   0.0  14.0  62.8   17:40    NE
20  11.7  15.3   13:20   9.4   23:40   6.6   0.0   0.0  12.6  70.8   14:10    NE
21  10.8  14.4   15:40   8.0    6:10   7.5   0.0   0.0  12.4  59.5    0:10    NE
22  12.8  17.9   15:30   8.9    5:50   5.5   0.0   0.0   5.3  33.8   11:00    NE
23  14.5  20.3   14:40  10.3    7:10   3.9   0.1   0.0   2.6  20.9   13:00    NE
24  17.4  21.2   11:10  12.3    1:40   1.3   0.4   0.0   3.2  33.8   13:40     E
25  20.7  25.5   12:40  15.7    1:20   0.4   2.8   0.0   3.2  19.3   12:50    NE
26  21.8  26.6   15:20  16.9    5:50   0.1   3.6   0.0   3.1  25.7    1:00    NE
27  20.3  25.2   13:50  16.7    4:20   0.3   2.3   0.0   3.5  17.7   13:50    NE
28  19.4  23.8   13:40  15.8   00:00   0.4   1.6   0.0   3.2  17.7   13:50    NE
29  18.4  24.2   13:30  13.9   23:50   1.3   1.5   0.0   4.7  25.7   10:30    NE
30  18.5  23.8   12:40  13.6    6:50   1.5   1.7   0.0   4.3  24.1   17:50    NE
-------------------------------------------------------------------------------------
    14.4  26.6    26     8.0    21   132.5  14.7 122.6   7.1  70.8    20      NE

Max >=  32.0:  0
Max <=   0.0:  0
Min <=   0.0:  0
Min <= -18.0:  0
Max Rain: 92.61 ON 06/04/19
Days of Rain: 7 (> .2 mm) 7 (> 2 mm) 1 (> 20 mm)
Heat Base:  18.3  Cool Base:  18.3  Method: Integration