NOAA Reports/Αναφορές NOAA

Select a Year or Month report
2024 > Jan Feb Mar Apr May Jun Jul Aug Sep Oct Nov Dec
2023 > Jan Feb Mar Apr May Jun Jul Aug Sep Oct Nov Dec
2022 > Jan Feb Mar Apr May Jun Jul Aug Sep Oct Nov Dec
2021 > Jan Feb Mar Apr May Jun Jul Aug Sep Oct Nov Dec
2020 > Jan Feb Mar Apr May Jun Jul Aug Sep Oct Nov Dec
2019 > Jan Feb Mar Apr May Jun Jul Aug Sep Oct Nov Dec
2018 > Jan Feb Mar Apr May Jun Jul Aug Sep Oct Nov Dec
2017 > Jan Feb Mar Apr May Jun Jul Aug Sep Oct Nov Dec
2016 > Jan Feb Mar Apr May Jun Jul Aug Sep Oct Nov Dec

Report for 2019 May
                   MONTHLY CLIMATOLOGICAL SUMMARY for MAY. 2019

NAME: anovianos   CITY: Ano Viannos   STATE: Greece 
ELEV:   545 m  LAT:  35 20' 00" N  LONG:  24 10' 00" E

                   TEMPERATURE (C), RAIN  (mm), WIND SPEED (km/hr)

                                      HEAT  COOL        AVG
    MEAN                              DEG   DEG         WIND                 DOM
DAY TEMP  HIGH   TIME   LOW    TIME   DAYS  DAYS  RAIN  SPEED HIGH   TIME    DIR
------------------------------------------------------------------------------------
 1  17.8  23.6   11:40  13.1   23:30   1.6   1.1   5.8   3.7  37.0   19:10    NE
 2  16.3  21.2   15:20  12.0   22:50   2.4   0.4   0.0   6.0  30.6    8:50   WNW
 3  16.1  19.7   10:50  12.6    5:40   2.4   0.2   0.0   4.3  24.1    5:30    NE
 4  16.6  20.9   13:20  13.3    6:20   1.9   0.2   0.0   4.5  22.5   20:40    NE
 5  19.2  22.5    5:40  14.5   00:00   0.6   1.4   0.0  10.6  49.9   13:40     E
 6  15.7  20.4   15:10  12.1   23:50   2.9   0.3   0.0  11.3  46.7   23:40   WNW
 7  13.4  16.9   15:40  11.2    5:30   4.9   0.0   0.0  15.1  48.3    2:50    NW
 8  13.4  17.7   11:20   9.7    6:50   4.9   0.0   0.0   3.5  24.1    1:30    NE
 9  14.3  18.4   17:20  10.3    7:10   4.0   0.0   0.0   3.5  20.9   12:40    NE
10  15.1  19.2   12:10  10.9    3:10   3.3   0.1   0.0   2.4  17.7   14:50   WSW
11  16.9  21.5   12:40  13.0   23:50   2.1   0.6   0.0   3.4  22.5   12:10    NE
12  16.9  21.9   13:40  12.2    6:20   2.3   0.9   0.0   3.7  19.3   12:40    NE
13  17.9  22.8   16:30  12.1    5:20   1.5   1.2   0.0   3.7  22.5   12:40   SSE
14  22.2  28.0   14:50  17.4   22:40   0.0   3.9   0.0   6.3  33.8    4:10   ESE
15  22.1  27.3   12:40  18.2   18:50   0.0   3.8   0.0   5.3  35.4   19:20   ESE
16  19.0  24.2   13:10  13.8   23:10   1.2   1.9   0.0   3.4  19.3   14:00   WSW
17  17.6  21.8   11:50  13.8    6:30   1.6   0.8   0.0   6.0  29.0   18:30    NE
18  18.4  23.4   13:50  13.6    7:20   1.4   1.5   0.0   2.9  30.6   11:30    NE
19  21.1  25.4   13:00  16.4    0:50   0.2   3.0   0.0   3.7  19.3   16:50    NE
20  23.4  29.6   14:50  19.4   22:30   0.0   5.1   0.0   3.7  27.4    4:50   WNW
21  25.5  30.0   18:20  21.4    3:00   0.0   7.2   0.0   4.2  32.2    3:30    NE
22  25.6  30.2   17:00  20.9   23:50   0.0   7.3   0.0   3.9  30.6   11:50   WNW
23  24.7  29.1   14:10  20.0   00:00   0.0   6.4   0.0   3.2  29.0   13:30   WNW
24  21.1  23.9   13:40  17.8   22:20   0.0   2.8   0.0   9.3  40.2   16:40    NW
25  19.9  24.4   16:40  15.4    5:40   0.5   2.1   0.0   4.0  22.5    2:20    NE
26  20.8  25.4   15:00  16.5    3:30   0.3   2.8   0.0   3.4  20.9   15:00    NE
27  21.6  26.7   12:10  16.7    6:50   0.1   3.4   0.0   2.9  17.7   14:40    NE
28  23.9  29.9   14:40  19.9    0:20   0.0   5.6   0.0   2.4  24.1   16:00    NE
29  23.9  30.3   16:30  19.6    3:20   0.0   5.6   0.0   3.5  37.0   21:50    NE
30  23.8  28.7   15:20  18.5    3:50   0.0   5.5   0.0   2.3  24.1   12:20    NE
31  25.8  30.1   13:50  20.8    1:50   0.0   7.5   0.0   6.3  32.2   14:00    NE
-------------------------------------------------------------------------------------
    19.7  30.3    29     9.7     8    40.1  82.7   5.8   4.9  49.9     5      NE

Max >=  32.0:  0
Max <=   0.0:  0
Min <=   0.0:  0
Min <= -18.0:  0
Max Rain: 5.79 ON 01/05/19
Days of Rain: 1 (> .2 mm) 1 (> 2 mm) 0 (> 20 mm)
Heat Base:  18.3  Cool Base:  18.3  Method: Integration