NOAA Reports/Αναφορές NOAA

Select a Year or Month report
2024 > Jan Feb Mar Apr May Jun Jul Aug Sep Oct Nov Dec
2023 > Jan Feb Mar Apr May Jun Jul Aug Sep Oct Nov Dec
2022 > Jan Feb Mar Apr May Jun Jul Aug Sep Oct Nov Dec
2021 > Jan Feb Mar Apr May Jun Jul Aug Sep Oct Nov Dec
2020 > Jan Feb Mar Apr May Jun Jul Aug Sep Oct Nov Dec
2019 > Jan Feb Mar Apr May Jun Jul Aug Sep Oct Nov Dec
2018 > Jan Feb Mar Apr May Jun Jul Aug Sep Oct Nov Dec
2017 > Jan Feb Mar Apr May Jun Jul Aug Sep Oct Nov Dec
2016 > Jan Feb Mar Apr May Jun Jul Aug Sep Oct Nov Dec

Report for 2019 Aug
                   MONTHLY CLIMATOLOGICAL SUMMARY for AUG. 2019

NAME: anovianos   CITY: Ano Viannos   STATE: Greece 
ELEV:   545 m  LAT:  35 20' 00" N  LONG:  24 10' 00" E

                   TEMPERATURE (C), RAIN  (mm), WIND SPEED (km/hr)

                                      HEAT  COOL        AVG
    MEAN                              DEG   DEG         WIND                 DOM
DAY TEMP  HIGH   TIME   LOW    TIME   DAYS  DAYS  RAIN  SPEED HIGH   TIME    DIR
------------------------------------------------------------------------------------
 1  27.3  31.3   13:50  23.8    6:00   0.0   9.0   0.0  10.8  48.3   15:40    NE
 2  28.3  33.1   14:50  24.8    6:50   0.0  10.0   0.0  11.9  41.8   10:40    NE
 3  31.1  36.6   15:20  27.5    2:50   0.0  12.8   0.0   9.8  46.7   11:40    NE
 4  29.9  32.2   14:00  26.4   00:00   0.0  11.6   0.0  11.7  54.7   13:00    NE
 5  25.9  29.2   14:30  23.1   22:30   0.0   7.6   0.0  14.0  54.7   23:10    NE
 6  23.7  27.4   14:40  21.5   21:20   0.0   5.4   0.0  18.3  59.5   20:10    NE
 7  25.7  31.2   16:50  21.4    5:50   0.0   7.4   0.0  11.4  49.9    6:10    NE
 8  27.7  31.0   14:00  23.1   23:50   0.0   9.4   0.0   9.8  33.8    2:10    NE
 9  28.6  33.6   16:30  22.8    0:10   0.0  10.3   0.0   7.6  37.0   00:00    NE
10  30.1  34.6   16:00  26.0    6:10   0.0  11.7   0.0  10.8  38.6    7:00    NE
11  30.8  34.8   10:30  26.8    5:20   0.0  12.5   0.0   9.3  35.4    1:10    NE
12  29.6  33.9   11:10  25.4   21:20   0.0  11.2   0.0   6.9  32.2    2:50    NE
13  28.5  32.7   13:50  24.3    7:50   0.0  10.2   0.0   5.5  37.0   14:00   ENE
14  26.5  30.5   16:30  22.2    3:40   0.0   8.2   0.0   3.5  27.4   19:00    NE
15  26.2  30.3   17:00  22.1    7:10   0.0   7.9   0.0   2.9  19.3    1:00   WNW
16  26.2  30.8   15:10  22.2    6:30   0.0   7.9   0.0   3.4  30.6   13:00    NE
17  26.0  30.8   12:50  21.8    6:00   0.0   7.7   0.0   4.8  33.8   23:30    NE
18  23.1  26.6   13:30  21.0   23:30   0.0   4.8   0.0  16.7  61.2   22:50    NE
19  23.6  27.4   17:00  20.9    3:40   0.0   5.3   0.0  16.1  56.3    6:40    NE
20  24.6  29.6   14:50  21.2    0:40   0.0   6.3   0.0  10.1  41.8    4:50    NE
21  25.0  29.7   14:50  19.4    3:40   0.0   6.7   0.0   8.0  43.5    0:30    NE
22  27.2  31.7   15:30  22.9    4:10   0.0   8.9   0.0   9.5  43.5   13:00    NE
23  29.1  33.3   13:40  26.3    0:10   0.0  10.8   0.0  10.8  38.6   12:20    NE
24  29.4  34.8   13:20  24.1    7:10   0.0  11.1   0.0   6.3  32.2    3:50    NE
25  29.8  33.7   14:50  26.4    0:20   0.0  11.5   0.0   8.5  40.2   16:40    NE
26  30.2  34.7   14:10  25.8   00:00   0.0  11.9   0.4   7.6  30.6   18:10    NE
27  28.4  34.0   14:10  23.1    6:20   0.0  10.1   0.0   7.1  35.4   18:50    NE
28  27.6  32.2   14:30  24.3    6:50   0.0   9.3   0.0  10.8  45.1    7:30    NE
29  26.6  31.0   16:30  22.6    6:20   0.0   8.3   0.0  12.7  41.8    7:40    NE
30  27.4  31.9   14:20  24.1    6:10   0.0   9.1   0.0  11.1  41.8    6:30    NE
31  24.1  27.7   15:30  21.4   21:50   0.0   5.8   0.0  13.5  45.1    5:00    NE
-------------------------------------------------------------------------------------
    27.4  36.6     3    19.4    21     0.0 280.7   0.4   9.7  61.2    18      NE

Max >=  32.0: 14
Max <=   0.0:  0
Min <=   0.0:  0
Min <= -18.0:  0
Max Rain: 0.41 ON 26/08/19
Days of Rain: 1 (> .2 mm) 0 (> 2 mm) 0 (> 20 mm)
Heat Base:  18.3  Cool Base:  18.3  Method: Integration