NOAA Reports/Αναφορές NOAA

Select a Year or Month report
2024 > Jan Feb Mar Apr May Jun Jul Aug Sep Oct Nov Dec
2023 > Jan Feb Mar Apr May Jun Jul Aug Sep Oct Nov Dec
2022 > Jan Feb Mar Apr May Jun Jul Aug Sep Oct Nov Dec
2021 > Jan Feb Mar Apr May Jun Jul Aug Sep Oct Nov Dec
2020 > Jan Feb Mar Apr May Jun Jul Aug Sep Oct Nov Dec
2019 > Jan Feb Mar Apr May Jun Jul Aug Sep Oct Nov Dec
2018 > Jan Feb Mar Apr May Jun Jul Aug Sep Oct Nov Dec
2017 > Jan Feb Mar Apr May Jun Jul Aug Sep Oct Nov Dec
2016 > Jan Feb Mar Apr May Jun Jul Aug Sep Oct Nov Dec

Report for 2019 Sep
                   MONTHLY CLIMATOLOGICAL SUMMARY for SEP. 2019

NAME: anovianos   CITY: Ano Viannos   STATE: Greece 
ELEV:   545 m  LAT:  35 20' 00" N  LONG:  24 10' 00" E

                   TEMPERATURE (C), RAIN  (mm), WIND SPEED (km/hr)

                                      HEAT  COOL        AVG
    MEAN                              DEG   DEG         WIND                 DOM
DAY TEMP  HIGH   TIME   LOW    TIME   DAYS  DAYS  RAIN  SPEED HIGH   TIME    DIR
------------------------------------------------------------------------------------
 1  24.1  27.9   13:30  20.7    4:30   0.0   5.7   0.0  12.9  45.1    5:40    NE
 2  24.4  27.7   15:20  21.5    7:10   0.0   6.1   0.0  13.5  45.1    0:50    NE
 3  25.4  28.2   14:10  23.4    2:10   0.0   7.2   0.0  11.9  66.0   15:30    NW
 4  25.4  29.3   16:40  22.5    7:10   0.0   7.2   0.0  10.5  37.0    7:30    NW
 5  24.5  28.3   13:30  20.6    4:10   0.0   6.2   0.0   5.6  33.8    6:10    NE
 6  23.9  28.7   12:00  19.7    7:20   0.0   5.6   0.0   3.4  37.0   14:00    NE
 7  25.1  29.3   14:30  20.7    0:50   0.0   6.8   0.0   9.8  41.8   23:30    NE
 8  24.8  28.3   14:00  21.6    7:50   0.0   6.5   0.0  16.1  49.9   19:10    NE
 9  25.6  29.1   14:50  22.7    5:30   0.0   7.3   0.0  12.9  53.1    8:40    NE
10  24.7  28.2   15:10  22.1    6:30   0.0   6.4   0.0  10.9  48.3   16:40    NE
11  24.9  28.8   12:00  21.6   21:30   0.0   6.6   0.0   7.9  40.2    2:10    NE
12  24.0  26.9   14:20  21.3    7:00   0.0   5.7   0.0  12.9  53.1   17:50    NE
13  21.6  24.1   11:50  19.1   21:50   0.0   3.3   1.6  17.1  54.7   21:30    NE
14  21.0  24.2   15:00  19.1    3:50   0.0   2.7   1.6  14.5  56.3   21:30    NE
15  22.1  26.4   14:30  20.3    2:50   0.0   3.8   0.0  19.8  69.2   10:20    NE
16  23.2  28.8   13:10  19.3   23:40   0.0   4.8   0.0  12.1  53.1    4:00    NE
17  21.8  26.1   14:30  17.3    5:50   0.0   3.6   0.0   3.4  27.4    1:00    NE
18  21.8  26.6   15:50  18.0    6:20   0.0   3.5   0.0   3.1  17.7   12:00    NE
19  22.0  26.3   15:10  18.6    7:00   0.0   3.7   0.0   3.7  17.7   12:40    NE
20  24.2  28.3   12:10  19.4    0:50   0.0   5.8   0.0   4.8  32.2   21:10    NE
21  20.2  23.2   14:20  16.9   22:40   0.2   2.1   0.0  17.4  62.8   23:00    NE
22  19.7  24.1   14:30  16.3    6:10   0.5   1.9   0.0  14.8  62.8    9:10    NE
23  20.7  26.4   14:00  15.5    7:00   0.4   2.9   0.0   3.9  37.0   12:30    NE
24  22.5  27.8   15:10  17.9    7:30   0.0   4.2   0.0   6.9  35.4   16:50   WNW
25  23.0  26.9   14:20  20.3   00:00   0.0   4.7   0.0   7.9  35.4   15:00    NW
26  21.0  24.4   15:50  17.8    7:00   0.0   2.7   0.0   2.4  19.3   13:00    NE
27  22.0  27.3   12:20  17.8    7:10   0.0   3.7   0.0   2.3  22.5   12:20    NE
28  24.2  28.8   12:20  19.8    2:30   0.0   5.9   0.0   5.1  32.2   12:40    NE
29  23.4  27.1   15:40  19.4   23:00   0.0   5.1   0.0   7.9  40.2   13:30    NE
30  22.4  27.9   16:00  18.2    1:40   0.0   4.1   0.0   2.6  25.7   14:30    NE
-------------------------------------------------------------------------------------
    23.1  29.3     4    15.5    23     1.3 145.8   3.2   9.3  69.2    15      NE

Max >=  32.0:  0
Max <=   0.0:  0
Min <=   0.0:  0
Min <= -18.0:  0
Max Rain: 1.60 ON 13/09/19
Days of Rain: 2 (> .2 mm) 0 (> 2 mm) 0 (> 20 mm)
Heat Base:  18.3  Cool Base:  18.3  Method: Integration