NOAA Reports/Αναφορές NOAA

Select a Year or Month report
2024 > Jan Feb Mar Apr May Jun Jul Aug Sep Oct Nov Dec
2023 > Jan Feb Mar Apr May Jun Jul Aug Sep Oct Nov Dec
2022 > Jan Feb Mar Apr May Jun Jul Aug Sep Oct Nov Dec
2021 > Jan Feb Mar Apr May Jun Jul Aug Sep Oct Nov Dec
2020 > Jan Feb Mar Apr May Jun Jul Aug Sep Oct Nov Dec
2019 > Jan Feb Mar Apr May Jun Jul Aug Sep Oct Nov Dec
2018 > Jan Feb Mar Apr May Jun Jul Aug Sep Oct Nov Dec
2017 > Jan Feb Mar Apr May Jun Jul Aug Sep Oct Nov Dec
2016 > Jan Feb Mar Apr May Jun Jul Aug Sep Oct Nov Dec

Report for 2019 Oct
                   MONTHLY CLIMATOLOGICAL SUMMARY for OCT. 2019

NAME: anovianos   CITY: Ano Viannos   STATE: Greece 
ELEV:   545 m  LAT:  35 20' 00" N  LONG:  24 10' 00" E

                   TEMPERATURE (C), RAIN  (mm), WIND SPEED (km/hr)

                                      HEAT  COOL        AVG
    MEAN                              DEG   DEG         WIND                 DOM
DAY TEMP  HIGH   TIME   LOW    TIME   DAYS  DAYS  RAIN  SPEED HIGH   TIME    DIR
------------------------------------------------------------------------------------
 1  24.0  28.9   13:00  20.0    0:20   0.0   5.7   0.0   2.9  19.3   16:00    NE
 2  22.9  28.1   13:50  17.9   23:20   0.0   4.7   0.0   3.4  19.3   14:50    NE
 3  21.5  25.8   12:30  17.7    3:50   0.0   3.2   0.0   2.7  20.9   13:10    NE
 4  23.7  28.4   12:10  18.5    1:20   0.0   5.4   0.0   4.8  30.6   15:00   ESE
 5  20.4  24.6   14:10  17.6   22:10   0.0   2.1   0.0   7.9  40.2    7:30    NW
 6  20.9  25.9   15:20  17.3    1:20   0.0   2.6   0.0   5.6  35.4   11:40    NW
 7  19.3  23.4   13:20  17.2    8:10   0.2   1.1   2.6   2.6  22.5   12:20    NE
 8  20.8  25.1   16:00  17.5   00:00   0.0   2.5   3.2   2.3  33.8   16:40    NE
 9  20.7  24.7   15:20  17.3    0:10   0.0   2.4   0.0   3.5  22.5   11:50    NE
10  23.1  28.7   15:10  18.9    2:40   0.0   4.8   0.0   2.3  20.9   19:40    NE
11  23.7  28.3   11:20  20.3   22:00   0.0   5.4   0.0   2.6  27.4    7:30    NE
12  23.8  28.7   14:50  18.9    2:40   0.0   5.4   0.0   9.8  41.8   10:30    NE
13  23.6  28.7   11:50  18.5   23:50   0.0   5.2   0.0   6.1  41.8    5:30    NE
14  21.4  27.1   16:10  17.1    4:50   0.1   3.2   0.0   2.1  25.7   16:30   WNW
15  20.9  26.0   13:10  16.8    6:50   0.2   2.8   0.0   2.3  22.5   15:40    NE
16  20.1  24.9   13:00  16.3    6:40   0.3   2.1   0.0   1.9  16.1   14:40    NE
17  19.7  24.2   16:10  15.8    6:40   0.6   2.0   0.0   1.8  17.7   13:50    NE
18  19.4  24.3   14:50  16.7    4:20   0.2   1.3   1.0   1.8  20.9   16:10    NE
19  20.6  25.1   15:10  17.8   22:50   0.0   2.3   0.0   1.3  17.7   14:20    NE
20  20.7  25.7   14:20  17.2    8:10   0.1   2.4   0.0   2.9  25.7   15:30    NE
21  21.7  27.8   15:30  16.8    4:30   0.2   3.5   0.0   4.8  40.2   00:00    NE
22  20.3  24.1   14:20  18.2    4:20   0.0   2.1   0.0  12.7  45.1   21:50    NE
23  20.1  24.1   13:00  18.0    3:40   0.0   1.7   0.0  10.8  37.0    9:50    NE
24  19.7  24.3   14:30  16.3   00:00   0.3   1.6   0.0  10.8  45.1    2:20    NE
25  20.4  27.0   12:10  15.6    7:00   0.8   2.9   0.0   2.1  20.9   13:00    NE
26  21.3  26.9   13:20  17.3    5:10   0.1   3.1   0.0   6.6  33.8   20:50    NE
27  20.2  24.5   11:30  18.1    0:30   0.0   1.9   0.0  11.4  41.8    0:20    NE
28  19.7  22.8   10:50  15.6   22:50   0.2   1.6   0.0   9.0  41.8    3:40    NE
29  18.8  22.6   13:00  15.2    1:20   0.7   1.2   0.0   3.7  35.4   12:50   WNW
30  19.2  23.6   11:00  15.3    6:30   0.6   1.5   0.0   2.4  20.9   18:30    NE
31  18.7  23.7   10:20  15.1    5:50   1.0   1.3   7.0   2.6  30.6   20:20    NE
-------------------------------------------------------------------------------------
    21.0  28.9     1    15.1    31     5.5  89.3  13.8   4.8  45.1    22      NE

Max >=  32.0:  0
Max <=   0.0:  0
Min <=   0.0:  0
Min <= -18.0:  0
Max Rain: 7.01 ON 31/10/19
Days of Rain: 4 (> .2 mm) 3 (> 2 mm) 0 (> 20 mm)
Heat Base:  18.3  Cool Base:  18.3  Method: Integration