NOAA Reports/Αναφορές NOAA

Select a Year or Month report
2024 > Jan Feb Mar Apr May Jun Jul Aug Sep Oct Nov Dec
2023 > Jan Feb Mar Apr May Jun Jul Aug Sep Oct Nov Dec
2022 > Jan Feb Mar Apr May Jun Jul Aug Sep Oct Nov Dec
2021 > Jan Feb Mar Apr May Jun Jul Aug Sep Oct Nov Dec
2020 > Jan Feb Mar Apr May Jun Jul Aug Sep Oct Nov Dec
2019 > Jan Feb Mar Apr May Jun Jul Aug Sep Oct Nov Dec
2018 > Jan Feb Mar Apr May Jun Jul Aug Sep Oct Nov Dec
2017 > Jan Feb Mar Apr May Jun Jul Aug Sep Oct Nov Dec
2016 > Jan Feb Mar Apr May Jun Jul Aug Sep Oct Nov Dec

Report for 2019 Dec
                   MONTHLY CLIMATOLOGICAL SUMMARY for DEC. 2019

NAME: anovianos   CITY: Ano Viannos   STATE: Greece 
ELEV:   545 m  LAT:  35 20' 00" N  LONG:  24 10' 00" E

                   TEMPERATURE (C), RAIN  (mm), WIND SPEED (km/hr)

                                      HEAT  COOL        AVG
    MEAN                              DEG   DEG         WIND                 DOM
DAY TEMP  HIGH   TIME   LOW    TIME   DAYS  DAYS  RAIN  SPEED HIGH   TIME    DIR
------------------------------------------------------------------------------------
 1  14.6  16.7    9:40  11.4   00:00   3.7   0.0   0.0  10.3  41.8    6:00    NE
 2  12.1  16.8   13:20   9.3   00:00   6.2   0.0   0.0   8.2  56.3    2:30    NE
 3  12.6  17.6   14:20   8.6    5:50   5.8   0.0   0.0   3.5  25.7    9:30    NE
 4  14.4  18.5   15:00  10.2    5:30   3.9   0.0   0.0   7.4  33.8   17:10    NE
 5  12.1  13.8    0:10  10.2   22:40   6.2   0.0   0.0  13.5  54.7   23:40    NE
 6  12.3  16.2   13:30  10.1   23:40   5.6   0.0   0.0   7.2  46.7    9:10    NE
 7  13.3  16.8   13:10   8.4    6:20   4.7   0.0   0.0   5.8  33.8   17:50    NE
 8  14.3  17.1   14:40  12.9   00:00   3.9   0.0   1.0   6.9  35.4    6:20    NE
 9  13.4  16.1   11:30  11.2   22:50   4.9   0.0   6.2   5.8  33.8    2:30    NE
10  12.8  14.3   11:50  11.0    0:50   5.5   0.0  25.8   6.1  33.8   21:10     E
11  13.4  16.1    9:50  11.4   22:30   4.3   0.0   0.2   2.6  22.5   18:30    NE
12  11.9  15.4   15:10   9.4    7:00   6.2   0.0  11.0   2.6  29.0    6:10   ENE
13  12.3  15.1   13:00   9.9    0:20   5.4   0.0   2.6   7.9  46.7   14:00    NW
14  10.8  13.1   10:20   8.1   16:00   6.7   0.0  31.2   5.1  48.3   13:00    NE
15  13.6  18.1   14:20   8.9    0:20   4.2   0.0   0.0   4.7  40.2    8:50    NE
16  14.5  17.9   11:40  10.5    3:40   3.1   0.0   0.0   3.5  24.1   13:30    NE
17  14.2  18.0   14:50  10.9    3:40   3.4   0.0   0.0   2.3  16.1   14:00    NE
18  13.8  17.2   12:30   9.6    3:40   3.7   0.0   0.0   2.3  12.9    1:40    NE
19  13.1  16.9   11:50  10.0    3:40   4.2   0.0   0.0   3.1  14.5    0:40    NE
20  13.5  16.5   15:00  10.6    1:00   4.0   0.0   0.0   3.1  16.1   12:50    NE
21  13.4  16.5   14:30  10.1    3:50   4.1   0.0   0.0   2.9  16.1   12:20    NE
22  13.2  15.0   13:30  10.1    3:50   4.3   0.0   0.0   3.4  27.4   22:50   SSE
23  12.6  15.4   12:10   9.5   17:00   4.6   0.0  13.6  12.9  62.8   12:10    NW
24  10.6  12.2    9:20   8.5   12:30   6.0   0.0   8.4   7.9  45.1    2:30    NW
25  10.7  13.2   13:10   7.5    3:30   6.2   0.0   3.2  10.1  61.2   22:50    NW
26   8.6  11.0   11:30   5.2   15:20   8.0   0.0  14.4  11.4  86.9   22:00    NW
27   9.7  12.6   13:30   7.1    3:30   7.0   0.0   1.0   5.8  56.3    1:30    NE
28   8.8  12.0   13:00   6.1   23:20   7.7   0.0   0.4   3.9  33.8   19:10    NE
29   6.6   7.4   15:00   4.3    3:50   9.7   0.0  16.0   2.1  33.8   23:40    NE
30   7.0   9.9   12:40   4.3    3:20   9.0   0.0  45.0  10.8  61.2    1:50    NE
31   9.4  12.2   13:50   6.7    4:00   7.4   0.0   1.4   6.9  41.8    1:30    NE
-------------------------------------------------------------------------------------
    12.1  18.5     4     4.3    30   169.4   0.0 181.4   6.1  86.9    26      NE

Max >=  32.0:  0
Max <=   0.0:  0
Min <=   0.0:  0
Min <= -18.0:  0
Max Rain: 45.01 ON 30/12/19
Days of Rain: 16 (> .2 mm) 11 (> 2 mm) 3 (> 20 mm)
Heat Base:  18.3  Cool Base:  18.3  Method: Integration