NOAA Reports/Αναφορές NOAA

Select a Year or Month report
2024 > Jan Feb Mar Apr May Jun Jul Aug Sep Oct Nov Dec
2023 > Jan Feb Mar Apr May Jun Jul Aug Sep Oct Nov Dec
2022 > Jan Feb Mar Apr May Jun Jul Aug Sep Oct Nov Dec
2021 > Jan Feb Mar Apr May Jun Jul Aug Sep Oct Nov Dec
2020 > Jan Feb Mar Apr May Jun Jul Aug Sep Oct Nov Dec
2019 > Jan Feb Mar Apr May Jun Jul Aug Sep Oct Nov Dec
2018 > Jan Feb Mar Apr May Jun Jul Aug Sep Oct Nov Dec
2017 > Jan Feb Mar Apr May Jun Jul Aug Sep Oct Nov Dec
2016 > Jan Feb Mar Apr May Jun Jul Aug Sep Oct Nov Dec

Report for 2020 Jan
                   MONTHLY CLIMATOLOGICAL SUMMARY for JAN. 2020

NAME: anovianos   CITY: Ano Viannos   STATE: Greece 
ELEV:   545 m  LAT:  35 20' 00" N  LONG:  24 10' 00" E

                   TEMPERATURE (C), RAIN  (mm), WIND SPEED (km/hr)

                                      HEAT  COOL        AVG
    MEAN                              DEG   DEG         WIND                 DOM
DAY TEMP  HIGH   TIME   LOW    TIME   DAYS  DAYS  RAIN  SPEED HIGH   TIME    DIR
------------------------------------------------------------------------------------
 1   8.7  10.8   10:20   5.8   23:40   8.0   0.0   4.8   7.4  43.5   19:30    NE
 2   5.6   7.5   12:20   3.6   15:30  10.5   0.0  33.0   7.7  40.2    3:30    NE
 3   6.7   8.8   15:30   2.8    3:50   9.3   0.0  38.0  10.9  64.4    9:00    NE
 4   9.8  12.2   17:00   6.2    4:00   7.0   0.0   0.0   6.9  43.5   10:40    NE
 5  10.4  13.1   14:10   6.7    4:00   6.6   0.0   2.8   7.7  46.7   11:20    NW
 6   6.3   8.6   10:00   4.5   12:00   9.9   0.0  30.0   9.2  82.1   19:40    NW
 7   5.6   6.5    2:30   4.7   21:00   9.4   0.0  38.2  11.6  83.7   12:10    NW
 8   6.5   7.9   14:10   5.2    3:10   9.4   0.0  30.0  12.4  51.5    9:40     N
 9   5.8   7.4   22:10   4.6   11:20  12.4   0.0   9.2  17.7 103.0   11:20    NE
10   9.9  15.4   13:40   6.6   21:30   8.4   0.0   0.0   8.9  56.3    3:30    NE
11   9.8  13.8   11:50   6.8    1:10   8.5   0.0   0.0   2.3  17.7   12:00    NE
12  10.7  14.8   12:30   8.3   23:10   7.6   0.0   0.0   2.4  20.9   13:30    NE
13  10.2  14.7   12:50   7.2    7:30   8.1   0.0   0.0   1.4  16.1   11:50    NE
14  10.0  14.8   13:30   7.3    3:10   8.3   0.0   0.0   1.9  16.1   12:00    NE
15  11.4  15.2   15:10   8.3    1:00   6.9   0.0   0.0   4.7  43.5   22:40    NE
16  10.8  13.7   11:20   9.2   17:50   7.5   0.0   4.8   7.6  37.0    4:30    NE
17   9.1  10.2    9:40   8.1   20:20   9.2   0.0   1.2  11.4  46.7    6:00    NE
18   8.4  10.8   12:20   7.2   23:50   9.9   0.0   6.8   9.2  41.8   23:40    NE
19   8.3  10.1   12:40   7.2    1:50  10.0   0.0   0.4  10.8  51.5    6:30    NE
20   7.3   9.2   12:30   6.3   22:30  11.0   0.0   5.0  12.4  46.7   20:50    NE
21   7.0   9.0   14:10   5.9    8:10  11.3   0.0   0.8  15.9  51.5   13:50    NE
22   9.6  13.0   16:20   7.1    3:30   8.7   0.0   0.0  13.4  67.6   12:50    NE
23  10.8  16.8   13:50   6.6    7:40   7.4   0.0   0.0   8.5  51.5   16:30    NE
24   7.9  13.1   14:20   4.5   22:20  10.4   0.0   0.0  14.5  72.4    7:30    NE
25   8.3  13.3   15:10   3.8    6:20  10.0   0.0   0.0   2.6  19.3   13:50    NE
26  10.1  14.3   13:50   6.6    0:30   8.3   0.0   0.0   2.4  19.3   14:00    NE
27  10.9  12.5   12:30   9.3    4:20   7.4   0.0   0.8   2.4  19.3   12:50    NE
28  11.6  15.1   13:20   9.3   21:50   6.7   0.0   0.0   7.6  37.0   10:10    NW
29  11.4  12.8   11:20   9.6    5:30   6.8   0.0   0.0   9.8  41.8   14:40    NW
30  12.4  15.8   14:40  10.9    7:10   5.9   0.0   0.0  13.7  51.5    5:50    NW
31  11.5  14.2   13:10   7.8    7:50   6.8   0.0   0.0   6.4  35.4    4:40    NW
-------------------------------------------------------------------------------------
     9.1  16.8    23     2.8     3   267.7   0.0 205.8   8.4 103.0     9      NE

Max >=  32.0:  0
Max <=   0.0:  0
Min <=   0.0:  0
Min <= -18.0:  0
Max Rain: 38.20 ON 07/01/20
Days of Rain: 15 (> .2 mm) 11 (> 2 mm) 5 (> 20 mm)
Heat Base:  18.3  Cool Base:  18.3  Method: Integration