NOAA Reports/Αναφορές NOAA

Select a Year or Month report
2024 > Jan Feb Mar Apr May Jun Jul Aug Sep Oct Nov Dec
2023 > Jan Feb Mar Apr May Jun Jul Aug Sep Oct Nov Dec
2022 > Jan Feb Mar Apr May Jun Jul Aug Sep Oct Nov Dec
2021 > Jan Feb Mar Apr May Jun Jul Aug Sep Oct Nov Dec
2020 > Jan Feb Mar Apr May Jun Jul Aug Sep Oct Nov Dec
2019 > Jan Feb Mar Apr May Jun Jul Aug Sep Oct Nov Dec
2018 > Jan Feb Mar Apr May Jun Jul Aug Sep Oct Nov Dec
2017 > Jan Feb Mar Apr May Jun Jul Aug Sep Oct Nov Dec
2016 > Jan Feb Mar Apr May Jun Jul Aug Sep Oct Nov Dec

Report for 2020 Feb
                   MONTHLY CLIMATOLOGICAL SUMMARY for FEB. 2020

NAME: anovianos   CITY: Ano Viannos   STATE: Greece 
ELEV:   545 m  LAT:  35 20' 00" N  LONG:  24 10' 00" E

                   TEMPERATURE (C), RAIN  (mm), WIND SPEED (km/hr)

                                      HEAT  COOL        AVG
    MEAN                              DEG   DEG         WIND                 DOM
DAY TEMP  HIGH   TIME   LOW    TIME   DAYS  DAYS  RAIN  SPEED HIGH   TIME    DIR
------------------------------------------------------------------------------------
 1  13.0  16.2   15:00   9.5   00:00   5.3   0.0   0.0   4.8  32.2    6:40    NE
 2  11.6  15.1   13:50   8.6    5:00   6.7   0.0   0.0   3.2  22.5   14:00    NE
 3  11.9  14.4   12:50   8.8    7:40   6.4   0.0   0.0   8.7  33.8   11:00    NW
 4  12.3  14.1   12:40  11.3    3:30   6.0   0.0   0.0   6.9  32.2    3:00    NW
 5  11.0  13.2   12:30   5.9   23:40   7.3   0.0   4.4  11.3  59.5   17:50   WNW
 6   6.3   8.2   17:00   4.1   23:00  12.0   0.0  14.8  10.3  41.8    9:40    NW
 7   4.7   5.9   13:00   2.8   14:30  13.7   0.0  12.8  11.3  49.9   13:20    NW
 8   6.1   8.1   11:10   4.8   18:40  12.3   0.0   1.2   9.7  64.4    6:20    NE
 9   6.3   8.6   12:30   4.7    5:10  12.0   0.0   0.2  10.1  45.1    4:00    NE
10   8.9  13.1   15:30   4.4    4:10   9.4   0.0   0.0   6.6  33.8   18:10   WNW
11  11.7  14.9   11:50   7.9    0:10   6.6   0.0   0.0  10.3  33.8   21:00    NW
12  13.7  18.3   11:50  10.2   23:20   4.6   0.0   0.0  10.8  48.3    8:30    NW
13  12.8  17.4   14:00   9.6    1:00   5.5   0.0   0.0   1.8  17.7   17:40    NE
14  11.6  14.6   15:30   9.6    6:50   6.7   0.0   1.6   1.8  19.3   15:40    NE
15  11.2  13.5   15:50   9.1   13:30   7.2   0.0  29.2   3.9  35.4   22:40    NE
16  10.2  12.1   14:00   9.5   21:20   8.1   0.0   8.4  10.3  53.1    4:50    NE
17  10.3  12.7   13:20   8.7    7:10   8.0   0.0   0.0  10.6  43.5   15:40    NE
18  10.0  13.2   14:20   7.2   23:40   8.3   0.0   0.0   4.7  35.4    2:20    NE
19  10.4  14.0   13:30   6.5    7:30   7.9   0.0   0.0   5.0  27.4   19:20    NE
20  11.3  13.6   12:40   9.2   23:20   7.0   0.0   0.6  11.9  46.7   18:50    NW
21   8.8  11.4   12:50   6.1    3:50   9.5   0.0  13.2  13.7  88.5    9:10    NW
22   8.8  11.2   15:50   7.2   23:40   9.5   0.0   0.4  12.1  46.7   14:10    NE
23   7.8  10.3   12:40   5.9    5:20  10.5   0.0   2.4  13.7  51.5    4:50    NE
24   9.9  13.7   15:50   6.2    7:40   8.4   0.0   0.0   5.5  32.2    0:20    NE
25  12.6  17.7   15:30   8.2    0:10   5.7   0.0   0.0   6.0  46.7   12:00    NW
26  12.8  16.4   10:10   9.6    0:20   5.4   0.0   0.0   2.6  17.7   13:00    NE
27  13.3  18.3   12:10   9.6    5:00   5.0   0.0   0.0   3.9  32.2   20:30   WNW
28  11.2  14.2   14:30   8.6    6:20   7.1   0.0   0.2   8.7  37.0   22:10    NW
29   9.6  11.8    5:30   7.8   19:20   8.7   0.0   0.0  15.6 103.0   11:50    NW
-------------------------------------------------------------------------------------
    10.3  18.3    27     2.8     7   230.9   0.0  89.4   8.1 103.0    29      NE

Max >=  32.0:  0
Max <=   0.0:  0
Min <=   0.0:  0
Min <= -18.0:  0
Max Rain: 29.21 ON 15/02/20
Days of Rain: 13 (> .2 mm) 7 (> 2 mm) 1 (> 20 mm)
Heat Base:  18.3  Cool Base:  18.3  Method: Integration