NOAA Reports/Αναφορές NOAA

Select a Year or Month report
2024 > Jan Feb Mar Apr May Jun Jul Aug Sep Oct Nov Dec
2023 > Jan Feb Mar Apr May Jun Jul Aug Sep Oct Nov Dec
2022 > Jan Feb Mar Apr May Jun Jul Aug Sep Oct Nov Dec
2021 > Jan Feb Mar Apr May Jun Jul Aug Sep Oct Nov Dec
2020 > Jan Feb Mar Apr May Jun Jul Aug Sep Oct Nov Dec
2019 > Jan Feb Mar Apr May Jun Jul Aug Sep Oct Nov Dec
2018 > Jan Feb Mar Apr May Jun Jul Aug Sep Oct Nov Dec
2017 > Jan Feb Mar Apr May Jun Jul Aug Sep Oct Nov Dec
2016 > Jan Feb Mar Apr May Jun Jul Aug Sep Oct Nov Dec

Report for 2020 Mar
                   MONTHLY CLIMATOLOGICAL SUMMARY for MAR. 2020

NAME: anovianos   CITY: Ano Viannos   STATE: Greece 
ELEV:   545 m  LAT:  35 20' 00" N  LONG:  24 10' 00" E

                   TEMPERATURE (C), RAIN  (mm), WIND SPEED (km/hr)

                                      HEAT  COOL        AVG
    MEAN                              DEG   DEG         WIND                 DOM
DAY TEMP  HIGH   TIME   LOW    TIME   DAYS  DAYS  RAIN  SPEED HIGH   TIME    DIR
------------------------------------------------------------------------------------
 1  10.2  15.4   15:10   6.0    6:40   8.1   0.0   0.0   4.3  32.2   14:10    NE
 2  14.1  18.1   13:20   7.3    1:50   4.2   0.0   0.0   3.4  29.0    3:50    NE
 3  13.2  15.2    8:50  10.9    0:20   5.1   0.0   0.0   8.0  35.4   12:20    NE
 4  13.2  15.6   10:00  10.6   23:50   5.1   0.0   0.0  10.0  43.5    9:40     E
 5  11.4  15.2   11:30   9.3   21:50   6.9   0.0   4.2   3.5  22.5   21:30    NE
 6  11.4  15.7   12:40   8.2    4:00   6.9   0.0   0.0   3.5  20.9   11:50    NE
 7  13.3  17.3   14:20   8.2    3:00   5.0   0.0   0.0   2.6  19.3   13:00    NE
 8  15.9  18.8   12:10  13.2   23:10   2.4   0.0   0.0   8.0  35.4   23:30   ESE
 9  11.2  15.1    2:50   6.9   13:10   7.1   0.0  39.8  11.3  49.9   15:30   ESE
10   9.8  12.5   10:30   7.6    4:10   8.5   0.0   4.6   4.2  37.0   13:20    NE
11  10.6  13.3   12:00   7.9    6:20   7.8   0.0   0.0   2.6  27.4   23:00    NE
12  12.7  15.8   13:50   9.8    2:30   5.7   0.0   0.0  15.0  56.3   11:30    NE
13  14.9  17.8   15:50  11.9    5:10   3.4   0.0   0.0  14.2  64.4    5:30    NE
14  17.8  22.8   15:20  13.3    5:10   1.5   1.0   0.0   4.5  37.0    0:30    NE
15  17.4  22.3   13:50  12.5   00:00   1.9   0.9   0.0   2.4  20.9   16:10    NE
16  11.3  14.7    9:50   7.2   21:20   7.0   0.0   0.0  11.4  70.8   23:20    NE
17   8.3  11.1   14:30   6.6    7:20  10.0   0.0   0.0  17.7  74.0    8:10    NE
18  10.4  13.8   13:40   7.8    1:20   7.9   0.0   0.0  16.6  69.2   23:40    NE
19   8.3  11.0   14:00   6.5    5:10  10.0   0.0   0.0  14.8  61.2    1:00    NE
20   9.4  12.4   15:00   7.5    0:10   8.9   0.0   0.0  14.8  67.6   12:30    NE
21  12.4  17.1   12:00   9.3    0:10   5.9   0.0   0.0   6.4  41.8    8:20    NE
22  11.4  14.9   13:00   8.7    6:40   6.9   0.0   0.0   2.9  22.5   13:50   ESE
23  13.2  17.9   15:00   8.8   00:00   5.1   0.0   0.0   2.9  22.5    9:00   SSE
24  12.7  17.5   13:20   8.5    0:40   5.6   0.0   0.0   1.9  25.7   12:40   SSE
25  12.4  15.6   12:10   9.1    6:10   5.9   0.0   0.0   4.8  37.0   00:00    NE
26  12.0  15.0   15:30   9.9    7:00   6.3   0.0   0.0   6.8  49.9    2:40     E
27  12.7  15.9   12:50  10.1   23:50   5.7   0.0   0.8   7.6  46.7   15:20    NW
28  12.6  15.3   15:10  10.1    2:20   5.7   0.0   0.0  10.3  38.6   16:20    NW
29  12.9  16.4   17:40  10.2    5:10   5.2   0.0   0.2   8.5  41.8   13:50    NW
30  12.3  17.6   16:20   9.2   00:00   6.0   0.0   0.0   1.4  17.7   16:30    NE
31  12.1  15.7   16:10   8.2    3:50   6.3   0.0   4.0   6.4  41.8   16:10    NE
-------------------------------------------------------------------------------------
    12.3  22.8    14     6.0     1   187.7   2.0  53.6   7.5  74.0    17      NE

Max >=  32.0:  0
Max <=   0.0:  0
Min <=   0.0:  0
Min <= -18.0:  0
Max Rain: 39.80 ON 09/03/20
Days of Rain: 6 (> .2 mm) 4 (> 2 mm) 1 (> 20 mm)
Heat Base:  18.3  Cool Base:  18.3  Method: Integration