NOAA Reports/Αναφορές NOAA

Select a Year or Month report

Report for 2020 Jun
                   MONTHLY CLIMATOLOGICAL SUMMARY for JUN. 2020

NAME: anovianos   CITY: Ano Viannos   STATE: Greece 
ELEV:   545 m  LAT:  35 20' 00" N  LONG:  24 10' 00" E

                   TEMPERATURE (C), RAIN  (mm), WIND SPEED (km/hr)

                                      HEAT  COOL        AVG
    MEAN                              DEG   DEG         WIND                 DOM
DAY TEMP  HIGH   TIME   LOW    TIME   DAYS  DAYS  RAIN  SPEED HIGH   TIME    DIR
------------------------------------------------------------------------------------
 1  17.7  22.2   12:30  15.1    0:50   1.2   0.6   1.2   2.7  29.0   12:10    NW
 2  16.6  20.8   11:50  13.1    3:40   2.0   0.3   1.2   4.0  37.0    5:50    NW
 3  17.1  21.4   15:30  13.4    4:10   1.8   0.6   0.0   3.5  19.3   17:20    NE
 4  17.9  22.7   17:10  13.3    5:10   1.6   1.2   0.0   3.2  20.9   15:30    NE
 5  19.3  24.1   00:00  15.2    1:50   0.7   1.7   0.0   5.1  27.4   16:10   SSE
 6  22.5  25.6    9:50  16.9   23:40   0.1   4.3   0.0   7.7  38.6   11:40   ESE
 7  19.2  23.3   15:30  14.1    6:30   0.8   1.8   0.0   2.1  19.3   12:20   ENE
 8  22.1  28.1   14:20  15.9    6:40   0.3   4.1   0.0   2.4  19.3   14:40    NE
 9  24.3  29.4   11:20  19.3   23:50   0.0   6.1   0.0   3.1  19.3    8:10   WNW
10  24.7  28.3   11:30  19.0    0:20   0.0   6.4   0.0   8.2  43.5   17:00   WNW
11  24.3  27.9   15:20  20.7   22:40   0.0   6.0   0.0  13.7  49.9    6:30    NW
12  23.3  27.2   13:00  18.2    7:10   0.0   5.0   0.0   7.4  37.0   13:50   WNW
13  22.1  26.4   14:00  18.1    3:40   0.0   3.8   0.0   4.3  19.3   14:10    NE
14  23.7  28.1   15:00  19.0    3:30   0.0   5.4   0.0   4.5  22.5   10:10    NE
15  26.7  30.3   12:00  22.5    1:10   0.0   8.4   0.0   4.7  22.5    7:30    NE
16  25.2  31.8   15:00  19.7   23:20   0.0   6.9   0.0   2.9  25.7   13:40    NE
17  22.8  27.3   15:30  18.2    5:00   0.0   4.5   0.0   6.0  35.4   17:00    NE
18  23.8  27.9   14:10  20.2    7:30   0.0   5.5   0.0  10.0  51.5   15:40    NW
19  24.8  27.7   14:40  22.3    1:30   0.0   6.6   0.0   9.8  48.3   16:00    NW
20  27.3  31.0   12:30  23.6    2:20   0.0   9.0   0.0   4.0  22.5   11:00    NE
21  25.7  30.5   16:20  19.4    5:40   0.0   7.4   0.0   8.0  45.1   13:50    NW
22  22.1  26.1   14:30  16.9    5:40   0.1   3.9   0.0   3.5  22.5   14:50    NE
23  19.8  24.1   13:30  15.8    3:40   0.4   1.9   1.2   6.4  37.0   13:00   WNW
24  21.1  26.0   16:40  16.0    3:40   0.6   3.4   0.0   2.9  24.1   12:10   ENE
25  23.4  26.9   12:40  18.9    4:50   0.0   5.1   0.0  10.0  43.5   16:10    NE
26  23.9  27.3   14:10  21.4    6:30   0.0   5.6   0.0  18.2  51.5    9:10    NE
27  24.7  29.0   14:50  21.8    6:00   0.0   6.4   0.0  15.0  53.1    0:30    NE
28  26.0  30.2   14:20  22.5    7:30   0.0   7.7   0.0  13.4  46.7    4:10    NE
29  26.8  30.4   15:10  23.6    6:30   0.0   8.5   0.0  12.1  43.5    9:00    NE
30  27.1  30.6   14:40  24.5    6:40   0.0   8.8   0.0  11.9  46.7   20:40    NE
-------------------------------------------------------------------------------------
    22.9  31.8    16    13.1     2     9.6 146.7   3.6   7.0  53.1    27      NE

Max >=  32.0:  0
Max <=   0.0:  0
Min <=   0.0:  0
Min <= -18.0:  0
Max Rain: 1.19 ON 01/06/20
Days of Rain: 3 (> .2 mm) 0 (> 2 mm) 0 (> 20 mm)
Heat Base:  18.3  Cool Base:  18.3  Method: Integration