NOAA Reports/Αναφορές NOAA

Select a Year or Month report
2024 > Jan Feb Mar Apr May Jun Jul Aug Sep Oct Nov Dec
2023 > Jan Feb Mar Apr May Jun Jul Aug Sep Oct Nov Dec
2022 > Jan Feb Mar Apr May Jun Jul Aug Sep Oct Nov Dec
2021 > Jan Feb Mar Apr May Jun Jul Aug Sep Oct Nov Dec
2020 > Jan Feb Mar Apr May Jun Jul Aug Sep Oct Nov Dec
2019 > Jan Feb Mar Apr May Jun Jul Aug Sep Oct Nov Dec
2018 > Jan Feb Mar Apr May Jun Jul Aug Sep Oct Nov Dec
2017 > Jan Feb Mar Apr May Jun Jul Aug Sep Oct Nov Dec
2016 > Jan Feb Mar Apr May Jun Jul Aug Sep Oct Nov Dec

Report for 2020 Aug
                   MONTHLY CLIMATOLOGICAL SUMMARY for JUL. 2020

NAME: anovianos   CITY: Ano Viannos   STATE: Greece 
ELEV:   545 m  LAT:  35 20' 00" N  LONG:  24 10' 00" E

                   TEMPERATURE (C), RAIN  (mm), WIND SPEED (km/hr)

                                      HEAT  COOL        AVG
    MEAN                              DEG   DEG         WIND                 DOM
DAY TEMP  HIGH   TIME   LOW    TIME   DAYS  DAYS  RAIN  SPEED HIGH   TIME    DIR
------------------------------------------------------------------------------------
 1  29.3  34.7   14:30  25.6   23:50   0.0  11.1   0.0  10.6  43.5    3:10    NE
 2  29.6  33.8   15:10  26.3    5:20   0.0  11.3   0.0   9.3  37.0   10:40    NE
 3  29.0  33.8   13:50  24.4    7:40   0.0  10.7   0.0   3.7  27.4    1:30   WNW
 4  29.0  33.4   11:20  23.5    4:40   0.0  10.7   0.0   5.8  35.4   15:10    NW
 5  28.7  31.9   11:40  25.1    0:30   0.0  10.4   0.0  11.3  41.8   13:10    NE
 6  26.3  30.7   12:40  22.0   23:20   0.0   8.0   0.0   4.2  27.4    0:20    NE
 7  23.0  26.6   10:10  20.1    6:20   0.0   4.7   1.0   3.1  20.9   14:30    NE
 8  25.7  30.9   15:40  21.9    2:50   0.0   7.4   0.0   7.7  46.7   21:50    NE
 9  26.3  29.9   15:20  22.9   23:30   0.0   8.0   0.0  16.9  51.5    9:20    NE
10  25.1  29.9   13:00  21.1    6:40   0.0   6.8   0.0  12.7  53.1    2:20    NE
11  26.4  32.1   16:20  20.8    7:00   0.0   8.1   0.0   5.5  40.2   23:40   ENE
12  27.2  30.8   14:10  23.8    7:20   0.0   8.9   0.0  11.7  43.5   22:30    NE
13  25.6  28.8   15:50  22.8    6:10   0.0   7.2   0.0  20.4  62.8    6:20    NE
14  25.8  29.1   15:00  22.9    6:20   0.0   7.5   0.0  16.7  51.5   12:30    NE
15  25.4  28.4   13:40  22.8    6:00   0.0   7.1   0.0  16.9  51.5    5:50    NE
16  25.8  29.2   16:10  22.7    6:40   0.0   7.5   0.0  12.2  49.9    3:10    NE
17  25.7  29.4   13:50  23.2    7:20   0.0   7.4   0.0  10.3  43.5   15:00    NE
18  26.9  30.2   14:00  23.8    6:30   0.0   8.6   0.0   9.8  46.7    1:00    NE
19  26.6  30.3   13:30  21.8    3:50   0.0   8.3   0.0   6.1  41.8   12:30    NE
20  27.6  31.6   13:50  24.4    6:40   0.0   9.3   0.0   8.4  40.2   17:10    NE
21  26.4  30.5   14:50  23.8   21:20   0.0   8.1   0.0  16.7  57.9   23:30    NE
22  25.1  28.6   15:40  22.0    7:20   0.0   6.8   0.0  25.4  69.2    6:10    NE
23  28.1  33.6   15:00  24.2    6:30   0.0   9.7   0.0  14.5  56.3    0:20    NE
24  27.9  31.6   15:00  23.5    7:10   0.0   9.6   0.0  10.0  35.4   14:20    NE
25  28.7  33.2   14:20  24.3    2:00   0.0  10.4   0.0   9.3  33.8    8:50    NE
26  29.8  34.2   14:30  27.0    4:30   0.0  11.5   0.0   8.7  40.2    4:20    NE
27  29.1  33.6   15:20  26.4    5:00   0.0  10.8   0.0   8.9  40.2   23:30    NE
28  26.8  30.6   15:20  23.9    4:40   0.0   8.5   0.0  16.3  53.1   12:00    NE
29  29.4  33.3   18:50  26.4    6:00   0.0  11.1   0.0  11.9  45.1    3:20    NE
30  30.4  35.0   15:50  24.8    6:30   0.0  12.1   0.0   7.1  32.2   15:00    NE
31  30.3  34.1   15:40  27.1    6:30   0.0  12.0   0.0  11.7  41.8   22:50    NE
-------------------------------------------------------------------------------------
    27.3  35.0    30    20.1     7     0.0 279.8   1.0  11.1  69.2    22      NE

Max >=  32.0: 12
Max <=   0.0:  0
Min <=   0.0:  0
Min <= -18.0:  0
Max Rain: 0.99 ON 07/07/20
Days of Rain: 1 (> .2 mm) 0 (> 2 mm) 0 (> 20 mm)
Heat Base:  18.3  Cool Base:  18.3  Method: Integration