NOAA Reports/Αναφορές NOAA

Select a Year or Month report

Report for 2020 Dec
                   MONTHLY CLIMATOLOGICAL SUMMARY for DEC. 2020

NAME: anovianos   CITY: Ano Viannos   STATE: Greece 
ELEV:   545 m  LAT:  35 20' 00" N  LONG:  24 10' 00" E

                   TEMPERATURE (C), RAIN  (mm), WIND SPEED (km/hr)

                                      HEAT  COOL        AVG
    MEAN                              DEG   DEG         WIND                 DOM
DAY TEMP  HIGH   TIME   LOW    TIME   DAYS  DAYS  RAIN  SPEED HIGH   TIME    DIR
------------------------------------------------------------------------------------
 1  13.9  17.8   12:10  11.1    5:10   4.3   0.0   0.2   3.5  29.0   10:00    NE
 2  12.6  16.8   12:10   9.6    7:40   5.7   0.0   0.0   1.3  17.7   13:40   ENE
 3  12.7  16.1   10:40  10.2    5:30   5.6   0.0   9.0   3.5  24.1   13:00    NE
 4  13.7  15.7   15:20  11.6   12:10   4.6   0.0  13.8   4.0  41.8   11:10   ENE
 5  13.6  17.6   13:10  11.1   00:00   4.8   0.0   0.0   3.2  16.1   14:00    NE
 6  14.0  17.2   13:50  10.2    5:30   4.3   0.0   0.0   5.3  33.8   23:20    NE
 7  15.1  17.8   13:40  12.0   21:40   3.2   0.0   3.8   8.9  41.8   11:10     E
 8  12.9  15.7   14:50  10.8   22:30   5.3   0.0   0.0   6.1  29.0   13:30    NW
 9  12.7  15.1   14:40  10.7    5:00   5.6   0.0   0.8   3.7  24.1   12:50    NE
10  13.1  15.8   12:30  10.8   21:30   5.2   0.0   7.6   6.3  51.5   17:30   ENE
11  12.0  14.8   10:50   9.3    3:40   6.3   0.0   7.2   4.2  37.0   23:30    NE
12  12.6  14.4   13:50  11.2   22:30   5.7   0.0  44.0   5.8  38.6    7:20   WSW
13  13.1  14.4   16:40  11.2   23:00   5.2   0.0  74.6   6.4  41.8   20:40   SSE
14  12.6  16.7   12:10   9.9    7:30   5.7   0.0   5.2   4.7  40.2   16:50    NE
15  12.3  14.8   12:30  10.8   23:00   6.0   0.0  18.8  11.6  54.7    7:10    NE
16  12.7  15.1   13:00  10.8    4:30   5.6   0.0   2.0  13.5  51.5   11:30    NE
17  12.7  16.6   11:30   9.7   23:30   5.6   0.0   0.0   2.9  33.8    0:20    NE
18  11.7  15.7   13:50   8.8    6:10   6.6   0.0   0.0   3.7  32.2   13:10    NE
19  11.7  16.0   12:40   9.1    5:30   6.6   0.0   0.0   2.4  25.7   14:00   ENE
20  11.0  13.9   12:10   8.6    3:50   7.3   0.0   0.0   2.1  20.9   14:50    NE
21  11.7  14.2   11:40   8.8    7:10   6.6   0.0   0.0   3.7  25.7   11:50    NW
22  11.3  13.4   11:40  10.4   20:10   7.0   0.0   0.0  11.9  57.9   14:20    NE
23  11.6  14.1   12:40  10.3    5:40   6.7   0.0   0.0  10.0  51.5    4:40    NE
24  11.9  16.9   14:10   8.4    7:00   6.4   0.0   0.0   3.4  25.7    1:30    NE
25  13.4  16.5   13:20  10.5    0:20   4.9   0.0   0.0   4.2  25.7   11:20    NE
26  13.7  17.3   11:10  12.3    4:40   4.6   0.0   4.8   1.4  22.5   23:00    NE
27  13.2  14.9   12:50  12.5    2:10   5.1   0.0   1.4   6.1  30.6    9:40   SSE
28  12.7  16.2   12:20   9.7   22:50   5.7   0.0   0.0   4.2  29.0   12:30    NE
29  11.8  15.6   12:50   8.8    4:50   6.5   0.0   0.0   2.7  14.5   13:00    NE
30  12.8  15.8   14:00  10.0    0:10   5.5   0.0   0.0   2.7  17.7   17:20     E
31  12.9  15.8   12:20  10.2   22:20   5.4   0.0   0.0   4.0  22.5   12:20    NE
-------------------------------------------------------------------------------------
    12.7  17.8     1     8.4    24   173.5   0.0 193.2   5.1  57.9    22      NE

Max >=  32.0:  0
Max <=   0.0:  0
Min <=   0.0:  0
Min <= -18.0:  0
Max Rain: 74.60 ON 13/12/20
Days of Rain: 14 (> .2 mm) 11 (> 2 mm) 2 (> 20 mm)
Heat Base:  18.3  Cool Base:  18.3  Method: Integration