Select a Year or Month report
Report for 2021 Jan
MONTHLY CLIMATOLOGICAL SUMMARY for JAN. 2021
NAME: anovianos CITY: Ano Viannos STATE: Greece
ELEV: 545 m LAT: 35 20' 00" N LONG: 24 10' 00" E
TEMPERATURE (C), RAIN (mm), WIND SPEED (km/hr)
HEAT COOL AVG
MEAN DEG DEG WIND DOM
DAY TEMP HIGH TIME LOW TIME DAYS DAYS RAIN SPEED HIGH TIME DIR
------------------------------------------------------------------------------------
1 12.8 16.8 13:00 10.0 3:40 5.4 0.0 0.0 3.9 17.7 20:00 NE
2 13.2 15.2 13:30 12.1 6:10 5.1 0.0 0.0 4.3 22.5 4:40 E
3 14.1 17.5 14:00 11.7 6:40 4.2 0.0 0.0 2.9 22.5 23:30 SSE
4 14.4 15.5 12:30 12.6 23:50 3.9 0.0 3.8 9.8 40.2 17:10 E
5 11.8 16.1 13:30 8.8 00:00 6.5 0.0 0.0 2.6 24.1 11:10 NE
6 11.7 15.6 12:30 8.8 0:40 6.6 0.0 0.0 3.1 20.9 13:00 ENE
7 11.9 16.6 14:30 9.1 1:50 6.4 0.0 0.0 4.0 25.7 13:20 NE
8 12.8 16.8 14:40 10.2 2:00 5.5 0.0 0.0 2.6 12.9 11:30 NE
9 15.0 19.0 23:20 11.2 0:10 3.3 0.0 1.6 1.9 16.1 22:00 NE
10 20.3 25.7 12:00 15.9 5:20 0.3 2.3 0.0 2.4 37.0 2:50 NE
11 19.7 24.4 13:20 16.8 1:50 0.1 1.6 0.0 4.8 32.2 23:00 E
12 16.0 18.7 0:30 13.1 00:00 2.3 0.0 0.0 6.8 35.4 23:40 ESE
13 12.0 14.5 14:00 10.0 6:30 6.3 0.0 0.0 10.1 51.5 12:10 NW
14 9.5 11.5 13:10 7.0 22:50 8.8 0.0 0.2 10.9 78.9 12:20 NW
15 10.7 14.5 13:30 6.5 0:40 7.6 0.0 7.0 2.9 32.2 2:30 NW
16 9.8 13.1 14:10 8.4 23:50 8.5 0.0 11.4 7.1 53.1 14:10 NW
17 6.6 8.4 0:10 4.8 19:30 11.7 0.0 0.6 9.8 56.3 13:50 NW
18 6.2 8.3 13:40 4.9 23:50 12.2 0.0 24.8 5.8 48.3 22:40 NE
19 5.5 7.9 14:30 3.2 23:00 12.8 0.0 4.0 9.5 43.5 00:00 NW
20 7.4 11.0 15:20 3.9 0:30 10.9 0.0 0.2 7.6 67.6 1:50 NW
21 9.9 13.4 14:10 5.7 0:40 8.3 0.0 0.0 5.5 25.7 15:20 WNW
22 10.0 12.4 9:40 7.6 1:10 8.3 0.0 0.0 1.9 16.1 11:10 NE
23 10.4 12.1 14:40 9.4 1:40 7.9 0.0 0.0 2.7 19.3 14:20 E
24 11.6 13.8 12:10 9.6 7:30 6.7 0.0 3.4 1.8 22.5 12:00 ENE
25 12.8 14.8 15:20 11.6 0:10 5.5 0.0 0.0 6.9 37.0 15:10 WNW
26 12.8 15.3 15:10 10.6 8:00 5.5 0.0 0.0 5.0 33.8 23:20 E
27 8.7 13.9 0:20 6.0 00:00 9.6 0.0 6.4 13.0 64.4 1:10 NW
28 6.9 9.5 15:40 5.2 5:40 11.4 0.0 0.0 9.0 53.1 22:00 NW
29 9.1 12.7 16:00 5.4 2:50 9.2 0.0 1.2 7.7 43.5 7:50 NW
30 13.5 15.9 14:10 11.2 0:10 4.8 0.0 0.0 10.5 51.5 16:40 NW
31 13.0 17.3 13:20 9.0 5:00 5.3 0.0 0.0 3.5 30.6 23:10 NE
-------------------------------------------------------------------------------------
11.6 25.7 10 3.2 19 211.1 3.9 64.6 5.8 78.9 14 NE
Max >= 32.0: 0
Max <= 0.0: 0
Min <= 0.0: 0
Min <= -18.0: 0
Max Rain: 24.79 ON 18/01/21
Days of Rain: 12 (> .2 mm) 7 (> 2 mm) 1 (> 20 mm)
Heat Base: 18.3 Cool Base: 18.3 Method: Integration