NOAA Reports/Αναφορές NOAA

Select a Year or Month report

Report for 2021 Feb
                   MONTHLY CLIMATOLOGICAL SUMMARY for FEB. 2021

NAME: anovianos   CITY: Ano Viannos   STATE: Greece 
ELEV:   545 m  LAT:  35 20' 00" N  LONG:  24 10' 00" E

                   TEMPERATURE (C), RAIN  (mm), WIND SPEED (km/hr)

                                      HEAT  COOL        AVG
    MEAN                              DEG   DEG         WIND                 DOM
DAY TEMP  HIGH   TIME   LOW    TIME   DAYS  DAYS  RAIN  SPEED HIGH   TIME    DIR
------------------------------------------------------------------------------------
 1  14.7  17.5   18:30  11.4   22:10   3.6   0.0   0.0   8.2  41.8   18:30     E
 2  12.7  17.3   12:30   9.4    7:00   5.6   0.0   0.0   1.8  14.5   11:10    NE
 3  12.4  17.5   11:40  10.2    8:00   3.2   0.0   0.0   1.9  27.4   12:20    NE
 4
 5
 6
 7
 8
 9
10
11  14.3  17.6   15:30  11.9   22:20   1.6   0.0   0.0   5.3  29.0   21:50    NW
12  12.8  16.2   17:10   9.3   23:40   5.5   0.0   0.0   7.6  40.2    6:10    NW
13  11.1  15.1   14:10   8.8    5:10   7.2   0.0   0.0   4.3  22.5   14:10    NE
14  11.6  15.0   14:50   8.8    3:20   6.7   0.0   2.0   3.4  32.2   23:00    NE
15   6.3  10.7    2:40   1.5   00:00  12.0   0.0  14.4  12.2  51.5   13:50    NE
16   1.8   3.6   14:20  -0.3    9:20  16.5   0.0   5.0  16.9 107.8   23:00    NE
17   3.2   5.7   14:10   0.1    2:10  15.1   0.0   0.6  15.8  88.5    0:20    NE
18   7.9  10.9   11:40   4.4    0:10  10.4   0.0   0.0   6.1  37.0    2:10    NW
19   9.7  13.9   15:20   6.9   23:30   8.6   0.0   0.0   5.5  30.6    4:10    NE
20  10.1  13.9   14:20   6.6    4:40   8.2   0.0   0.0   4.3  24.1    9:50    NE
21   9.2  11.5   12:30   7.2   19:30   9.1   0.0   7.0   7.2  38.6   11:00    NE
22  10.6  14.3   14:10   7.2    0:10   7.7   0.0   0.4   8.4  38.6   15:30    NE
23  11.5  16.4   14:20   6.8    1:30   6.8   0.0   0.0   6.0  35.4    7:40    NE
24  14.4  20.9   14:30   8.6    1:00   4.3   0.5   0.0   9.0  51.5   20:40    NE
25  11.5  14.0   13:30  10.1   23:40   6.8   0.0   0.0  19.0  66.0    8:30    NE
26  12.5  16.6   11:20   8.6   23:50   5.8   0.0   0.0   7.4  33.8    5:10    NE
27  11.3  16.2   13:40   6.8    6:30   7.0   0.0   0.0   2.4  19.3   11:40    NE
28  12.6  17.7   12:10   7.4    6:50   5.7   0.0   0.0  10.0  53.1   21:30    NE
-------------------------------------------------------------------------------------
    10.6  20.9    24    -0.3    16   157.3   0.5  29.4   7.7 107.8    16      NE

Max >=  32.0:  0
Max <=   0.0:  0
Min <=   0.0:  1
Min <= -18.0:  0
Max Rain: 14.40 ON 15/02/21
Days of Rain: 6 (> .2 mm) 4 (> 2 mm) 0 (> 20 mm)
Heat Base:  18.3  Cool Base:  18.3  Method: Integration