NOAA Reports/Αναφορές NOAA

Select a Year or Month report
2024 > Jan Feb Mar Apr May Jun Jul Aug Sep Oct Nov Dec
2023 > Jan Feb Mar Apr May Jun Jul Aug Sep Oct Nov Dec
2022 > Jan Feb Mar Apr May Jun Jul Aug Sep Oct Nov Dec
2021 > Jan Feb Mar Apr May Jun Jul Aug Sep Oct Nov Dec
2020 > Jan Feb Mar Apr May Jun Jul Aug Sep Oct Nov Dec
2019 > Jan Feb Mar Apr May Jun Jul Aug Sep Oct Nov Dec
2018 > Jan Feb Mar Apr May Jun Jul Aug Sep Oct Nov Dec
2017 > Jan Feb Mar Apr May Jun Jul Aug Sep Oct Nov Dec
2016 > Jan Feb Mar Apr May Jun Jul Aug Sep Oct Nov Dec

Report for 2021 Jun
                   MONTHLY CLIMATOLOGICAL SUMMARY for APR. 2021

NAME: anovianos   CITY: Ano Viannos   STATE: Greece 
ELEV:   545 m  LAT:  35 20' 00" N  LONG:  24 10' 00" E

                   TEMPERATURE (C), RAIN  (mm), WIND SPEED (km/hr)

                                      HEAT  COOL        AVG
    MEAN                              DEG   DEG         WIND                 DOM
DAY TEMP  HIGH   TIME   LOW    TIME   DAYS  DAYS  RAIN  SPEED HIGH   TIME    DIR
------------------------------------------------------------------------------------
 1   7.7  10.8   15:00   6.1    2:30  10.6   0.0  13.6  10.9  66.0   12:30    NW
 2  11.5  16.8   15:00   6.7    7:40   6.8   0.0   0.0   7.1  37.0    0:10    NE
 3  12.4  15.4   17:50  10.1   21:10   5.9   0.0   0.0   5.5  27.4   13:40    NW
 4  16.9  21.8   14:10  10.9    2:20   2.3   0.9   0.0   3.5  37.0   20:30    NE
 5  19.7  21.4    9:40  17.6    7:10   0.0   1.4   0.0   4.3  29.0   11:10   ENE
 6  17.8  21.0   10:20  11.2   23:30   1.2   0.6   0.0  12.6  46.7   19:10     E
 7  13.6  18.3   12:50  10.3    1:10   4.7   0.0   0.0   8.5  41.8    3:40   WNW
 8  13.8  17.8   13:50   9.9   00:00   4.5   0.0   0.0  12.6  45.1   13:50    NW
 9   8.6  11.2   14:40   7.1    5:50   9.3   0.0   0.0  15.9  74.0   21:50    NE
10   7.4   7.8    0:30   6.8    3:50   1.7   0.0   0.0  10.1  61.2    1:40    NE
11
12
13
14
15
16
17
18
19
20
21
22
23
24
25
26
27
28
29
30
-------------------------------------------------------------------------------------
    12.9  21.8     4     6.1     1    47.1   2.9  13.6   9.1  74.0     9      NE

Max >=  32.0:  0
Max <=   0.0:  0
Min <=   0.0:  0
Min <= -18.0:  0
Max Rain: 13.59 ON 01/04/21
Days of Rain: 1 (> .2 mm) 1 (> 2 mm) 0 (> 20 mm)
Heat Base:  18.3  Cool Base:  18.3  Method: Integration