NOAA Reports/Αναφορές NOAA

Select a Year or Month report
2024 > Jan Feb Mar Apr May Jun Jul Aug Sep Oct Nov Dec
2023 > Jan Feb Mar Apr May Jun Jul Aug Sep Oct Nov Dec
2022 > Jan Feb Mar Apr May Jun Jul Aug Sep Oct Nov Dec
2021 > Jan Feb Mar Apr May Jun Jul Aug Sep Oct Nov Dec
2020 > Jan Feb Mar Apr May Jun Jul Aug Sep Oct Nov Dec
2019 > Jan Feb Mar Apr May Jun Jul Aug Sep Oct Nov Dec
2018 > Jan Feb Mar Apr May Jun Jul Aug Sep Oct Nov Dec
2017 > Jan Feb Mar Apr May Jun Jul Aug Sep Oct Nov Dec
2016 > Jan Feb Mar Apr May Jun Jul Aug Sep Oct Nov Dec

Report for 2021 Dec
                   MONTHLY CLIMATOLOGICAL SUMMARY for NOV. 2021

NAME: anovianos   CITY: Ano Viannos   STATE: Greece 
ELEV:   545 m  LAT:  35 20' 00" N  LONG:  24 10' 00" E

                   TEMPERATURE (C), RAIN  (mm), WIND SPEED (km/hr)

                                      HEAT  COOL        AVG
    MEAN                              DEG   DEG         WIND                 DOM
DAY TEMP  HIGH   TIME   LOW    TIME   DAYS  DAYS  RAIN  SPEED HIGH   TIME    DIR
------------------------------------------------------------------------------------
 1  16.7  20.6   13:10  13.4   23:10   1.9   0.2   0.0   7.9  43.5    7:30    NE
 2  17.8  21.8   15:20  13.2    1:50   1.4   0.8   0.0   2.7  22.5   16:30   ENE
 3  21.0  24.6   15:50  18.3    7:10   0.0   2.7   0.0   2.6  22.5    2:50    NE
 4  20.7  26.1   13:00  16.9   22:20   0.1   2.5   0.0   1.6  12.9   12:00    NE
 5  21.2  26.0   15:00  17.7    0:10   0.0   2.9   0.0   3.2  27.4   21:20    NE
 6  21.1  25.4   12:20  15.6   22:00   0.3   3.1   0.0   2.1  17.7    5:10   ENE
 7  18.3  23.6   13:40  13.9    2:20   1.4   1.4   0.0   1.6  19.3   13:40    NE
 8  17.7  22.3   14:00  14.8   22:50   1.5   0.9   0.0   2.3  16.1   10:50    NE
 9  18.2  23.2   11:40  15.2   00:00   1.2   1.1   0.0   1.6  16.1   10:30    NE
10  16.7  20.2   11:00  14.0   21:40   1.8   0.2   0.0  18.0  67.6   15:20    NE
11  14.3  17.9   13:00  12.3   23:00   4.0   0.0   0.0  12.4  64.4    1:20    NE
12  14.1  18.2   13:00  10.9    6:00   4.3   0.0   0.0   2.3  22.5   12:00    NE
13  15.2  18.8   10:50  12.9    3:30   3.2   0.0   0.0   0.5  14.5   11:20    NE
14  15.3  18.8   11:50  13.7   23:10   2.9   0.0   0.0   1.3  16.1   11:50    NE
15  15.7  20.8   12:30  12.7   23:30   2.9   0.4   0.0   2.3  27.4   14:10   ENE
16  15.1  19.1   11:20  11.9    4:00   3.2   0.0   0.4   3.2  25.7   15:30    NE
17  15.0  18.5   10:30  12.0    6:20   3.3   0.0   0.0   1.8  22.5   14:10   ENE
18  15.7  18.7   12:10  12.3    0:50   2.6   0.0   0.0   4.8  35.4   12:40    NW
19  15.0  18.0   13:50  12.1   00:00   3.3   0.0   0.0   8.5  46.7   21:20    NE
20  12.0  14.2   12:10  11.0    6:30   6.3   0.0   0.0  18.2  61.2    7:00    NE
21  13.7  17.4   12:40  11.4   23:00   4.6   0.0   0.0   8.0  45.1    1:50    NE
22  14.4  17.4   14:50  11.4    0:30   3.9   0.0   0.4   3.2  19.3   12:30    NE
23  15.6  18.4   15:20  14.0    2:00   2.7   0.0  24.0   1.4  17.7    9:00   ENE
24  15.1  18.5   11:10  13.3   21:40   3.2   0.0   3.0   3.9  30.6   15:10    NE
25  13.8  17.3   11:00  10.8   21:20   4.5   0.0   0.0   5.8  35.4    6:10    NE
26  16.2  18.6   14:30  12.8    0:10   2.1   0.0   0.0   8.0  40.2   12:30     E
27  16.4  18.8   12:40  14.1    5:50   1.9   0.0   0.0   3.2  29.0   23:30    NE
28  18.9  21.9   22:00  16.4    6:30   0.5   1.1   0.0   6.1  29.0   19:30    NW
29  19.3  22.8   11:00  14.8   23:50   0.8   1.7   0.0   6.9  43.5   17:10    NW
30  13.4  15.4   12:00  10.7   23:50   4.9   0.0   0.4  16.7  64.4   15:40    NW
-------------------------------------------------------------------------------------
    16.5  26.1     4    10.7    30    74.6  19.2  28.2   5.4  67.6    10      NE

Max >=  32.0:  0
Max <=   0.0:  0
Min <=   0.0:  0
Min <= -18.0:  0
Max Rain: 24.00 ON 23/11/21
Days of Rain: 5 (> .2 mm) 2 (> 2 mm) 1 (> 20 mm)
Heat Base:  18.3  Cool Base:  18.3  Method: Integration