NOAA Reports/Αναφορές NOAA

Select a Year or Month report
2024 > Jan Feb Mar Apr May Jun Jul Aug Sep Oct Nov Dec
2023 > Jan Feb Mar Apr May Jun Jul Aug Sep Oct Nov Dec
2022 > Jan Feb Mar Apr May Jun Jul Aug Sep Oct Nov Dec
2021 > Jan Feb Mar Apr May Jun Jul Aug Sep Oct Nov Dec
2020 > Jan Feb Mar Apr May Jun Jul Aug Sep Oct Nov Dec
2019 > Jan Feb Mar Apr May Jun Jul Aug Sep Oct Nov Dec
2018 > Jan Feb Mar Apr May Jun Jul Aug Sep Oct Nov Dec
2017 > Jan Feb Mar Apr May Jun Jul Aug Sep Oct Nov Dec
2016 > Jan Feb Mar Apr May Jun Jul Aug Sep Oct Nov Dec

Report for 2022 Jan
                   MONTHLY CLIMATOLOGICAL SUMMARY for JAN. 2022

NAME: anovianos   CITY: Ano Viannos   STATE: Greece 
ELEV:   545 m  LAT:  35 20' 00" N  LONG:  24 10' 00" E

                   TEMPERATURE (C), RAIN  (mm), WIND SPEED (km/hr)

                                      HEAT  COOL        AVG
    MEAN                              DEG   DEG         WIND                 DOM
DAY TEMP  HIGH   TIME   LOW    TIME   DAYS  DAYS  RAIN  SPEED HIGH   TIME    DIR
------------------------------------------------------------------------------------
 1  13.3  17.5   13:40   9.9   00:00   5.0   0.0   0.0   6.1  41.8    1:10    NE
 2  13.5  16.1   13:50   9.6    0:10   4.8   0.0   0.0  10.8  46.7   22:30    NE
 3  13.4  17.0   16:00  10.1   20:20   4.8   0.0   0.0   7.1  46.7    6:20   ENE
 4  12.6  13.6   15:00  12.1    4:10   5.7   0.0   0.0   9.2  40.2    3:00    NW
 5  12.9  13.8   13:00  12.1   23:50   5.4   0.0   0.0   5.1  29.0   13:10    NW
 6  12.3  13.9   15:30  11.2   22:30   6.0   0.0   0.2   2.3  22.5   12:10   WSW
 7  11.4  14.3   14:40   8.7    8:10   6.9   0.0   0.4   2.4  22.5   12:30   ENE
 8  12.5  14.5   15:30  11.1    0:10   5.8   0.0   3.6   9.2  33.8   17:40     E
 9   9.4  12.2    0:10   6.8   21:00   8.9   0.0  20.0   3.5  32.2   15:10    NE
10   9.4  10.6   12:20   7.2    0:10   8.9   0.0  20.4   4.3  49.9   23:10    NE
11   8.6   9.7    0:40   7.2   13:00   9.8   0.0  32.4   4.0  40.2   23:30   ENE
12   9.4  12.9   12:00   6.8   23:50   8.9   0.0  25.8   8.4  61.2   20:50    NW
13   5.2   6.9    1:50   2.7   20:30  13.1   0.0  14.0  19.8  59.5   21:30   NNW
14   5.5   8.2   14:10   2.8    5:20  12.8   0.0   8.0  17.7  59.5   11:40    NE
15   8.7  12.1   12:30   5.1    7:20   9.6   0.0   0.0   9.8  53.1    2:10    NE
16   6.9   8.6    0:30   5.9   19:50  11.4   0.0   0.0  16.6  62.8    1:50    NE
17   8.1  11.3   14:30   4.6    8:10  10.2   0.0   0.2   8.2  46.7    1:00    NE
18   9.5  12.3   11:00   6.3   00:00   8.8   0.0   6.8  13.0  59.5   17:50    NE
19   5.7   7.3   13:40   4.2   21:50  12.6   0.0   1.2   9.3  61.2    0:30    NE
20   7.0  10.7   14:50   2.4    7:30  11.3   0.0   0.0   6.0  29.0   12:40   WNW
21   9.2  10.7   13:30   7.9    2:40   9.1   0.0   8.2   2.1  25.7   13:40    NE
22   8.3  10.7   11:00   3.1   00:00  10.0   0.0  10.6  11.4  53.1   00:00    NW
23   1.8   3.8    4:50   0.1   23:10  16.4   0.0   1.0   9.3  62.8    2:40    NW
24   1.9   4.2   15:00   0.3    4:00  16.4   0.0   5.2   3.9  29.0   18:30    NE
25   2.1   3.2    8:40   0.8   23:40  16.2   0.0   6.6   9.3  49.9   12:20    NE
26   2.7   5.3   14:40   0.4    3:20  15.6   0.0   5.0  12.6  83.7   11:20    NE
27   4.8   7.7   15:00   2.8    3:20  13.5   0.0   6.4   6.3  46.7   10:10    NE
28   6.8  10.1   13:30   3.9    7:50  11.5   0.0   0.0   3.1  20.9    1:10    NE
29   8.0  12.6   13:10   4.7    6:20  10.3   0.0  22.6   3.7  35.4   19:10   ENE
30   9.3  13.0   12:00   7.2    6:40   9.0   0.0   6.6   4.8  30.6   15:40   ENE
31   9.7  12.6   15:50   7.6   00:00   8.6   0.0   3.2   6.4  45.1    2:50    NE
-------------------------------------------------------------------------------------
     8.4  17.5     1     0.1    23   307.0   0.0 208.4   7.9  83.7    26      NE

Max >=  32.0:  0
Max <=   0.0:  0
Min <=   0.0:  0
Min <= -18.0:  0
Max Rain: 32.41 ON 11/01/22
Days of Rain: 22 (> .2 mm) 17 (> 2 mm) 4 (> 20 mm)
Heat Base:  18.3  Cool Base:  18.3  Method: Integration