NOAA Reports/Αναφορές NOAA

Select a Year or Month report
2024 > Jan Feb Mar Apr May Jun Jul Aug Sep Oct Nov Dec
2023 > Jan Feb Mar Apr May Jun Jul Aug Sep Oct Nov Dec
2022 > Jan Feb Mar Apr May Jun Jul Aug Sep Oct Nov Dec
2021 > Jan Feb Mar Apr May Jun Jul Aug Sep Oct Nov Dec
2020 > Jan Feb Mar Apr May Jun Jul Aug Sep Oct Nov Dec
2019 > Jan Feb Mar Apr May Jun Jul Aug Sep Oct Nov Dec
2018 > Jan Feb Mar Apr May Jun Jul Aug Sep Oct Nov Dec
2017 > Jan Feb Mar Apr May Jun Jul Aug Sep Oct Nov Dec
2016 > Jan Feb Mar Apr May Jun Jul Aug Sep Oct Nov Dec

Report for 2022 Jun
                   MONTHLY CLIMATOLOGICAL SUMMARY for MAY. 2022

NAME: anovianos   CITY: Ano Viannos   STATE: Greece 
ELEV:   545 m  LAT:  35 20' 00" N  LONG:  24 10' 00" E

                   TEMPERATURE (C), RAIN  (mm), WIND SPEED (km/hr)

                                      HEAT  COOL        AVG
    MEAN                              DEG   DEG         WIND                 DOM
DAY TEMP  HIGH   TIME   LOW    TIME   DAYS  DAYS  RAIN  SPEED HIGH   TIME    DIR
------------------------------------------------------------------------------------
 1  18.8  25.3   14:00  15.1   22:30   0.9   1.4   0.0   7.6  41.8    0:50   NNW
 2  18.3  23.4   15:20  14.8    1:50   1.2   1.2   0.0   5.6  54.7   14:30   WNW
 3  16.9  20.8   16:20  14.4   23:10   1.7   0.3   0.0   7.9  37.0   12:20    NE
 4  16.3  19.8   12:00  13.9    3:00   2.2   0.2   0.0   9.0  46.7   19:10    NW
 5  16.3  20.4   14:30  12.8    6:10   2.2   0.2   0.0   8.9  43.5    9:10    NE
 6  18.1  21.4   12:50  14.9   22:40   1.0   0.8   0.0   8.4  45.1   14:30    NE
 7  17.3  22.9   15:00  12.1    6:40   2.1   1.1   0.0   2.1  25.7   16:00   ENE
 8  17.7  23.1   12:10  13.5    6:10   1.6   0.9   0.0   2.3  24.1   12:10   WNW
 9  17.7  23.0   16:40  12.3    4:50   1.9   1.3   0.0   3.4  24.1   11:50   WNW
10  17.9  22.5   13:20  13.5   00:00   1.6   1.1   0.0   2.7  32.2   13:30   ENE
11  17.4  22.3   15:00  12.6    1:00   1.8   0.9   0.0   5.0  32.2   13:20    NW
12  17.5  21.3   10:10  13.9    0:30   1.6   0.8   0.0   3.7  20.9   11:10    NE
13  18.7  22.9   12:50  14.4   00:00   1.2   1.5   0.0   3.7  17.7   11:30    NE
14  17.9  22.4   13:00  13.5    5:50   1.4   1.0   3.0   3.4  17.7   14:00    NE
15  20.5  25.7   15:00  14.7    6:20   0.5   2.7   0.0   7.2  37.0   13:00    NW
16  22.3  26.9   16:00  17.7    3:50   0.0   4.0   0.0   4.3  25.7   17:50    NE
17  22.6  27.2   12:20  18.9    2:10   0.0   4.3   0.0   4.0  17.7   12:20    NE
18  22.8  27.4   16:20  18.6    5:50   0.0   4.5   0.0   3.9  17.7   14:40    NE
19  17.4  20.9    0:10  13.7   20:30   1.4   0.4   0.0  19.6  75.6   21:40    NE
20  15.3  18.4   15:20  13.1    5:40   3.0   0.0   0.0  13.7  49.9    0:20    NE
21  18.4  22.7   17:30  14.7    0:10   1.0   1.2   1.4   6.1  37.0    1:20    NE
22  22.4  27.4   15:50  17.5    0:10   0.0   4.2   0.0   9.0  37.0    1:40    NW
23  25.1  29.1   12:50  21.1    3:00   0.0   6.8   0.0   8.4  33.8   15:30    NE
24  23.6  27.9   12:10  19.1    6:40   0.0   5.3   0.0   2.9  17.7    0:10    NE
25  25.6  29.6   13:00  21.5    4:10   0.0   7.2   0.0   4.0  16.1   12:30    NE
26  27.9  32.1   18:10  22.6    3:10   0.0   9.6   0.0   4.3  30.6   17:30    NE
27  29.5  33.7   14:10  24.9    3:30   0.0  11.2   0.0   5.8  35.4   12:50    NE
28  27.7  32.4   13:20  23.2    7:10   0.0   9.4   0.0   5.0  19.3   13:50    NE
29  26.7  31.1   18:30  22.6   22:50   0.0   8.4   0.0   4.3  32.2   12:10    NE
30  22.9  26.7   17:40  18.2    7:30   0.0   4.6   0.0   4.3  25.7   17:50   ENE
31  25.3  28.9   13:20  22.4    0:50   0.0   7.0   0.0   9.2  46.7   16:00    NW
-------------------------------------------------------------------------------------
    20.7  33.7    27    12.1     7    28.3 103.8   4.4   6.1  75.6    19      NE

Max >=  32.0:  3
Max <=   0.0:  0
Min <=   0.0:  0
Min <= -18.0:  0
Max Rain: 3.00 ON 14/05/22
Days of Rain: 2 (> .2 mm) 1 (> 2 mm) 0 (> 20 mm)
Heat Base:  18.3  Cool Base:  18.3  Method: Integration