Select a Year or Month report
Report for 2023 Jun
MONTHLY CLIMATOLOGICAL SUMMARY for JUN. 2023
NAME: anovianos CITY: Ano Viannos STATE: Greece
ELEV: 545 m LAT: 35 20' 00" N LONG: 24 10' 00" E
TEMPERATURE (C), RAIN (mm), WIND SPEED (km/hr)
HEAT COOL AVG
MEAN DEG DEG WIND DOM
DAY TEMP HIGH TIME LOW TIME DAYS DAYS RAIN SPEED HIGH TIME DIR
------------------------------------------------------------------------------------
1 20.3 26.2 12:50 14.8 5:30 0.8 2.8 0.0 2.9 29.0 14:40 WNW
2 17.4 23.2 11:20 14.0 16:30 1.4 0.5 32.6 8.5 53.1 4:50 NE
3 20.7 25.2 14:10 16.2 0:10 0.4 2.8 0.0 8.5 35.4 15:50 NW
4 21.8 25.7 17:40 16.9 7:30 0.1 3.6 0.0 6.9 41.8 13:20 NE
5 21.1 24.8 13:50 16.6 23:40 0.1 2.9 0.0 7.1 37.0 13:00 NE
6 21.2 27.0 14:00 15.3 2:10 0.6 3.5 0.0 2.4 24.1 12:00 WNW
7 22.2 27.1 15:20 17.2 1:20 0.1 4.0 0.0 2.4 22.5 13:00 NE
8 22.9 28.3 14:00 18.4 00:00 0.0 4.6 0.0 3.1 29.0 12:10 WNW
9 23.3 27.2 11:40 18.4 1:10 0.0 5.0 0.0 5.0 33.8 16:40 NW
10 24.3 28.8 15:40 20.7 0:10 0.0 6.0 0.0 6.8 37.0 13:20 NE
11 23.9 28.3 16:40 19.8 5:30 0.0 5.6 0.0 2.4 20.9 16:50 NE
12 22.9 26.9 12:30 19.2 00:00 0.0 4.6 0.0 2.6 22.5 18:40 NE
13 22.0 26.0 17:20 17.8 3:40 0.0 3.7 0.0 4.2 41.8 16:00 NW
14 22.8 26.8 16:00 18.6 2:20 0.0 4.5 0.0 5.0 37.0 14:20 NW
15 23.3 27.9 12:00 18.3 6:00 0.0 5.0 0.0 2.4 20.9 14:40 NE
16 24.4 28.7 2:00 19.3 00:00 0.0 6.1 0.0 5.3 37.0 5:10 SSE
17 21.3 25.0 14:30 18.2 2:10 0.0 3.0 0.0 9.0 40.2 15:50 WNW
18 21.4 25.1 13:30 18.6 4:10 0.0 3.2 0.0 3.9 30.6 18:00 NW
19 22.6 26.9 16:10 18.8 3:10 0.0 4.2 0.0 6.9 41.8 14:40 NE
20 24.8 29.0 16:00 21.6 4:50 0.0 6.5 0.0 8.0 38.6 14:00 NE
21 24.5 27.8 14:20 21.4 6:00 0.0 6.2 0.0 10.6 49.9 16:00 NE
22 25.2 28.2 14:40 22.8 0:10 0.0 6.9 0.0 13.5 51.5 21:40 NE
23 26.8 31.2 14:50 23.7 0:50 0.0 8.5 0.0 10.0 46.7 2:10 NE
24 27.1 32.0 14:40 23.4 4:30 0.0 8.8 0.0 6.1 30.6 5:00 NE
25 27.2 31.3 16:50 22.4 6:30 0.0 8.9 0.0 6.1 29.0 11:30 NE
26 26.6 30.6 13:00 22.7 6:20 0.0 8.3 0.0 4.5 30.6 21:20 NE
27 26.5 30.2 14:40 23.9 5:10 0.0 8.2 0.0 9.8 45.1 11:40 NE
28 26.6 30.8 14:30 23.1 5:10 0.0 8.3 0.0 8.4 35.4 12:30 NE
29 27.3 32.3 13:40 23.3 6:20 0.0 9.0 0.0 2.7 27.4 11:00 NE
30 26.3 30.4 14:20 22.1 6:10 0.0 8.0 0.0 4.2 33.8 13:10 NE
-------------------------------------------------------------------------------------
23.6 32.3 29 14.0 2 3.6 163.1 32.6 6.0 53.1 2 NE
Max >= 32.0: 2
Max <= 0.0: 0
Min <= 0.0: 0
Min <= -18.0: 0
Max Rain: 32.59 ON 02/06/23
Days of Rain: 1 (> .2 mm) 1 (> 2 mm) 1 (> 20 mm)
Heat Base: 18.3 Cool Base: 18.3 Method: Integration