Select a Year or Month report
Report for 2023 Jul
MONTHLY CLIMATOLOGICAL SUMMARY for JUL. 2023
NAME: anovianos CITY: Ano Viannos STATE: Greece
ELEV: 545 m LAT: 35 20' 00" N LONG: 24 10' 00" E
TEMPERATURE (C), RAIN (mm), WIND SPEED (km/hr)
HEAT COOL AVG
MEAN DEG DEG WIND DOM
DAY TEMP HIGH TIME LOW TIME DAYS DAYS RAIN SPEED HIGH TIME DIR
------------------------------------------------------------------------------------
1 26.6 30.2 16:50 23.3 3:30 0.0 8.2 0.0 3.5 27.4 10:30 NNW
2 27.8 32.6 13:50 22.7 5:40 0.0 9.5 0.0 2.6 22.5 15:40 WNW
3 26.2 29.9 17:10 20.9 5:40 0.0 7.9 0.0 2.9 27.4 9:50 NW
4 25.9 29.9 14:30 21.5 6:30 0.0 7.6 0.0 4.8 32.2 11:30 NE
5 27.2 31.2 16:50 23.0 2:50 0.0 8.8 0.0 8.4 38.6 14:50 NE
6 27.3 31.1 12:50 24.2 6:30 0.0 9.0 0.0 11.1 46.7 16:00 NE
7 28.1 32.7 15:00 24.7 5:30 0.0 9.8 0.0 12.9 45.1 9:30 NE
8 27.4 30.9 15:10 23.8 00:00 0.0 9.1 0.0 10.9 59.5 13:10 NE
9 24.6 27.9 15:20 22.8 23:40 0.0 6.3 0.0 12.7 54.7 11:30 NE
10 24.1 27.7 14:20 21.6 3:50 0.0 5.8 0.0 15.3 57.9 12:10 NE
11 26.9 31.1 13:50 23.8 0:10 0.0 8.7 0.0 10.8 49.9 8:30 NE
12 28.8 33.1 13:10 24.9 0:40 0.0 10.5 0.0 8.9 35.4 2:20 NE
13 30.8 35.6 14:50 27.3 0:20 0.0 12.5 0.0 11.7 41.8 16:30 NE
14 32.6 37.4 17:00 28.9 1:00 0.0 14.3 0.0 8.9 37.0 5:10 NE
15 34.0 39.3 15:20 28.0 4:20 0.0 15.7 0.0 8.2 32.2 16:00 NE
16 31.7 35.8 14:10 26.4 21:00 0.0 13.4 0.0 14.6 66.0 20:50 NE
17 31.1 36.7 14:40 27.2 0:10 0.0 12.7 0.0 15.6 49.9 1:00 NE
18 29.4 33.1 11:20 26.4 6:40 0.0 11.1 0.0 13.2 46.7 7:00 NE
19 29.7 34.4 14:50 26.4 6:00 0.0 11.4 0.0 11.7 43.5 6:50 NE
20 31.7 37.3 12:40 27.4 22:20 0.0 13.4 0.0 6.9 32.2 10:00 NE
21 33.6 38.9 13:50 27.4 5:50 0.0 15.2 0.0 2.4 30.6 14:00 NE
22 34.1 38.8 14:30 30.1 4:10 0.0 15.8 0.0 4.7 33.8 13:20 NE
23 34.8 39.2 12:50 29.1 6:00 0.0 16.5 0.0 6.4 45.1 14:50 NE
24 32.4 36.3 13:40 28.6 21:00 0.0 14.1 0.0 7.6 83.7 23:20 NE
25 31.3 34.5 16:10 26.7 3:30 0.0 13.1 0.0 19.5 67.6 7:20 NE
26 36.5 41.2 14:40 33.2 3:40 0.0 18.2 0.0 6.6 46.7 0:30 NE
27 33.4 38.4 11:10 25.2 23:50 0.0 15.1 0.0 4.3 30.6 16:20 NE
28 28.3 32.6 14:10 24.9 0:20 0.0 10.1 0.0 10.6 45.1 20:10 NE
29 28.4 32.2 15:40 25.0 5:40 0.0 10.1 0.0 10.9 46.7 0:20 NE
30 27.8 31.1 15:00 25.3 4:50 0.0 9.5 0.0 13.0 48.3 1:50 NE
31 28.8 32.5 13:20 25.6 4:30 0.0 10.5 0.0 11.4 45.1 6:50 NE
-------------------------------------------------------------------------------------
29.7 41.2 26 20.9 3 0.0 353.7 0.0 9.5 83.7 24 NE
Max >= 32.0: 21
Max <= 0.0: 0
Min <= 0.0: 0
Min <= -18.0: 0
Max Rain: 0.00 ON 01/07/23
Days of Rain: 0 (> .2 mm) 0 (> 2 mm) 0 (> 20 mm)
Heat Base: 18.3 Cool Base: 18.3 Method: Integration