Select a Year or Month report
Report for 2023 Sep
MONTHLY CLIMATOLOGICAL SUMMARY for AUG. 2023
NAME: anovianos CITY: Ano Viannos STATE: Greece
ELEV: 545 m LAT: 35 20' 00" N LONG: 24 10' 00" E
TEMPERATURE (C), RAIN (mm), WIND SPEED (km/hr)
HEAT COOL AVG
MEAN DEG DEG WIND DOM
DAY TEMP HIGH TIME LOW TIME DAYS DAYS RAIN SPEED HIGH TIME DIR
------------------------------------------------------------------------------------
1 29.0 33.2 17:00 26.2 22:40 0.0 10.7 0.0 9.5 49.9 14:50 NE
2 28.3 32.3 12:30 24.7 23:10 0.0 10.0 0.0 3.1 19.3 13:00 NE
3 28.7 33.3 17:20 24.6 6:10 0.0 10.4 0.0 5.0 37.0 18:00 NE
4 28.4 33.9 15:40 23.7 4:40 0.0 10.1 0.0 5.3 35.4 16:30 NE
5 29.4 35.1 13:20 24.0 6:50 0.0 11.2 0.0 5.1 30.6 18:20 NE
6 27.1 31.1 13:20 22.1 6:30 0.0 8.8 0.0 7.4 37.0 15:20 WNW
7 25.3 28.9 19:30 21.0 5:20 0.0 7.0 0.0 2.1 19.3 10:10 SSE
8 26.1 30.8 18:00 20.8 4:20 0.0 7.7 0.0 3.7 37.0 23:30 NE
9 26.2 30.2 13:40 24.2 6:50 0.0 7.9 0.0 14.0 45.1 1:00 NE
10 25.9 30.1 15:30 22.3 7:20 0.0 7.6 0.0 10.5 45.1 12:50 NE
11 25.1 28.7 13:20 22.0 1:00 0.0 6.8 0.0 10.8 38.6 9:00 NE
12 24.4 28.4 17:30 21.9 4:40 0.0 6.2 0.0 10.5 45.1 12:20 NE
13 24.9 29.0 17:20 21.3 2:50 0.0 6.7 0.0 9.0 35.4 5:50 NE
14 24.9 29.0 16:40 21.3 4:30 0.0 6.6 0.0 6.4 35.4 14:10 NE
15 25.5 28.8 14:00 22.2 3:00 0.0 7.2 0.0 9.0 48.3 15:50 NE
16 27.0 31.8 13:20 23.2 2:50 0.0 8.7 0.0 12.1 46.7 22:10 NE
17 27.7 31.3 16:20 24.2 7:00 0.0 9.4 0.0 11.3 40.2 5:40 NE
18 27.1 31.6 14:40 23.9 7:20 0.0 8.8 0.0 8.5 38.6 12:30 NE
19 26.4 31.4 14:20 22.7 2:50 0.0 8.2 0.0 5.5 41.8 13:50 NE
20 27.2 31.5 15:10 22.7 0:40 0.0 8.9 0.0 6.6 38.6 13:10 NE
21 27.7 32.3 16:40 23.2 00:00 0.0 9.4 0.0 3.7 25.7 11:10 NE
22 26.7 31.0 12:30 22.7 4:30 0.0 8.4 0.0 2.3 20.9 13:50 NE
23 27.1 31.7 14:30 22.2 4:10 0.0 8.8 0.0 2.6 17.7 14:20 NE
24 27.9 31.8 18:10 24.2 1:20 0.0 9.6 0.0 4.7 30.6 12:00 NE
25 29.1 33.4 14:10 25.7 6:50 0.0 10.8 0.0 8.5 38.6 15:00 NE
26 28.1 32.2 15:20 25.4 6:40 0.0 9.8 0.0 6.6 37.0 11:40 WNW
27 27.4 30.8 14:20 25.4 6:50 0.0 9.1 0.0 10.9 48.3 12:00 WNW
28 28.2 31.9 16:00 25.6 7:10 0.0 9.8 0.0 11.3 46.7 15:10 NE
29 30.1 35.1 13:20 26.8 00:00 0.0 11.8 0.0 7.2 38.6 11:40 WNW
30 26.4 31.2 13:50 21.9 6:40 0.0 8.1 0.0 3.2 27.4 15:00 NE
31 25.4 30.6 14:10 20.6 5:00 0.0 7.1 0.0 4.8 51.5 12:50 NE
-------------------------------------------------------------------------------------
27.1 35.1 5 20.6 31 0.0 271.4 0.0 7.1 51.5 31 NE
Max >= 32.0: 9
Max <= 0.0: 0
Min <= 0.0: 0
Min <= -18.0: 0
Max Rain: 0.00 ON 01/08/23
Days of Rain: 0 (> .2 mm) 0 (> 2 mm) 0 (> 20 mm)
Heat Base: 18.3 Cool Base: 18.3 Method: Integration