Select a Year or Month report
Report for 2023 Nov
MONTHLY CLIMATOLOGICAL SUMMARY for NOV. 2023
NAME: anovianos CITY: Ano Viannos STATE: Greece
ELEV: 545 m LAT: 35 20' 00" N LONG: 24 10' 00" E
TEMPERATURE (C), RAIN (mm), WIND SPEED (km/hr)
HEAT COOL AVG
MEAN DEG DEG WIND DOM
DAY TEMP HIGH TIME LOW TIME DAYS DAYS RAIN SPEED HIGH TIME DIR
------------------------------------------------------------------------------------
1 20.1 24.2 13:00 17.0 0:40 0.2 1.9 0.0 5.3 30.6 17:20 NE
2 21.1 25.6 14:20 17.2 6:00 0.1 2.8 0.0 3.4 37.0 13:30 NE
3 22.6 26.1 19:50 18.6 3:00 0.0 4.3 0.0 3.9 32.2 16:30 NE
4 23.4 28.2 11:50 19.6 7:10 0.0 5.1 0.0 3.4 25.7 13:30 NE
5 20.3 23.3 14:10 18.2 00:00 0.0 2.0 0.0 5.0 29.0 14:40 WNW
6 19.4 22.3 12:20 16.5 6:10 0.3 1.4 0.0 5.5 27.4 1:10 WNW
7 18.8 23.5 12:00 15.4 6:40 1.0 1.4 0.0 1.3 17.7 13:40 NE
8 17.9 22.2 14:40 15.1 6:40 1.3 0.9 0.0 2.7 16.1 12:10 NE
9 18.2 23.2 14:00 14.2 5:10 1.4 1.2 0.0 1.3 14.5 15:40 NE
10 18.6 22.2 15:10 15.0 5:10 0.9 1.2 0.0 1.0 14.5 12:10 SW
11 18.5 21.8 14:10 16.6 1:00 0.6 0.8 0.0 1.9 22.5 14:30 NE
12 18.5 22.4 15:00 16.4 4:50 0.6 0.8 0.4 3.4 27.4 14:20 NE
13 17.5 20.1 11:50 15.0 14:20 1.0 0.2 3.6 5.5 43.5 13:20 WNW
14 18.4 23.2 15:00 15.3 5:10 1.0 1.1 0.0 6.4 37.0 13:10 WNW
15 18.4 21.9 11:10 14.6 3:30 0.8 1.0 0.0 8.2 38.6 12:00 WNW
16 19.4 23.6 12:50 15.7 6:00 0.5 1.6 0.0 4.5 32.2 11:40 WNW
17 17.8 21.2 15:30 14.7 1:00 1.0 0.5 0.0 4.3 27.4 19:10 WNW
18 16.6 20.5 11:40 12.9 22:00 1.9 0.2 1.2 10.9 56.3 16:20 WNW
19 11.8 13.4 15:00 9.8 6:10 6.5 0.0 1.4 10.0 59.5 10:10 WNW
20 14.2 19.1 14:50 9.8 7:00 4.1 0.0 0.0 4.3 38.6 0:10 NE
21 16.2 20.1 14:00 12.8 4:20 2.3 0.2 0.0 1.1 17.7 11:30 NE
22 17.0 18.9 12:40 15.6 1:50 1.3 0.0 5.4 3.9 27.4 11:50 E
23 16.0 17.9 10:50 14.6 23:40 2.3 0.0 50.2 4.0 29.0 6:20 E
24 16.0 19.7 13:50 13.9 5:00 2.4 0.1 3.4 1.8 20.9 13:10 NE
25 16.0 19.3 12:40 13.8 00:00 2.3 0.1 20.8 8.7 77.2 21:30 W
26 11.9 15.2 1:40 8.9 21:30 6.4 0.0 8.2 13.0 54.7 2:10 WNW
27 10.6 13.8 14:40 8.8 2:50 7.7 0.0 0.0 9.0 59.5 0:10 WNW
28 12.3 15.0 23:50 8.4 4:10 6.0 0.0 6.4 5.1 32.2 15:40 SW
29 15.1 16.6 14:40 13.8 21:20 3.2 0.0 0.0 5.5 29.0 0:50 SW
30 16.1 19.9 13:20 13.3 6:00 2.4 0.2 0.0 2.9 17.7 1:40 NE
-------------------------------------------------------------------------------------
17.3 28.2 4 8.4 28 59.5 28.9 101.0 4.9 77.2 25 NE
Max >= 32.0: 0
Max <= 0.0: 0
Min <= 0.0: 0
Min <= -18.0: 0
Max Rain: 50.19 ON 23/11/23
Days of Rain: 10 (> .2 mm) 7 (> 2 mm) 2 (> 20 mm)
Heat Base: 18.3 Cool Base: 18.3 Method: Integration