Select a Year or Month report
Report for 2023 Dec
MONTHLY CLIMATOLOGICAL SUMMARY for DEC. 2023
NAME: anovianos CITY: Ano Viannos STATE: Greece
ELEV: 545 m LAT: 35 20' 00" N LONG: 24 10' 00" E
TEMPERATURE (C), RAIN (mm), WIND SPEED (km/hr)
HEAT COOL AVG
MEAN DEG DEG WIND DOM
DAY TEMP HIGH TIME LOW TIME DAYS DAYS RAIN SPEED HIGH TIME DIR
------------------------------------------------------------------------------------
1 15.6 19.6 13:00 13.2 6:40 2.8 0.1 0.0 3.2 22.5 15:00 NE
2 14.9 18.8 12:20 12.1 5:30 3.4 0.0 0.0 1.3 12.9 12:50 NE
3 15.2 18.8 12:40 13.2 6:10 3.1 0.0 0.0 2.4 14.5 19:10 NE
4 15.4 19.6 13:50 12.9 6:40 3.0 0.1 0.0 2.6 14.5 3:30 NE
5 14.9 19.1 13:40 12.5 5:20 3.4 0.0 0.0 3.1 25.7 14:00 NE
6 14.4 16.6 14:00 12.1 8:10 3.9 0.0 0.4 8.7 43.5 14:50 WNW
7 14.0 16.1 12:50 12.3 23:10 4.3 0.0 1.2 6.8 30.6 16:00 WNW
8 12.1 14.8 12:40 9.7 23:20 6.2 0.0 0.0 7.4 43.5 15:50 WNW
9 10.9 13.9 13:10 9.0 23:20 7.4 0.0 0.0 4.8 30.6 6:40 NE
10 11.0 13.2 11:20 8.9 4:50 7.3 0.0 0.2 1.0 14.5 17:20 NE
11 13.0 17.4 13:10 9.6 2:50 5.3 0.0 2.6 1.8 20.9 00:00 NE
12 13.9 16.4 14:20 11.9 3:50 4.4 0.0 0.0 7.1 40.2 16:00 WNW
13 15.2 18.8 12:20 11.3 7:10 3.1 0.0 0.0 3.5 29.0 20:10 WNW
14 16.2 21.3 11:00 12.8 5:00 2.5 0.3 0.0 1.8 20.9 1:00 NE
15 15.6 16.9 10:30 14.2 5:10 2.8 0.0 0.0 3.5 20.9 14:20 E
16 14.9 16.8 12:20 12.1 23:20 3.4 0.0 2.8 3.9 24.1 3:00 SE
17 12.4 15.0 11:30 10.3 21:00 5.9 0.0 0.0 11.9 48.3 16:30 NNE
18 11.5 13.7 13:50 9.2 00:00 6.8 0.0 0.0 11.9 49.9 11:00 NE
19 11.7 16.2 15:40 8.1 6:10 6.6 0.0 0.0 1.9 19.3 14:40 NE
20 12.9 17.1 13:10 10.4 7:30 5.4 0.0 26.8 4.0 38.6 23:30 NE
21 12.4 14.8 11:40 9.8 9:30 5.9 0.0 4.6 8.0 46.7 8:30 WNW
22 12.9 15.3 14:40 11.2 8:00 5.3 0.0 0.0 10.3 57.9 13:50 WNW
23 14.1 17.9 11:10 11.6 00:00 4.2 0.0 0.2 6.9 45.1 0:40 NW
24 14.1 18.9 12:50 10.2 3:00 4.2 0.0 0.0 3.7 29.0 13:10 NE
25 13.4 17.1 13:10 9.8 6:40 4.8 0.0 0.0 5.5 35.4 16:30 NE
26 14.7 17.5 13:50 12.1 2:40 3.6 0.0 0.0 1.3 14.5 0:10 NE
27 14.1 17.3 11:00 11.7 22:10 4.3 0.0 1.2 0.5 16.1 23:00 NE
28 14.6 18.3 15:20 11.4 22:20 3.7 0.0 0.0 4.5 27.4 18:10 NE
29 13.3 16.8 13:50 10.3 6:30 5.0 0.0 0.0 2.7 25.7 11:50 NE
30 13.3 15.7 10:50 11.4 0:10 5.0 0.0 0.0 2.4 20.9 15:10 WNW
31 13.6 17.8 12:40 11.3 1:40 4.7 0.0 0.0 0.8 16.1 12:50 NE
-------------------------------------------------------------------------------------
13.8 21.3 14 8.1 19 141.7 0.6 40.0 4.5 57.9 22 NE
Max >= 32.0: 0
Max <= 0.0: 0
Min <= 0.0: 0
Min <= -18.0: 0
Max Rain: 26.80 ON 20/12/23
Days of Rain: 9 (> .2 mm) 4 (> 2 mm) 1 (> 20 mm)
Heat Base: 18.3 Cool Base: 18.3 Method: Integration