Select a Year or Month report
Report for 2024 Mar
MONTHLY CLIMATOLOGICAL SUMMARY for MAR. 2024
NAME: anovianos CITY: Ano Viannos STATE: Greece
ELEV: 545 m LAT: 35 20' 00" N LONG: 24 10' 00" E
TEMPERATURE (C), RAIN (mm), WIND SPEED (km/hr)
HEAT COOL AVG
MEAN DEG DEG WIND DOM
DAY TEMP HIGH TIME LOW TIME DAYS DAYS RAIN SPEED HIGH TIME DIR
------------------------------------------------------------------------------------
1 14.9 16.9 0:10 9.8 00:00 3.4 0.0 3.8 13.0 57.9 2:20 E
2 12.3 14.9 10:00 9.7 0:10 6.0 0.0 5.2 7.2 49.9 13:10 NE
3 12.9 16.1 12:30 9.9 23:40 5.4 0.0 0.0 5.1 30.6 15:00 WNW
4 11.8 15.6 15:40 9.1 5:00 6.5 0.0 0.0 3.1 24.1 14:30 NE
5 12.4 14.9 14:20 10.4 7:50 5.9 0.0 3.4 15.1 57.9 13:20 NW
6 10.8 13.7 11:10 9.9 5:10 3.6 0.0 0.0 10.6 53.1 6:30 NW
7 13.9 17.0 13:40 10.4 23:50 2.9 0.0 0.0 3.5 20.9 23:50 SSE
8 12.0 15.8 13:40 9.8 5:40 6.3 0.0 0.0 8.2 40.2 15:30 NW
9 11.7 15.7 15:40 8.6 23:00 6.7 0.0 0.0 5.5 37.0 14:00 NE
10 11.7 16.7 14:00 7.6 2:20 6.6 0.0 0.0 2.1 27.4 13:30 NE
11 12.6 18.3 11:10 9.1 3:30 5.7 0.0 0.0 2.6 19.3 13:10 NE
12 13.6 18.0 10:10 8.8 1:20 4.7 0.0 0.0 2.3 22.5 10:30 SSE
13 12.1 16.1 14:20 9.4 6:30 6.2 0.0 0.8 6.8 35.4 13:00 WNW
14 11.7 15.3 12:10 8.3 6:10 6.6 0.0 2.2 4.5 27.4 11:40 NE
15 12.4 17.1 13:20 8.6 4:20 5.9 0.0 0.0 2.7 22.5 0:10 NE
16 11.9 16.8 12:10 9.1 5:10 6.3 0.0 1.0 3.1 19.3 11:50 NE
17 12.4 15.9 10:50 10.4 6:30 5.9 0.0 0.0 2.9 29.0 23:30 NE
18 12.4 15.7 12:50 10.0 2:20 5.9 0.0 0.0 10.8 46.7 10:30 NE
19 13.1 17.6 13:30 10.9 22:10 5.2 0.0 28.8 7.7 40.2 12:40 NW
20 12.7 16.9 14:40 8.9 00:00 5.6 0.0 0.4 10.3 53.1 23:00 NW
21 10.6 13.8 14:10 8.3 4:50 7.7 0.0 0.0 12.2 48.3 10:50 NE
22 12.9 16.9 16:10 8.7 5:20 5.4 0.0 0.0 3.2 20.9 18:30 NE
23 11.4 15.1 10:50 7.3 23:00 6.9 0.0 0.0 6.1 38.6 13:30 NE
24 11.4 15.7 14:50 6.6 3:00 6.9 0.0 0.0 6.6 35.4 18:50 NE
25 14.1 16.9 14:40 11.9 0:30 4.2 0.0 0.0 15.9 51.5 22:10 NW
26 18.2 21.6 11:10 14.2 7:00 0.8 0.7 0.0 6.4 46.7 1:30 NW
27 21.7 25.8 15:00 15.9 1:50 0.2 3.6 0.0 6.4 38.6 22:00 E
28 20.7 23.9 1:30 16.2 22:40 0.1 2.5 0.0 12.4 56.3 4:10 E
29 18.4 22.1 15:20 13.9 22:00 1.1 1.2 0.0 3.1 30.6 0:50 NE
30 19.2 25.1 14:50 15.0 3:10 1.0 1.9 0.0 2.4 17.7 12:00 NE
31 20.1 25.0 12:50 16.6 6:20 0.4 2.1 0.0 2.6 16.1 13:00 NE
-------------------------------------------------------------------------------------
13.8 25.8 27 6.6 24 145.8 12.0 45.6 6.6 57.9 1 NE
Max >= 32.0: 0
Max <= 0.0: 0
Min <= 0.0: 0
Min <= -18.0: 0
Max Rain: 28.80 ON 19/03/24
Days of Rain: 8 (> .2 mm) 5 (> 2 mm) 1 (> 20 mm)
Heat Base: 18.3 Cool Base: 18.3 Method: Integration